

{"id":4445,"date":"2024-01-27T18:29:05","date_gmt":"2024-01-27T21:29:05","guid":{"rendered":"https:\/\/siteshom.goias.gov.br\/agrodefesa\/?page_id=4445"},"modified":"2024-07-08T23:36:29","modified_gmt":"2024-07-09T02:36:29","slug":"mapa-do-site","status":"publish","type":"page","link":"https:\/\/goias.gov.br\/agrodefesa\/mapa-do-site\/","title":{"rendered":"Mapa do Site"},"content":{"rendered":"<div id=\"custom-sitemap\" class=\"sitemap-container\"><div class='sitemap-group'><h3>A<\/h3><ul><li><a href='https:\/\/goias.gov.br\/agrodefesa\/agrotoxicos\/' target='_blank'>AGROT\u00d3XICOS<\/a><\/li><li><a href='https:\/\/goias.gov.br\/agrodefesa\/analise-de-sementes-laso1\/' target='_blank'>AN\u00c1LISE DE SEMENTES<\/a><\/li><li><a href='https:\/\/goias.gov.br\/agrodefesa\/atendimento-a-imprensa\/' target='_blank'>ATENDIMENTO \u00c0 IMPRENSA<\/a><\/li><li><a href='https:\/\/goias.gov.br\/agrodefesa\/aquisicoes-contratacoes\/' target='_blank'>AQUISI\u00c7\u00d5ES \/ CONTRATA\u00c7\u00d5ES<\/a><\/li><li><a href='https:\/\/goias.gov.br\/agrodefesa\/acesso-a-informacao1\/' target='_blank'>ACESSO \u00c0 INFORMA\u00c7\u00c3O<\/a><\/li><li><a href='https:\/\/portal.al.go.leg.br\/' target='_blank'>ASSEMBLEIA LEGISLATIVA DO ESTADO DE GOI\u00c1S<\/a><\/li><li><a href='https:\/\/goias.gov.br\/agrodefesa\/agenda-de-autoridades\/' target='_blank'>AGENDA DE AUTORIDADES<\/a><\/li><li><a href='\/agrodefesa\/agenda-de-autoridades' target='_blank'>AGENDA\u00a0DE AUTORIDADES<\/a><\/li><li><a href='https:\/\/goias.gov.br\/agrodefesa\/acordos-sem-transferencia-de-recursos\/' target='_blank'>ACORDOS SEM TRANSFER\u00caNCIA DE RECURSOS<\/a><\/li><li><a href='https:\/\/goias.gov.br\/agrodefesa\/autoridade-de-monitoramento-da-aplicacao-da-lei\/' target='_blank'>AUTORIDADE DE MONITORAMENTO DA APLICA\u00c7\u00c3O DA LA<\/a><\/li><li><a href='https:\/\/goias.gov.br\/agrodefesa\/audiencias-publicas\/' target='_blank'>AUDI\u00caNCIAS P\u00daBLICAS<\/a><\/li><li><a href='https:\/\/goias.gov.br\/agrodefesa\/competencias\/' target='_blank'>6601 - AGENCIA GOIANA DE DEFESA AGROPECU\u00c1RIA- AGRODEFESA<\/a><\/li><\/ul><\/div><div class='sitemap-group'><h3>B<\/h3><ul><li><a href='https:\/\/goias.gov.br\/agrodefesa\/wp-content\/uploads\/sites\/49\/2014\/06\/relatorio_de_bens_permantes_atual-1.pdf' target='_blank'>BENS M\u00d3VEIS<\/a><\/li><li><a href='https:\/\/www.transparencia.go.gov.br\/wp-content\/uploads\/sites\/2\/painel\/lai.php?painel=bens_imoveis&orgao=agrodefesa' target='_blank'>BENS IM\u00d3VEIS<\/a><\/li><li><a href='https:\/\/goias.gov.br\/economia\/prestacao-de-contas-de-governo\/' target='_blank'>BALAN\u00c7O GERAL DO ESTADO<\/a><\/li><\/ul><\/div><div class='sitemap-group'><h3>C<\/h3><ul><li><a href='https:\/\/www.go.gov.br\/servicos\/servicos-por-orgao\/agencia-goiana-de-defesa-agropecuaria' target='_blank'>CARTA DE SERVI\u00c7OS<\/a><\/li><li><a href='https:\/\/goias.gov.br\/agrodefesa\/controle-de-qualidade-de-alimentos1\/' target='_blank'>CONTROLE DE QUALIDADE DE ALIMENTOS<\/a><\/li><li><a href='https:\/\/goias.gov.br\/agrodefesa\/cadastro-de-estabelecimentos2\/' target='_blank'>CADASTRO DE ESTABELECIMENTOS<\/a><\/li><li><a href='https:\/\/goias.gov.br\/agrodefesa\/codido-de-etica-de-goias\/' target='_blank'>C\u00d3DIGO DE \u00c9TICA DO SERVIDOR P\u00daBLICO DE GOI\u00c1S<\/a><\/li><li><a href='https:\/\/goias.gov.br\/agrodefesa\/convenios-congeneres\/' target='_blank'>CONV\u00caNIOS \/ CONG\u00caNERES<\/a><\/li><li><a href='https:\/\/legisla.casacivil.go.gov.br\/pesquisa_legislacao\/103904\/decreto-9837' target='_blank'>C\u00d3DIGO DE \u00c9TICA<\/a><\/li><li><a href='https:\/\/goias.gov.br\/controladoria' target='_blank'>CONTROLADORIA-GERAL DO ESTADO DE GOI\u00c1S<\/a><\/li><li><a href='https:\/\/goias.gov.br\/governo\/cadastro-de-autoridade\/' target='_blank'>CADASTRO DE AUTORIDADES<\/a><\/li><li><a href='https:\/\/goias.gov.br\/agrodefesa\/consulta-de-empresas\/' target='_blank'>CONSULTA DE ESTABELECIMENTOS REGISTRADOS<\/a><\/li><li><a href='https:\/\/sidago.agrodefesa.go.gov.br\/sem-login\/gta\/listar' target='_blank'>CONSULTA DE GTA<\/a><\/li><li><a href='https:\/\/sidago.agrodefesa.go.gov.br\/sem-login\/pesquisa-propriedade\/listar' target='_blank'>CONSULTA DE EXPLORA\u00c7\u00d5ES PECU\u00c1RIAS<\/a><\/li><li><a href='https:\/\/sidago.agrodefesa.go.gov.br\/sem-login\/baso\/listar' target='_blank'>CONSULTA DE RESULTADO DE AN\u00c1LISE DE SEMENTES (BAS, BASO E INFORMATIVO DE RESULTADO)<\/a><\/li><li><a href='https:\/\/goias.gov.br\/agrodefesa\/competencias\/' target='_blank'>COMPET\u00caNCIAS<\/a><\/li><li><a href='https:\/\/goias.gov.br\/agrodefesa\/sede-e-laboratorios\/' target='_blank'>CARGOS E SEUS OCUPANTES <\/a><\/li><li><a href='https:\/\/goias.gov.br\/agrodefesa\/conselhos\/' target='_blank'>CONSELHOS<\/a><\/li><li><a href='https:\/\/goias.gov.br\/agrodefesa\/convenios-recebidos\/' target='_blank'>CONV\u00caNIOS RECEBIDOS<\/a><\/li><li><a href='https:\/\/goias.gov.br\/agrodefesa\/convenios-concedidos-2\/' target='_blank'>CONV\u00caNIOS CONCEDIDOS<\/a><\/li><li><a href='https:\/\/www.comprasnet.go.gov.br\/' target='_blank'>COMPRASNET<\/a><\/li><li><a href='https:\/\/www.transparencia.go.gov.br\/lai.php?painel=contratos_detalhamento&orgao=agrodefesa' target='_blank'>CONTRATOS<\/a><\/li><li><a href='https:\/\/goias.gov.br\/agrodefesa\/contratos-emergenciais\/' target='_blank'>CONTRATOS EMERGENCIAIS<\/a><\/li><li><a href='https:\/\/goias.gov.br\/agrodefesa\/contratos-de-locacao-de-imoveis\/' target='_blank'>CONTRATOS DE LOCA\u00c7\u00c3O DE IM\u00d3VEIS<\/a><\/li><li><a href='https:\/\/goias.gov.br\/agrodefesa\/classificacao-das-informacoes-sigilosas\/' target='_blank'>CLASSIFICA\u00c7\u00c3O DAS INFORMA\u00c7\u00d5ES SIGILOSAS<\/a><\/li><li><a href='https:\/\/goias.gov.br\/agrodefesa\/consultas-publicas\/' target='_blank'>CONSULTAS P\u00daBLICAS<\/a><\/li><\/ul><\/div><div class='sitemap-group'><h3>D<\/h3><ul><li><a href='https:\/\/dadosabertos.go.gov.br\/' target='_blank'>DADOS ABERTOS<\/a><\/li><li><a href='https:\/\/www.go.gov.br\/servicos-digitais\/cge\/nova-ouvidoria\/nova-manifestacao\/tela-negativo?orgao=4' target='_blank'>DENUNCIAS CONTRA CORRUP\u00c7\u00c3O<\/a><\/li><li><a href='http:\/\/diariooficial.abc.go.gov.br\/' target='_blank'>DI\u00c1RIO OFICIAL<\/a><\/li><li><a href='https:\/\/dadosabertos.go.gov.br\/' target='_blank'>DADOS ABERTOS GOI\u00c1S<\/a><\/li><li><a href='https:\/\/goias.gov.br\/agrodefesa\/doacoes-2\/' target='_blank'>DOA\u00c7\u00d5ES<\/a><\/li><li><a href='https:\/\/www.transparencia.go.gov.br\/lai.php?painel=diarias&orgao=agrodefesa' target='_blank'>DI\u00c1RIAS<\/a><\/li><li><a href='https:\/\/dadosabertos.go.gov.br\/organization\/agencia-goiana-de-agrodefesa-agropecuaria' target='_blank'>DADOS ABERTOS GOI\u00c1S\u00a0<\/a><\/li><\/ul><\/div><div class='sitemap-group'><h3>E<\/h3><ul><li><a href='https:\/\/goias.gov.br\/agrodefesa\/eventos-agropecuarios\/' target='_blank'>EVENTOS AGROPECU\u00c1RIOS<\/a><\/li><li><a href='https:\/\/goias.gov.br\/agrodefesa\/epidemiologia-e-emergencia-sanitaria\/' target='_blank'>EMERG\u00caNCIA SANIT\u00c1RIA<\/a><\/li><li><a href='https:\/\/goias.gov.br\/agrodefesa\/educacao-sanitaria\/' target='_blank'>EDUCA\u00c7\u00c3O SANIT\u00c1RIA<\/a><\/li><li><a href='https:\/\/www.go.gov.br\/servicos-digitais\/cge\/nova-ouvidoria\/pedido-informacao-publica?orgao=4&tipo_manifestacao=7' target='_blank'>E-SIC<\/a><\/li><li><a href='https:\/\/www.go.gov.br\/servicos-digitais\/cge\/nova-ouvidoria\/pedido-informacao-publica?orgao=4&tipo_manifestacao=7' target='_blank'>E-SIC - SERVI\u00c7O ELETR\u00d4NICO DE INFORMA\u00c7\u00c3O AO CIDAD\u00c3O<\/a><\/li><li><a href='https:\/\/www.go.gov.br\/' target='_blank'>EXPRESSO GOI\u00c1S<\/a><\/li><li><a href='https:\/\/portal.go.gov.br\/' target='_blank'>EXPRESSO APLICA\u00c7\u00d5ES<\/a><\/li><li><a href='https:\/\/www.go.gov.br\/' target='_blank'>EXPRESSO SERVIDOR<\/a><\/li><li><a href='https:\/\/goias.gov.br\/escoladegoverno\/' target='_blank'>ESCOLA DE GOVERNO<\/a><\/li><li><a href='https:\/\/mail.goias.gov.br\/' target='_blank'>E-MAIL CORPORATIVO - UNIDADES LOCAIS<\/a><\/li><li><a href='https:\/\/outlook.office.com\/mail\/' target='_blank'>E-MAIL CORPORATIVO - SERVIDORES<\/a><\/li><li><a href='https:\/\/goias.gov.br\/administracao\/agencia-goiana-de-defesa-agropecuaria-agrodefesa-dados-gerais\/' target='_blank'>ESTRUTURA ORGANIZACIONAL<\/a><\/li><li><a href='https:\/\/goias.gov.br\/agrodefesa\/canais-de-atendimento\/' target='_blank'>ENDERE\u00c7OS, TELEFONES, E-MAILS E HOR\u00c1RIOS DE ATENDIMENTO<\/a><\/li><li><a href='https:\/\/www.transparencia.go.gov.br\/lai.php?painel=empenhos&orgao=agrodefesa' target='_blank'>EMPENHOS\u00a0E PAGAMENTOS<\/a><\/li><li><a href='https:\/\/www.transparencia.go.gov.br\/lai.php?painel=execucao_orcamentaria_visao_geral&orgao=agrodefesa' target='_blank'>EXECU\u00c7\u00c3O OR\u00c7AMENT\u00c1RIA<\/a><\/li><li><a href='https:\/\/goias.gov.br\/agrodefesa\/emendas-parlamentares-estaduais\/' target='_blank'>EMENDAS PARLAMENTARES ESTADUAIS<\/a><\/li><li><a href='https:\/\/goias.gov.br\/agrodefesa\/emendas-federais\/' target='_blank'>EMENDAS PARLAMENTARES FEDERAIS<\/a><\/li><li><a href='https:\/\/www.go.gov.br\/servicos-digitais\/cge\/nova-ouvidoria\/nova-manifestacao?orgao=4' target='_blank'>E-SIC ELETR\u00d4NICO<\/a><\/li><li><a href='https:\/\/goias.gov.br\/agrodefesa\/encarregado-pelo-tratamento-de-dados-pessoais\/' target='_blank'>ENCARREGADO PELO TRATAMENTO DE DADOS PESSOAIS<\/a><\/li><\/ul><\/div><div class='sitemap-group'><h3>F<\/h3><ul><li><a href='https:\/\/goias.gov.br\/agrodefesa\/fiscalizacao-vegetal\/' target='_blank'>FISCALIZA\u00c7\u00c3O VEGETAL<\/a><\/li><li><a href='https:\/\/goias.gov.br\/agrodefesa\/fale-conosco\/' target='_blank'>FALE CONOSCO<\/a><\/li><li><a href='https:\/\/www.facebook.com\/agrodefesa' target='_blank'>FACEBOOK<\/a><\/li><li><a href='https:\/\/www.transparencia.go.gov.br\/wp-content\/uploads\/sites\/2\/painel\/lai.php?painel=folha_de_pagamento_salarios_de_servidores_ativos&orgao=agrodefesa' target='_blank'>FOLHA DE PAGAMENTO<\/a><\/li><\/ul><\/div><div class='sitemap-group'><h3>G<\/h3><ul><li><a href='https:\/\/goias.gov.br\/agrodefesa\/guia-de-pragas-e-doencas\/' target='_blank'>GUIA DE PRAGAS E DOEN\u00c7AS DA AGRODEFESA<\/a><\/li><li><a href='https:\/\/www.gov.br\/' target='_blank'>GOVERNO FEDERAL<\/a><\/li><li><a href='https:\/\/transparencia.go.gov.br\/' target='_blank'>GOI\u00c1S TRANSPAR\u00caNCIA<\/a><\/li><li><a href='https:\/\/www.transparencia.go.gov.br\/lai.php?painel=gastos_governamentais&orgao=agrodefesa' target='_blank'>GASTOS GOVERNAMENTAIS<\/a><\/li><li><a href='https:\/\/www.transparencia.go.gov.br\/lai.php?painel=publicidade_propaganda&orgao=agrodefesa' target='_blank'>GASTOS COM PUBLICIDADE E PROPAGANDA<\/a><\/li><\/ul><\/div><div class='sitemap-group'><h3>H<\/h3><ul><li><a href='https:\/\/goias.gov.br\/agrodefesa\/' target='_blank'>HOME<\/a><\/li><\/ul><\/div><div class='sitemap-group'><h3>I<\/h3><ul><li><a href='https:\/\/goias.gov.br\/agrodefesa\/institucional\/' target='_blank'>INSTITUCIONAL<\/a><\/li><li><a href='https:\/\/goias.gov.br\/agrodefesa\/influenza-aviaria\/' target='_blank'>INFLUENZA AVI\u00c1RIA<\/a><\/li><li><a href='https:\/\/goias.gov.br\/agrodefesa\/inspecao-de-produtos-de-origem-animal\/' target='_blank'>INSPE\u00c7\u00c3O DE PRODUTOS DE ORIGEM ANIMAL<\/a><\/li><li><a href='https:\/\/goias.gov.br\/agrodefesa\/identidade-visual\/' target='_blank'>IDENTIDADE VISUAL<\/a><\/li><li><a href='https:\/\/goias.gov.br\/agrodefesa\/boletim-informa-agrodefesa\/' target='_blank'>INFORMA AGRODEFESA<\/a><\/li><li><a href='https:\/\/www.instagram.com\/agrodefesa\/' target='_blank'>INSTAGRAM<\/a><\/li><li><a href='https:\/\/www.transparencia.go.gov.br\/lai.php?painel=pda&orgao=agrodefesa' target='_blank'>INVENT\u00c1RIO DE DADOS<\/a><\/li><\/ul><\/div><div class='sitemap-group'><h3>J<\/h3><ul><li><a href='https:\/\/goias.gov.br\/agrodefesa\/julgamento-das-contas-pelo-tce-go\/' target='_blank'>JULGAMENTO DAS CONTAS PELO TCE-GO<\/a><\/li><\/ul><\/div><div class='sitemap-group'><h3>L<\/h3><ul><li><a href='https:\/\/goias.gov.br\/agrodefesa\/laboratorio-de-analise-e-diagnostico-veterinario\/' target='_blank'>LABORAT\u00d3RIO DE AN\u00c1LISE E DIAGN\u00d3STICO VETERIN\u00c1RIO<\/a><\/li><li><a href='https:\/\/goias.gov.br\/agrodefesa\/licitacoes-e-contratos1\/' target='_blank'>LICITA\u00c7\u00d5ES E CONTRATOS<\/a><\/li><li><a href='https:\/\/survey.sti.go.gov.br\/index.php\/673277?lang=pt-BR' target='_blank'>LEI DE BIOINSUMOS<\/a><\/li><li><a href='https:\/\/goias.gov.br\/agrodefesa\/legislacao-aplicavel\/' target='_blank'>LEGISLA\u00c7\u00c3O<\/a><\/li><li><a href='https:\/\/goias.gov.br\/agrodefesa\/lei-geral-de-protecao-de-dados\/' target='_blank'>LGPD<\/a><\/li><li><a href='https:\/\/lgpd.go.gov.br\/' target='_blank'>LGPD<\/a><\/li><li><a href='https:\/\/goias.gov.br\/agrodefesa\/legislacao-aplicavel\/' target='_blank'>LEGISLA\u00c7\u00c3O APLIC\u00c1VEL<\/a><\/li><li><a href='https:\/\/www.transparencia.go.gov.br\/wp-content\/uploads\/sites\/2\/painel\/lai.php?painel=folha_de_pagamento_salarios_de_estagiarios_ativos&orgao=agrodefesa' target='_blank'>LISTA DE ESTAGI\u00c1RIOS<\/a><\/li><li><a href='https:\/\/www.transparencia.go.gov.br\/lai.php?painel=licitacoes_licitacoes_concluidas&orgao=agrodefesa' target='_blank'>LICITA\u00c7\u00d5ES - COMPRASNET<\/a><\/li><li><a href='https:\/\/www.transparencia.go.gov.br\/wp-content\/uploads\/sites\/2\/painel\/lai.php?painel=licitacoes_concluidas_sislog&orgao=agrodefesa' target='_blank'>LICITA\u00c7\u00d5ES - SISLOG<\/a><\/li><li><a href='https:\/\/transparencia.go.gov.br\/fornecedores-impedidos\/' target='_blank'>LICITANTES SANCIONADOS ADMINISTRATIVAMENTE <\/a><\/li><li><a href='https:\/\/transparencia.go.gov.br\/orcamento-e-planejamento-pecas\/' target='_blank'>LDO\/LOA<\/a><\/li><li><a href='https:\/\/legisla.casacivil.go.gov.br\/pesquisa_legislacao\/90142\/lei-18025' target='_blank'>LEI DE ACESSO \u00c0 INFORMA\u00c7\u00c3O ESTADUAL<\/a><\/li><\/ul><\/div><div class='sitemap-group'><h3>M<\/h3><ul><li><a href='https:\/\/www.mpgo.mp.br\/portal\/' target='_blank'>MINIST\u00c9RIO P\u00daBLICO DO ESTADO DE GOI\u00c1S<\/a><\/li><li><a href='https:\/\/goias.gov.br\/agrodefesa\/wp-content\/uploads\/sites\/49\/2025\/08\/Relatorio_sobre_o_Plano_Estrategico_da_Agrodefesa___2025.pdf' target='_blank'>MONITORAMENTO DE PROGRAMAS, PROJETOS, A\u00c7\u00d5ES E ATIVIDADES<\/a><\/li><\/ul><\/div><div class='sitemap-group'><h3>N<\/h3><ul><li><a href='https:\/\/goias.gov.br\/agrodefesa\/faca-aqui-notificacao-de-suspeita-de-doencas\/' target='_blank'>NOTIFICA\u00c7\u00c3O DE SUSPEITA DE DOEN\u00c7AS<\/a><\/li><li><a href='https:\/\/goias.gov.br\/agrodefesa\/categoria\/noticias\/' target='_blank'>NOT\u00cdCIAS<\/a><\/li><li><a href='https:\/\/goias.gov.br\/agrodefesa\/nossa-historia-2\/' target='_blank'>NOSSA HIST\u00d3RIA<\/a><\/li><\/ul><\/div><div class='sitemap-group'><h3>O<\/h3><ul><li><a href='https:\/\/www.go.gov.br\/servicos-digitais\/cge\/nova-ouvidoria?orgao=4' target='_blank'>OUVIDORIA<\/a><\/li><li><a href='https:\/\/www.go.gov.br\/servicos-digitais\/cge\/nova-ouvidoria?orgao=4' target='_blank'>OUVIDORIA SETORIAL<\/a><\/li><li><a href='https:\/\/goias.gov.br\/agrodefesa\/ouvidoria-setorial\/' target='_blank'>OUVIDORIA SETORIAL (PRESENCIAL)<\/a><\/li><li><a href='https:\/\/www.transparencia.go.gov.br\/wp-content\/uploads\/sites\/2\/painel\/lai.php?painel=ordem_cronologica_despesas&orgao=agrodefesa' target='_blank'>ORDEM CRONOL\u00d3GICA\u00a0DE PAGAMENTOS<\/a><\/li><li><a href='https:\/\/goias.gov.br\/agrodefesa\/obras-agrodefesa\/' target='_blank'>OBRAS<\/a><\/li><li><a href='https:\/\/goias.gov.br\/agrodefesa\/obras-paralisadas-2\/' target='_blank'>OBRAS PARALISADAS<\/a><\/li><li><a href='https:\/\/goias.gov.br\/agrodefesa\/obras-audiencias-consultas-publicas\/' target='_blank'>OBRAS - AUDI\u00caNCIAS\/CONSULTAS P\u00daBLICAS<\/a><\/li><li><a href='https:\/\/goias.gov.br\/agrodefesa\/atendimento-presencial-ouvidoria\/' target='_blank'>OUVIDORIA - ATENDIMENTO PRESENCIAL\u00a0<\/a><\/li><\/ul><\/div><div class='sitemap-group'><h3>P<\/h3><ul><li><a href='https:\/\/goias.gov.br\/agrodefesa\/programas-de-sanidade-animal\/' target='_blank'>PROGRAMAS<\/a><\/li><li><a href='https:\/\/goias.gov.br\/agrodefesa\/plano-estrategico-2017-2026\/' target='_blank'>PLANO ESTRAT\u00c9GICO 2017- 2026<\/a><\/li><li><a href='https:\/\/goias.gov.br\/agrodefesa\/programa-de-auto-controle\/' target='_blank'>PROGRAMA DE AUTOCONTROLE<\/a><\/li><li><a href='https:\/\/goias.gov.br\/agrodefesa\/programa-de-compliance-publico-da-agrodefesa\/' target='_blank'>PROGRAMA DE COMPLIANCE P\u00daBLICO - PCP<\/a><\/li><li><a href='https:\/\/transparencia.go.gov.br\/' target='_blank'>PORTAL DA TRANSPAR\u00caNCIA<\/a><\/li><li><a href='https:\/\/goias.gov.br\/controladoria\/programa-de-compliance-publico-do-governo-de-goias\/' target='_blank'>PCP<\/a><\/li><li><a href='https:\/\/goias.gov.br\/procuradoria\/' target='_blank'>PROCURADORIA-GERAL DO ESTADO DE GOI\u00c1S<\/a><\/li><li><a href='https:\/\/goias.gov.br\/agrodefesa\/perguntas-e-respostas-defesa-sanitaria-animal\/' target='_blank'>PERGUNTAS E RESPOSTAS - DEFESA SANIT\u00c1RIA ANIMAL<\/a><\/li><li><a href='https:\/\/goias.gov.br\/agrodefesa\/perguntas-e-respostas-defesa-sanitaria-vegetal\/' target='_blank'>PERGUNTAS E RESPOSTAS - DEFESA SANIT\u00c1RIA VEGETAL<\/a><\/li><li><a href='https:\/\/goias.gov.br\/agrodefesa\/perguntas-e-respostas-agrotoxicos\/' target='_blank'>PERGUNTAS E RESPOSTAS - AGROT\u00d3XICOS<\/a><\/li><li><a href='https:\/\/sislog.go.gov.br\/Pca' target='_blank'>PCA - PLANO DE CONTRATA\u00c7\u00c3O ANUAL<\/a><\/li><li><a href='https:\/\/www.gov.br\/pncp\/pt-br\/acesso-a-informacao\/painel-pncp-em-numeros\/pncp-em-numeros-contratacoes\/pncp-em-numeros-municipio' target='_blank'>PNCP<\/a><\/li><li><a href='https:\/\/goias.gov.br\/agrodefesa\/parcerias-com-oscs\/' target='_blank'>PARCERIAS COM OSCS<\/a><\/li><li><a href='https:\/\/goias.gov.br\/agrodefesa\/wp-content\/uploads\/sites\/49\/2014\/06\/Planejamento-Estrategico-2024-2027-final-3.pdf' target='_blank'>PLANO ESTRAT\u00c9GICO INSTITUCIONAL<\/a><\/li><li><a href='https:\/\/ppa.go.gov.br\/' target='_blank'>PLANO PLURIANUAL (PPA)<\/a><\/li><li><a href='https:\/\/www.planalto.gov.br\/ccivil_03\/_ato2015-2018\/2018\/lei\/l13709.htm' target='_blank'>POL\u00cdTICA DE PRIVACIDADE E PROTE\u00c7\u00c3O DE DADOS<\/a><\/li><li><a href='https:\/\/app.powerbi.com\/view?r=eyJrIjoiNmRhN2MzZmYtMWZkMi00ODdmLWJhNGQtYTJkODcwNDJlMTU4IiwidCI6IjY3ZmQ0MzFjLWIyYWQtNDg2Ny04MWJjLWQ3NTYyMjBiNTZkNCJ9' target='_blank'>PESQUISA DE SATISFA\u00c7\u00c3O<\/a><\/li><li><a href='https:\/\/transparencia.go.gov.br\/' target='_blank'>PORTAL GOI\u00c1S TRANSPARENTE\u00a0<\/a><\/li><li><a href='https:\/\/goias.gov.br\/agrodefesa\/projetos-de-participacao-social\/' target='_blank'>PROJETOS DE PARTICIPA\u00c7\u00c3O SOCIAL<\/a><\/li><li><a href='https:\/\/goias.gov.br\/agrodefesa\/projetos-de-inovacao-no-servico-publico\/' target='_blank'>PROJETOS DE INOVA\u00c7\u00c3O NO SETOR P\u00daBLICO<\/a><\/li><\/ul><\/div><div class='sitemap-group'><h3>R<\/h3><ul><li><a href='https:\/\/goias.gov.br\/agrodefesa\/recursos-humanos3\/' target='_blank'>RECURSOS HUMANOS<\/a><\/li><li><a href='https:\/\/goias.gov.br\/agrodefesa\/radio-agrodefesa\/' target='_blank'>R\u00c1DIO AGRODEFESA<\/a><\/li><li><a href='https:\/\/radardatransparencia.atricon.org.br\/' target='_blank'>RADAR DA TRANSPAR\u00caNCIA<\/a><\/li><li><a href='https:\/\/www.recadastramento.go.gov.br\/recad\/login.xhtml' target='_blank'>RECADASTRAMENTO ANUAL DO SERVIDOR<\/a><\/li><li><a href='https:\/\/www.transparencia.go.gov.br\/lai.php?painel=receitas_estaduais&orgao=agrodefesa' target='_blank'>RECEITA ESTADUAL<\/a><\/li><li><a href='https:\/\/goias.gov.br\/agrodefesa\/relacao-de-terceirizados\/' target='_blank'>RELA\u00c7\u00c3O DE TERCEIRIZADOS<\/a><\/li><li><a href='https:\/\/www.transparencia.go.gov.br\/wp-content\/uploads\/sites\/2\/painel\/lai.php?painel=contratos_fiscais_e_gestores&orgao=agrodefesa' target='_blank'>RELA\u00c7\u00c3O DOS FISCAIS DOS CONTRATOS<\/a><\/li><li><a href='https:\/\/goias.gov.br\/agrodefesa\/wp-content\/uploads\/sites\/49\/2014\/06\/Relacao_Veiculos_2025.pdf' target='_blank'>RELA\u00c7\u00c3O DE VE\u00cdCULOS<\/a><\/li><li><a href='https:\/\/goias.gov.br\/agrodefesa\/relatorio-de-gestao-ou-atividades\/' target='_blank'>RELAT\u00d3RIO DE GEST\u00c3O OU ATIVIDADES<\/a><\/li><li><a href='https:\/\/transparencia.go.gov.br\/gestao-fiscal-e-governamental-rgf\/' target='_blank'>RGF<\/a><\/li><li><a href='https:\/\/transparencia.go.gov.br\/rreo\/' target='_blank'>RREO<\/a><\/li><li><a href='https:\/\/goias.gov.br\/agrodefesa\/wp-content\/uploads\/sites\/49\/2026\/03\/Relatorio_Ouvidoria___-Exercicio-2025-2.pdf' target='_blank'>RELAT\u00d3RIO DE GEST\u00c3O DA OUVIDORIA<\/a><\/li><\/ul><\/div><div class='sitemap-group'><h3>S<\/h3><ul><li><a href='https:\/\/goias.gov.br\/agrodefesa\/sisbov\/' target='_blank'>SISBOV<\/a><\/li><li><a href='https:\/\/goias.gov.br\/agrodefesa\/status-fitossanitario\/' target='_blank'>STATUS FITOSSANIT\u00c1RIO<\/a><\/li><li><a href='https:\/\/goias.gov.br\/agrodefesa\/servico-de-inspecao-municipal-sim\/' target='_blank'>SERVI\u00c7O DE INSPE\u00c7\u00c3O MUNICIPAL (SIM)<\/a><\/li><li><a href='https:\/\/goias.gov.br\/agrodefesa\/saude-no-servico-pubilco1\/' target='_blank'>SA\u00daDE NO SERVI\u00c7O P\u00daBLICO<\/a><\/li><li><a href='https:\/\/goias.gov.br\/administracao\/siga-eng\/' target='_blank'>SIGA<\/a><\/li><li><a href='https:\/\/www.go.gov.br\/unidadesvaptvupt' target='_blank'>SIC - SERVI\u00c7O DE INFORMA\u00c7\u00c3O AO CIDAD\u00c3O<\/a><\/li><li><a href='https:\/\/sei.go.gov.br\/sei\/modulos\/goias\/login-sei\/MdGoiasLoginSEI.php?acao=md_goias_login_SEI&sigla_orgao_sistema=GOVERNADORIA&sigla_sistema=SEI&infra_url=L3NlaS8=' target='_blank'>SEI GOVERNADORIA<\/a><\/li><li><a href='https:\/\/goias.gov.br\/agrodefesa\/dados-sobre-sobre-estabelecimentos-do-servico-de-inspecao-estadual-sie\/' target='_blank'>SOBRE ESTABELECIMENTOS DO SERVI\u00c7O DE INSPE\u00c7\u00c3O ESTADUAL (SIE)<\/a><\/li><li><a href='https:\/\/goias.gov.br\/agrodefesa\/dados-sobre-sobre-eventos-agropecuarios\/' target='_blank'>SOBRE EVENTOS AGROPECU\u00c1RIOS<\/a><\/li><li><a href='\/agrodefesa\/dados-sobre-sobre-agrotoxicos\/' target='_blank'>SOBRE AGROT\u00d3XICOS\u00a0<\/a><\/li><li><a href='https:\/\/goias.gov.br\/agrodefesa\/dados-gerais-sobre-casas-agropecuarias\/' target='_blank'>SOBRE CASAS AGROPECU\u00c1RIAS\u00a0<\/a><\/li><li><a href='https:\/\/goias.gov.br\/agrodefesa\/dados-gerais-sobre-sanidade-vegetal\/' target='_blank'>SOBRE SANIDADE VEGETAL<\/a><\/li><li><a href='https:\/\/goias.gov.br\/agrodefesa\/dados-gerais-sobre-sanidade-animal\/' target='_blank'>SOBRE SANIDADE ANIMAL<\/a><\/li><li><a href='https:\/\/sidago.agrodefesa.go.gov.br\/sem-login\/gta\/dados' target='_blank'>SOBRE EMISS\u00c3O DE GTA<\/a><\/li><li><a href='https:\/\/sidago.agrodefesa.go.gov.br\/site\/adicionaisproprios\/consultaslai\/consultacadastroprestadoraservicosfitossanitarios.php' target='_blank'>SOBRE CLASSIFICA\u00c7\u00c3O DE PRESTADORA DE SERVI\u00c7OS FITOSSANIT\u00c1RIOS.<\/a><\/li><li><a href='https:\/\/sislog.go.gov.br\/' target='_blank'>SISLOG<\/a><\/li><li><a href='https:\/\/vaptvupt.go.gov.br\/unidades' target='_blank'>SIC F\u00cdSICO\u00a0- UNIDADES DO VAPT VUPT\u00a0<\/a><\/li><\/ul><\/div><div class='sitemap-group'><h3>T<\/h3><ul><li><a href='https:\/\/goias.gov.br\/agrodefesa\/trabalhos-cientificos\/' target='_blank'>TRABALHOS CIENT\u00cdFICOS<\/a><\/li><li><a href='https:\/\/www.tjgo.jus.br\/' target='_blank'>TRIBUNAL DE JUSTI\u00c7A DO ESTADO DE GOI\u00c1S<\/a><\/li><li><a href='https:\/\/twitter.com\/AgrodefesaGoias' target='_blank'>TWITTER<\/a><\/li><\/ul><\/div><div class='sitemap-group'><h3>V<\/h3><ul><li><a href='https:\/\/sidago.agrodefesa.go.gov.br\/sem-login\/declaracao-dados-cadastrais\/listar' target='_blank'>VALIDA\u00c7\u00c3O DE DECLARA\u00c7\u00c3O DE DADOS CADASTRAIS<\/a><\/li><li><a href='https:\/\/goias.gov.br\/agrodefesa\/validacao-de-ptv-das-diferentes-unidades-da-federacao-uf\/' target='_blank'>VALIDA\u00c7\u00c3O DE ATV\/PTV DE OUTROS UF'S<\/a><\/li><\/ul><\/div><div class='sitemap-group'><h3>Y<\/h3><ul><li><a href='https:\/\/www.youtube.com\/channel\/UCAGDvYj0ylMNKmMvqgZcTpA' target='_blank'>YOUTUBE<\/a><\/li><\/ul><\/div><\/div>\n","protected":false},"excerpt":{"rendered":"","protected":false},"author":7,"featured_media":0,"parent":0,"menu_order":0,"comment_status":"closed","ping_status":"closed","template":"","meta":{"footnotes":""},"class_list":["post-4445","page","type-page","status-publish","hentry"],"rttpg_featured_image_url":null,"rttpg_author":{"display_name":"gustavogoncalves","author_link":"https:\/\/goias.gov.br\/agrodefesa\/author\/gustavogoncalves\/"},"rttpg_comment":0,"rttpg_category":null,"rttpg_excerpt":null,"_links":{"self":[{"href":"https:\/\/goias.gov.br\/agrodefesa\/wp-json\/wp\/v2\/pages\/4445","targetHints":{"allow":["GET"]}}],"collection":[{"href":"https:\/\/goias.gov.br\/agrodefesa\/wp-json\/wp\/v2\/pages"}],"about":[{"href":"https:\/\/goias.gov.br\/agrodefesa\/wp-json\/wp\/v2\/types\/page"}],"author":[{"embeddable":true,"href":"https:\/\/goias.gov.br\/agrodefesa\/wp-json\/wp\/v2\/users\/7"}],"replies":[{"embeddable":true,"href":"https:\/\/goias.gov.br\/agrodefesa\/wp-json\/wp\/v2\/comments?post=4445"}],"version-history":[{"count":2,"href":"https:\/\/goias.gov.br\/agrodefesa\/wp-json\/wp\/v2\/pages\/4445\/revisions"}],"predecessor-version":[{"id":6086,"href":"https:\/\/goias.gov.br\/agrodefesa\/wp-json\/wp\/v2\/pages\/4445\/revisions\/6086"}],"wp:attachment":[{"href":"https:\/\/goias.gov.br\/agrodefesa\/wp-json\/wp\/v2\/media?parent=4445"}],"curies":[{"name":"wp","href":"https:\/\/api.w.org\/{rel}","templated":true}]}}