

{"id":20177,"date":"2024-07-24T09:12:21","date_gmt":"2024-07-24T12:12:21","guid":{"rendered":"https:\/\/goias.gov.br\/agricultura\/?page_id=20177"},"modified":"2026-03-27T15:06:07","modified_gmt":"2026-03-27T18:06:07","slug":"programa-de-aquisicao-de-alimentos-do-estado-de-goias-paa-leite","status":"publish","type":"page","link":"https:\/\/goias.gov.br\/agricultura\/programa-de-aquisicao-de-alimentos-do-estado-de-goias-paa-leite\/","title":{"rendered":"Programa de Aquisi\u00e7\u00e3o de Alimentos do Estado de Goi\u00e1s \u2013\u00a0PAA Leite"},"content":{"rendered":"\n<div class=\"wp-block-group is-vertical is-layout-flex wp-container-core-group-is-layout-8cf370e7 wp-block-group-is-layout-flex\">\n<figure class=\"wp-block-image size-large is-resized\"><img fetchpriority=\"high\" decoding=\"async\" width=\"1024\" height=\"683\" src=\"https:\/\/goias.gov.br\/agricultura\/wp-content\/uploads\/sites\/50\/2024\/07\/MG_8517-1024x683.jpg\" alt=\"\" class=\"wp-image-20245\" style=\"width:1057px;height:auto\" srcset=\"https:\/\/goias.gov.br\/agricultura\/wp-content\/uploads\/sites\/50\/2024\/07\/MG_8517-1024x683.jpg 1024w, https:\/\/goias.gov.br\/agricultura\/wp-content\/uploads\/sites\/50\/2024\/07\/MG_8517-300x200.jpg 300w, https:\/\/goias.gov.br\/agricultura\/wp-content\/uploads\/sites\/50\/2024\/07\/MG_8517-768x512.jpg 768w, https:\/\/goias.gov.br\/agricultura\/wp-content\/uploads\/sites\/50\/2024\/07\/MG_8517-1536x1024.jpg 1536w, https:\/\/goias.gov.br\/agricultura\/wp-content\/uploads\/sites\/50\/2024\/07\/MG_8517-2048x1365.jpg 2048w\" sizes=\"(max-width: 1024px) 100vw, 1024px\" \/><figcaption class=\"wp-element-caption\"><em><sub>Programa busca incentivar a produ\u00e7\u00e3o de leite por agricultores familiares e atender a demandas locais de suplementa\u00e7\u00e3o alimentar. Foto: Lucas Eug\u00eanio<\/sub><\/em><\/figcaption><\/figure>\n<\/div>\n\n\n\n<p>O PAA Leite Goi\u00e1s \u00e9 uma iniciativa que busca fortalecer o setor produtivo local, fortalecer o produtor familiar e integrar o leite aos ciclos de abastecimento do PAA. Atrav\u00e9s desse programa, o leite adquirido dos produtores goianos \u00e9 beneficiado e distribu\u00eddo gratuitamente \u00e0s unidades recebedoras e diretamente aos consumidores em situa\u00e7\u00e3o de inseguran\u00e7a alimentar e nutricional.<\/p>\n\n\n\n<p>Para a execu\u00e7\u00e3o do PAA Leite, ser\u00e3o utilizados recursos do Fundo de Prote\u00e7\u00e3o Social (Protege) do Estado de Goi\u00e1s. As compras e doa\u00e7\u00f5es ocorrer\u00e3o em todo o territ\u00f3rio goiano, e as organiza\u00e7\u00f5es fornecedoras poder\u00e3o encaminhar propostas de venda para o fornecimento de leite, conforme a Base de Pre\u00e7os Referenciais do PAA da Conab para leite pasteurizado integral tipo C e do Boletim de Mercado do Setor L\u00e1cteo Goiano para leite em p\u00f3 integral.<\/p>\n\n\n\n<p>As organiza\u00e7\u00f5es interessadas em participar do PAA Leite devem apresentar suas propostas de fornecimento de leite atrav\u00e9s da Plataforma do Programa de Aquisi\u00e7\u00e3o de Alimentos de Goi\u00e1s, disponibilizada pelo site da Secretaria de Estado de Agricultura, Pecu\u00e1ria e Abastecimento e da Emater Goi\u00e1s. As propostas devem incluir os formul\u00e1rios preenchidos e a documenta\u00e7\u00e3o necess\u00e1ria para a habilita\u00e7\u00e3o dos benefici\u00e1rios fornecedores (organiza\u00e7\u00f5es associativas ou cooperativas de agricultores familiares) e benefici\u00e1rios recebedores.<\/p>\n\n\n\n<p><strong>Edital n\u00ba 001\/2026 (PAA Leite Estadual)<\/strong><\/p>\n\n\n\n<ul class=\"wp-block-list\">\n<li><strong><a href=\"https:\/\/paaestadual.sistemas.go.gov.br\/)\" data-type=\"link\" data-id=\"https:\/\/paaestadual.sistemas.go.gov.br\/)\">Plataforma PAA Goi\u00e1s (FORMUL\u00c1RIO DE CADASTRAMENTO)<\/a><\/strong><\/li>\n\n\n\n<li><strong><a href=\"https:\/\/goias.gov.br\/agricultura\/wp-content\/uploads\/sites\/50\/2026\/02\/2-Edital-no-001.2026.SEAPA-\u2013-PAA-Leite-Estadual.pdf\" data-type=\"link\" data-id=\"https:\/\/goias.gov.br\/agricultura\/wp-content\/uploads\/sites\/50\/2026\/02\/2-Edital-no-001.2026.SEAPA-\u2013-PAA-Leite-Estadual.pdf\">Edital n\u00ba 001\/2026\/SEAPA \u2013 PAA Leite Estadual<\/a><\/strong><\/li>\n\n\n\n<li><strong><a href=\"https:\/\/goias.gov.br\/agricultura\/wp-content\/uploads\/sites\/50\/2026\/02\/3-diario_oficial_2026-02-10_pagina-41.pdf\" data-type=\"link\" data-id=\"https:\/\/goias.gov.br\/agricultura\/wp-content\/uploads\/sites\/50\/2026\/02\/3-diario_oficial_2026-02-10_pagina-41.pdf\">Publica\u00e7\u00e3o do Edital de Chamamento P\u00fablico DOE (10\/02\/2026)<\/a><\/strong><\/li>\n\n\n\n<li><strong><a href=\"https:\/\/goias.gov.br\/agricultura\/wp-content\/uploads\/sites\/50\/2026\/02\/4-Manual-cadastramento-de-proposta.pdf\" data-type=\"link\" data-id=\"https:\/\/goias.gov.br\/agricultura\/wp-content\/uploads\/sites\/50\/2026\/02\/4-Manual-cadastramento-de-proposta.pdf\">Manual cadastramento de proposta \u2013 Vers\u00e3o produtor(a)<\/a><\/strong><\/li>\n\n\n\n<li><strong><a href=\"https:\/\/goias.gov.br\/agricultura\/wp-content\/uploads\/sites\/50\/2026\/02\/5-Cronograma-PAA-Leite-2026-Edital-no-001.2026.pdf\" data-type=\"link\" data-id=\"https:\/\/goias.gov.br\/agricultura\/wp-content\/uploads\/sites\/50\/2026\/02\/5-Cronograma-PAA-Leite-2026-Edital-no-001.2026.pdf\">Cronograma PAA Leite 2026 (Edital n\u00ba 001\/2026)<\/a><\/strong><\/li>\n\n\n\n<li><strong><a href=\"https:\/\/goias.gov.br\/agricultura\/wp-content\/uploads\/sites\/50\/2026\/02\/6-ANEXO-II-\u2013-Preco-de-Referencia-do-leite-da-Conab.Boletim-de-mercado.pdf\" data-type=\"link\" data-id=\"https:\/\/goias.gov.br\/agricultura\/wp-content\/uploads\/sites\/50\/2026\/02\/6-ANEXO-II-\u2013-Preco-de-Referencia-do-leite-da-Conab.Boletim-de-mercado.pdf\">ANEXO II \u2013 Pre\u00e7o de Refer\u00eancia do leite da Conab\/Boletim de mercado<\/a><\/strong><\/li>\n\n\n\n<li><strong><a href=\"https:\/\/goias.gov.br\/agricultura\/wp-content\/uploads\/sites\/50\/2026\/02\/7-ANEXO-III-\u2013-Modelo-de-Declaracao-de-nao-existencia-de-trabalhadores.pdf\" data-type=\"link\" data-id=\"https:\/\/goias.gov.br\/agricultura\/wp-content\/uploads\/sites\/50\/2026\/02\/7-ANEXO-III-\u2013-Modelo-de-Declaracao-de-nao-existencia-de-trabalhadores.pdf\">ANEXO III \u2013 Modelo de Declara\u00e7\u00e3o de n\u00e3o exist\u00eancia de trabalhadores menores<\/a><\/strong><\/li>\n\n\n\n<li><strong><a href=\"https:\/\/goias.gov.br\/agricultura\/wp-content\/uploads\/sites\/50\/2026\/02\/8-ANEXO-IV-\u2013-Modelo-de-Declaracao-de-responsabilidade-pelo-controle.pdf\" data-type=\"link\" data-id=\"https:\/\/goias.gov.br\/agricultura\/wp-content\/uploads\/sites\/50\/2026\/02\/8-ANEXO-IV-\u2013-Modelo-de-Declaracao-de-responsabilidade-pelo-controle.pdf\">ANEXO IV \u2013 Modelo de Declara\u00e7\u00e3o de responsabilidade pelo controle<\/a><\/strong><\/li>\n\n\n\n<li><strong><a href=\"https:\/\/goias.gov.br\/agricultura\/wp-content\/uploads\/sites\/50\/2026\/02\/9-ANEXO-V-\u2013-Modelo-de-Planilha-Excel-em-formato-.xls-contendo-a-relacao-dos-agricultoresas-familiares-produtores-de-leite-participantes.xlsx\" data-type=\"link\" data-id=\"https:\/\/goias.gov.br\/agricultura\/wp-content\/uploads\/sites\/50\/2026\/02\/9-ANEXO-V-\u2013-Modelo-de-Planilha-Excel-em-formato-.xls-contendo-a-relacao-dos-agricultoresas-familiares-produtores-de-leite-participantes.xlsx\">ANEXO V \u2013 Modelo de Planilha Excel (em formato .xls) contendo a rela\u00e7\u00e3o dos agricultores(as) familiares produtores de leite participantes<\/a><\/strong><\/li>\n\n\n\n<li><strong><a href=\"https:\/\/goias.gov.br\/agricultura\/wp-content\/uploads\/sites\/50\/2026\/02\/10-ANEXO-VI-\u2013-Termo-de-compromisso-para-apresentacao-de-copias-dos-Acordoss-de-parceria.pdf\" data-type=\"link\" data-id=\"https:\/\/goias.gov.br\/agricultura\/wp-content\/uploads\/sites\/50\/2026\/02\/10-ANEXO-VI-\u2013-Termo-de-compromisso-para-apresentacao-de-copias-dos-Acordoss-de-parceria.pdf\">ANEXO VI \u2013 Termo de compromisso para apresenta\u00e7\u00e3o de c\u00f3pia(s)do(s) Acordos(s) de parceria firmado(s) com os agricultores familiares fornecedores de leite<\/a><\/strong><\/li>\n\n\n\n<li><strong><a href=\"https:\/\/goias.gov.br\/agricultura\/wp-content\/uploads\/sites\/50\/2026\/02\/11-ANEXO-VII-\u2013-Modelo-de-Acordo-de-parceria-entre-Organizacao-Fornecedora-e-agricultores-familiares-fornecedores-de-leite.pdf\" data-type=\"link\" data-id=\"https:\/\/goias.gov.br\/agricultura\/wp-content\/uploads\/sites\/50\/2026\/02\/11-ANEXO-VII-\u2013-Modelo-de-Acordo-de-parceria-entre-Organizacao-Fornecedora-e-agricultores-familiares-fornecedores-de-leite.pdf\">ANEXO VII \u2013 Modelo de Acordo de parceria entre Organiza\u00e7\u00e3o Fornecedora e agricultores familiares fornecedores de leite<\/a><\/strong><\/li>\n\n\n\n<li><strong><a href=\"https:\/\/goias.gov.br\/agricultura\/wp-content\/uploads\/sites\/50\/2026\/02\/12-ANEXO-VIII-\u2013-Painel-levantamento-de-precos-medios-mensais-da-Conab-Sistema-Siagro.pdf\" data-type=\"link\" data-id=\"https:\/\/goias.gov.br\/agricultura\/wp-content\/uploads\/sites\/50\/2026\/02\/12-ANEXO-VIII-\u2013-Painel-levantamento-de-precos-medios-mensais-da-Conab-Sistema-Siagro.pdf\">ANEXO VIII \u2013 Painel levantamento de pre\u00e7os m\u00e9dios mensais da Conab (Sistema Siagro)<\/a><\/strong><\/li>\n\n\n\n<li><strong><a href=\"https:\/\/goias.gov.br\/agricultura\/wp-content\/uploads\/sites\/50\/2026\/02\/13-ANEXO-IX-\u2013-Modelo-de-Termo-de-Recebimento-e-Aceitabilidade.pdf\" data-type=\"link\" data-id=\"https:\/\/goias.gov.br\/agricultura\/wp-content\/uploads\/sites\/50\/2026\/02\/13-ANEXO-IX-\u2013-Modelo-de-Termo-de-Recebimento-e-Aceitabilidade.pdf\">ANEXO IX \u2013 Modelo de Termo de Recebimento e Aceitabilidade<\/a><\/strong><\/li>\n\n\n\n<li><strong><a href=\"https:\/\/goias.gov.br\/agricultura\/wp-content\/uploads\/sites\/50\/2026\/03\/Extrato-de-prorrogacao-Edital-no-01.2026.pdf\" data-type=\"link\" data-id=\"https:\/\/goias.gov.br\/agricultura\/wp-content\/uploads\/sites\/50\/2026\/03\/Extrato-de-prorrogacao-Edital-no-01.2026.pdf\">Extrato de prorroga\u00e7\u00e3o Edital n\u00ba 01.2026<\/a><\/strong><\/li>\n\n\n\n<li><strong><a href=\"https:\/\/goias.gov.br\/agricultura\/wp-content\/uploads\/sites\/50\/2026\/03\/Cronograma-PAA-Leite-2026-1a-prorrogacao.pdf\" data-type=\"link\" data-id=\"https:\/\/goias.gov.br\/agricultura\/wp-content\/uploads\/sites\/50\/2026\/03\/Cronograma-PAA-Leite-2026-1a-prorrogacao.pdf\">Cronograma PAA Leite 2026 (1\u00aa prorroga\u00e7\u00e3o)<\/a><\/strong><\/li>\n<\/ul>\n\n\n\n<hr class=\"wp-block-separator has-alpha-channel-opacity\"\/>\n\n\n\n<p><strong>Anos Anteriores<\/strong><\/p>\n\n\n\n<p class=\"has-text-color has-link-color wp-elements-ccb178fb1b807e171d41030811ac190b\" style=\"color:#1a2aea\"><strong><a href=\"https:\/\/goias.gov.br\/agricultura\/paa-leite-2024\/\" data-type=\"link\" data-id=\"https:\/\/goias.gov.br\/agricultura\/paa-leite-2024\/\">Acesse o PAA Leite 2024<\/a><\/strong><\/p>\n","protected":false},"excerpt":{"rendered":"<p>O PAA Leite Goi\u00e1s \u00e9 uma iniciativa que busca fortalecer o setor produtivo local, fortalecer o produtor familiar e integrar o leite aos ciclos de abastecimento do PAA. Atrav\u00e9s desse programa, o leite adquirido dos produtores goianos \u00e9 beneficiado e distribu\u00eddo gratuitamente \u00e0s unidades recebedoras e diretamente aos consumidores em situa\u00e7\u00e3o de inseguran\u00e7a alimentar e [&hellip;]<\/p>\n","protected":false},"author":292,"featured_media":0,"parent":0,"menu_order":0,"comment_status":"closed","ping_status":"closed","template":"","meta":{"footnotes":""},"class_list":["post-20177","page","type-page","status-publish","hentry"],"rttpg_featured_image_url":null,"rttpg_author":{"display_name":"lucaselima","author_link":"https:\/\/goias.gov.br\/agricultura\/author\/lucaselima\/"},"rttpg_comment":0,"rttpg_category":null,"rttpg_excerpt":"O PAA Leite Goi\u00e1s \u00e9 uma iniciativa que busca fortalecer o setor produtivo local, fortalecer o produtor familiar e integrar o leite aos ciclos de abastecimento do PAA. Atrav\u00e9s desse programa, o leite adquirido dos produtores goianos \u00e9 beneficiado e distribu\u00eddo gratuitamente \u00e0s unidades recebedoras e diretamente aos consumidores em situa\u00e7\u00e3o de inseguran\u00e7a alimentar e&hellip;","_links":{"self":[{"href":"https:\/\/goias.gov.br\/agricultura\/wp-json\/wp\/v2\/pages\/20177","targetHints":{"allow":["GET"]}}],"collection":[{"href":"https:\/\/goias.gov.br\/agricultura\/wp-json\/wp\/v2\/pages"}],"about":[{"href":"https:\/\/goias.gov.br\/agricultura\/wp-json\/wp\/v2\/types\/page"}],"author":[{"embeddable":true,"href":"https:\/\/goias.gov.br\/agricultura\/wp-json\/wp\/v2\/users\/292"}],"replies":[{"embeddable":true,"href":"https:\/\/goias.gov.br\/agricultura\/wp-json\/wp\/v2\/comments?post=20177"}],"version-history":[{"count":2,"href":"https:\/\/goias.gov.br\/agricultura\/wp-json\/wp\/v2\/pages\/20177\/revisions"}],"predecessor-version":[{"id":76815,"href":"https:\/\/goias.gov.br\/agricultura\/wp-json\/wp\/v2\/pages\/20177\/revisions\/76815"}],"wp:attachment":[{"href":"https:\/\/goias.gov.br\/agricultura\/wp-json\/wp\/v2\/media?parent=20177"}],"curies":[{"name":"wp","href":"https:\/\/api.w.org\/{rel}","templated":true}]}}