

{"id":15306,"date":"2024-05-29T11:28:09","date_gmt":"2024-05-29T14:28:09","guid":{"rendered":"https:\/\/goias.gov.br\/agricultura\/?page_id=15306"},"modified":"2025-06-03T14:22:04","modified_gmt":"2025-06-03T17:22:04","slug":"relacao-de-veiculos","status":"publish","type":"page","link":"https:\/\/goias.gov.br\/agricultura\/relacao-de-veiculos\/","title":{"rendered":"Rela\u00e7\u00e3o de ve\u00edculos"},"content":{"rendered":"\n<figure class=\"wp-block-table\"><table><tbody><tr><td>2025<\/td><td><a href=\"https:\/\/goias.gov.br\/agricultura\/wp-content\/uploads\/sites\/50\/2025\/06\/RELATORIO-No-8-2025-SEAPA-GAAL-17672.pdf\" data-type=\"link\" data-id=\"https:\/\/goias.gov.br\/agricultura\/wp-content\/uploads\/sites\/50\/2025\/06\/RELATORIO-No-8-2025-SEAPA-GAAL-17672.pdf\" target=\"_blank\" rel=\"noreferrer noopener\">RELAT\u00d3RIO N\u00ba 8 \/ 2025 SEAPA\/GAAL-17672<\/a><\/td><\/tr><tr><td>2024<\/td><td><a href=\"https:\/\/goias.gov.br\/agricultura\/wp-content\/uploads\/sites\/50\/2024\/05\/Relatorio-relacao-da-frota-de-veiculos-SEAPA.pdf\" target=\"_blank\" rel=\"noreferrer noopener\">RELAT\u00d3RIO N\u00ba 9 \/ 2024 SEAPA\/GAAL-17672<\/a><\/td><\/tr><tr><td>2023<\/td><td><a href=\"https:\/\/goias.gov.br\/agricultura\/wp-content\/uploads\/sites\/50\/2024\/05\/Relacao-de-Veiculos-da-SEAPA-2023.pdf\" target=\"_blank\" data-type=\"link\" data-id=\"https:\/\/goias.gov.br\/agricultura\/wp-content\/uploads\/sites\/50\/2024\/05\/Relacao-de-Veiculos-da-SEAPA-2023.pdf\" rel=\"noreferrer noopener\">RELAT\u00d3RIO N\u00ba 3 \/ 2023 SEAPA\/GAAL-17672<\/a><\/td><\/tr><tr><td>2022<\/td><td><a href=\"https:\/\/goias.gov.br\/agricultura\/wp-content\/uploads\/sites\/50\/2024\/05\/Relacao-de-Veiculos-Frota-SEAPA-2022-1.pdf\" target=\"_blank\" data-type=\"link\" data-id=\"https:\/\/goias.gov.br\/agricultura\/wp-content\/uploads\/sites\/50\/2024\/05\/Relacao-de-Veiculos-Frota-SEAPA-2022-1.pdf\" rel=\"noreferrer noopener\">RELAT\u00d3RIO N\u00ba 3 \/ 2022 SEAPA\/GAAL-17672<\/a><\/td><\/tr><\/tbody><\/table><\/figure>\n\n\n\n<p><\/p>\n","protected":false},"excerpt":{"rendered":"<p>2025 RELAT\u00d3RIO N\u00ba 8 \/ 2025 SEAPA\/GAAL-17672 2024 RELAT\u00d3RIO N\u00ba 9 \/ 2024 SEAPA\/GAAL-17672 2023 RELAT\u00d3RIO N\u00ba 3 \/ 2023 SEAPA\/GAAL-17672 2022 RELAT\u00d3RIO N\u00ba 3 \/ 2022 SEAPA\/GAAL-17672<\/p>\n","protected":false},"author":292,"featured_media":0,"parent":0,"menu_order":0,"comment_status":"closed","ping_status":"closed","template":"","meta":{"footnotes":""},"class_list":["post-15306","page","type-page","status-publish","hentry"],"rttpg_featured_image_url":null,"rttpg_author":{"display_name":"lucaselima","author_link":"https:\/\/goias.gov.br\/agricultura\/author\/lucaselima\/"},"rttpg_comment":0,"rttpg_category":null,"rttpg_excerpt":"2025 RELAT\u00d3RIO N\u00ba 8 \/ 2025 SEAPA\/GAAL-17672 2024 RELAT\u00d3RIO N\u00ba 9 \/ 2024 SEAPA\/GAAL-17672 2023 RELAT\u00d3RIO N\u00ba 3 \/ 2023 SEAPA\/GAAL-17672 2022 RELAT\u00d3RIO N\u00ba 3 \/ 2022 SEAPA\/GAAL-17672","_links":{"self":[{"href":"https:\/\/goias.gov.br\/agricultura\/wp-json\/wp\/v2\/pages\/15306","targetHints":{"allow":["GET"]}}],"collection":[{"href":"https:\/\/goias.gov.br\/agricultura\/wp-json\/wp\/v2\/pages"}],"about":[{"href":"https:\/\/goias.gov.br\/agricultura\/wp-json\/wp\/v2\/types\/page"}],"author":[{"embeddable":true,"href":"https:\/\/goias.gov.br\/agricultura\/wp-json\/wp\/v2\/users\/292"}],"replies":[{"embeddable":true,"href":"https:\/\/goias.gov.br\/agricultura\/wp-json\/wp\/v2\/comments?post=15306"}],"version-history":[{"count":2,"href":"https:\/\/goias.gov.br\/agricultura\/wp-json\/wp\/v2\/pages\/15306\/revisions"}],"predecessor-version":[{"id":55102,"href":"https:\/\/goias.gov.br\/agricultura\/wp-json\/wp\/v2\/pages\/15306\/revisions\/55102"}],"wp:attachment":[{"href":"https:\/\/goias.gov.br\/agricultura\/wp-json\/wp\/v2\/media?parent=15306"}],"curies":[{"name":"wp","href":"https:\/\/api.w.org\/{rel}","templated":true}]}}