

{"id":14153,"date":"2024-01-26T14:46:26","date_gmt":"2024-01-26T17:46:26","guid":{"rendered":"https:\/\/siteshom.goias.gov.br\/agricultura\/?page_id=14153"},"modified":"2025-11-11T11:41:51","modified_gmt":"2025-11-11T14:41:51","slug":"institucional","status":"publish","type":"page","link":"https:\/\/goias.gov.br\/agricultura\/institucional\/","title":{"rendered":"Institucional"},"content":{"rendered":"\t\t<div data-elementor-type=\"wp-page\" data-elementor-id=\"14153\" class=\"elementor elementor-14153\">\n\t\t\t\t<div class=\"elementor-element elementor-element-03d4b66 e-flex e-con-boxed e-con e-parent\" data-id=\"03d4b66\" data-element_type=\"container\" data-e-type=\"container\">\n\t\t\t\t\t<div class=\"e-con-inner\">\n\t\t<div class=\"elementor-element elementor-element-4fc21d3 e-con-full e-flex e-con e-child\" data-id=\"4fc21d3\" data-element_type=\"container\" data-e-type=\"container\">\n\t\t\t\t<div class=\"elementor-element elementor-element-8d23038 elementor-widget elementor-widget-shortcode\" data-id=\"8d23038\" data-element_type=\"widget\" data-e-type=\"widget\" data-widget_type=\"shortcode.default\">\n\t\t\t\t\t\t\t<div class=\"elementor-shortcode\"><div data-post-id=\"16565\" class=\"insert-page insert-page-16565 \"><h1 class='insert-page-title'>Compet\u00eancias<\/h1>\n<p>Segundo o estabelecido na\u00a0<a class=\"\" href=\"https:\/\/legisla.casacivil.go.gov.br\/pesquisa_legislacao\/106749\/lei-21792\" target=\"_blank\" rel=\"noreferrer noopener\">Lei n\u00ba 21.792, de 16 de fevereiro de 2023,<\/a>\u00a0e seus incisos:<\/p>\n<h4 class=\"artigo\"><span style=\"color: #008000;\">Art. 38. \u00c0 SEAPA competem:<\/span><\/h4>\n<p class=\"inciso\">I \u2013 a formula\u00e7\u00e3o e a execu\u00e7\u00e3o das pol\u00edticas estaduais agr\u00edcola, pecu\u00e1ria, aqu\u00edcola e pesqueira;<\/p>\n<p class=\"inciso\">II \u2013 a regulariza\u00e7\u00e3o fundi\u00e1ria de \u00e1reas rurais de terras devolutas;<\/p>\n<p class=\"inciso\">III \u2013 a formula\u00e7\u00e3o e a execu\u00e7\u00e3o das pol\u00edticas de assist\u00eancia t\u00e9cnica, extens\u00e3o rural, pesquisa agropecu\u00e1ria, sanidade animal e vegetal, tamb\u00e9m de abastecimento;<\/p>\n<p class=\"inciso\">IV \u2013 o fomento aos desenvolvimentos rural e fundi\u00e1rio; e<\/p>\n<p class=\"inciso\">V \u2013 o planejamento, a supervis\u00e3o e a execu\u00e7\u00e3o de projetos de irriga\u00e7\u00e3o de interesse do Estado de Goi\u00e1s.<\/p>\n<p class=\"artigo\">Art. 39. Integram a SEAPA, como \u00f3rg\u00e3os colegiados:<\/p>\n<p class=\"inciso\">I \u2013 o Conselho Estadual de Desenvolvimento Rural e Agropecu\u00e1rio;<\/p>\n<p class=\"inciso\">II \u2013 o Conselho Estadual de Seguran\u00e7a Alimentar Nutricional; e<\/p>\n<p class=\"inciso\">III \u2013 o Conselho Estadual de Irriga\u00e7\u00e3o.<\/p>\n<h4 class=\"paragrafo\"><span style=\"color: #008000;\">Confira o regulamento da Seapa:<\/span><\/h4>\n<ul>\n<li><a href=\"https:\/\/legisla.casacivil.go.gov.br\/api\/v2\/pesquisa\/legislacoes\/107714\/pdf\" target=\"_blank\" rel=\"noopener\">Regulamento \u2013 Decreto n\u00ba 10.318, de 12 de Setembro de 2023<\/a><br \/>Aprova o Regulamento da Secretaria de Estado de Agricultura, Pecu\u00e1ria e Abastecimento<\/li>\n<\/ul>\n<ul class='post-meta'>\n<li><span class='post-meta-key'>rank_math_seo_score:<\/span> 12<\/li>\n<li><span class='post-meta-key'>rank_math_internal_links_processed:<\/span> 1<\/li>\n<\/ul>\n<\/div><\/div>\n\t\t\t\t\t\t<\/div>\n\t\t\t\t<div class=\"elementor-element elementor-element-d988923 elementor-widget elementor-widget-shortcode\" data-id=\"d988923\" data-element_type=\"widget\" data-e-type=\"widget\" data-widget_type=\"shortcode.default\">\n\t\t\t\t\t\t\t<div class=\"elementor-shortcode\"><div data-post-id=\"16567\" class=\"insert-page insert-page-16567 \"><h1 class='insert-page-title'>Endere\u00e7os, Telefones, E-mails e Hor\u00e1rios de Atendimento<\/h1>\n<p>Rua 256, n\u00ba 52<br \/>Setor Leste Universit\u00e1rio \u2013 Goi\u00e2nia\/GO \u2013 CEP 74.610-200<br \/>Atendimento: 08h \u00e0s 12h e 14h \u00e0s 18h<\/p>\n<p><strong>Atendimento ao Cidad\u00e3o<\/strong><br \/>E-mail: <a href=\"mailto:valter.santos@goias.gov.br\">valter.santos@goias.gov.br<\/a><br \/>Telefone: (62) 3201-8935\/8944<\/p>\n<p><strong>Ouvidoria Setorial<\/strong><br \/>E-mail:\u00a0<a href=\"mailto:ouvidoria.agricultura@goias.gov.br\">ouvidoria.agricultura@goias.gov.br<\/a><br \/>Telefone: (62) 3201-8944<\/p>\n<p><strong>Imprensa<\/strong><br \/>E-mail:\u00a0<a href=\"mailto:%20comunicacao.agricultura@goias.gov.br\">comunicacao.agricultura@goias.gov.b<\/a>r<br \/>Telefone: (62) 3201-8909 \/ (62) 3201-8925<\/p>\n<ul class='post-meta'>\n<li><span class='post-meta-key'>rank_math_seo_score:<\/span> 7<\/li>\n<li><span class='post-meta-key'>rank_math_internal_links_processed:<\/span> 1<\/li>\n<\/ul>\n<\/div><\/div>\n\t\t\t\t\t\t<\/div>\n\t\t\t\t<\/div>\n\t\t<div class=\"elementor-element elementor-element-f618bf4 e-con-full e-flex e-con e-child\" data-id=\"f618bf4\" data-element_type=\"container\" data-e-type=\"container\">\n\t\t\t\t<div class=\"elementor-element elementor-element-fb2ca5a elementor-widget elementor-widget-shortcode\" data-id=\"fb2ca5a\" data-element_type=\"widget\" data-e-type=\"widget\" data-widget_type=\"shortcode.default\">\n\t\t\t\t\t\t\t<div class=\"elementor-shortcode\"><div data-post-id=\"16572\" class=\"insert-page insert-page-16572 \"><h1 class='insert-page-title'>Secret\u00e1rio<\/h1>\n<figure class=\"wp-block-image size-full is-resized\"><img fetchpriority=\"high\" fetchpriority=\"high\" decoding=\"async\" width=\"912\" height=\"1060\" src=\"https:\/\/goias.gov.br\/agricultura\/wp-content\/uploads\/sites\/50\/2026\/04\/secnovo.jpeg\" alt=\"\" class=\"wp-image-77698\" style=\"width:535px;height:auto\" srcset=\"https:\/\/goias.gov.br\/agricultura\/wp-content\/uploads\/sites\/50\/2026\/04\/secnovo.jpeg 912w, https:\/\/goias.gov.br\/agricultura\/wp-content\/uploads\/sites\/50\/2026\/04\/secnovo-258x300.jpeg 258w, https:\/\/goias.gov.br\/agricultura\/wp-content\/uploads\/sites\/50\/2026\/04\/secnovo-881x1024.jpeg 881w, https:\/\/goias.gov.br\/agricultura\/wp-content\/uploads\/sites\/50\/2026\/04\/secnovo-768x893.jpeg 768w\" sizes=\"(max-width: 912px) 100vw, 912px\" \/><\/figure>\n\n\n\n<h4 class=\"wp-block-heading\"><span style=\"color: #008000\">Ademar Leal<\/span><br><span style=\"color: #999999\">Secret\u00e1rio de Estado de Agricultura, Pecu\u00e1ria e Abastecimento<\/span><\/h4>\n\n\n\n<h5 class=\"wp-block-heading\"><strong>Curr\u00edculo<\/strong><\/h5>\n\n\n\n<p>Zootecnista formado pela PUC-GO em 1996, empres\u00e1rio no setor de nutri\u00e7\u00e3o animal e produtor rural. Atua com foco em nutri\u00e7\u00e3o de ruminantes, com forma\u00e7\u00e3o executiva e t\u00e9cnica no Brasil e no exterior. Foi presidente da ASBRAM no per\u00edodo de 2018 a 2019 e reconhecido como personalidade do setor em Goi\u00e1s pela Fundepec, em 2018.<\/p>\n<ul class='post-meta'>\n<li><span class='post-meta-key'>rank_math_seo_score:<\/span> 8<\/li>\n<li><span class='post-meta-key'>rank_math_internal_links_processed:<\/span> 1<\/li>\n<li><span class='post-meta-key'>rank_math_og_content_image:<\/span> a:2:{s:5:\"check\";s:32:\"c54ff9bb36a6886284555d517f56ff51\";s:6:\"images\";a:1:{i:0;i:16573;}}<\/li>\n<\/ul>\n<\/div><\/div>\n\t\t\t\t\t\t<\/div>\n\t\t\t\t<div class=\"elementor-element elementor-element-b612817 elementor-widget elementor-widget-shortcode\" data-id=\"b612817\" data-element_type=\"widget\" data-e-type=\"widget\" data-widget_type=\"shortcode.default\">\n\t\t\t\t\t\t\t<div class=\"elementor-shortcode\"><div data-post-id=\"16569\" class=\"insert-page insert-page-16569 \"><h1 class='insert-page-title'>Estrutura Organizacional<\/h1>\n<figure class=\"wp-block-image size-full\"><a href=\"https:\/\/goias.gov.br\/administracao\/wp-content\/uploads\/sites\/27\/2019\/02\/SEAPA-1.pdf\" target=\"_blank\" rel=\"noreferrer noopener\"><img decoding=\"async\" width=\"1187\" height=\"839\" src=\"https:\/\/goias.gov.br\/agricultura\/wp-content\/uploads\/sites\/50\/2025\/01\/Captura-de-tela-2025-01-07-151646.jpg\" alt=\"\" class=\"wp-image-38455\" srcset=\"https:\/\/goias.gov.br\/agricultura\/wp-content\/uploads\/sites\/50\/2025\/01\/Captura-de-tela-2025-01-07-151646.jpg 1187w, https:\/\/goias.gov.br\/agricultura\/wp-content\/uploads\/sites\/50\/2025\/01\/Captura-de-tela-2025-01-07-151646-300x212.jpg 300w, https:\/\/goias.gov.br\/agricultura\/wp-content\/uploads\/sites\/50\/2025\/01\/Captura-de-tela-2025-01-07-151646-1024x724.jpg 1024w, https:\/\/goias.gov.br\/agricultura\/wp-content\/uploads\/sites\/50\/2025\/01\/Captura-de-tela-2025-01-07-151646-768x543.jpg 768w\" sizes=\"(max-width: 1187px) 100vw, 1187px\" \/><\/a><\/figure>\n\n\n\n<p>Fonte: \u00a0<a class=\"\" href=\"https:\/\/legisla.casacivil.go.gov.br\/pesquisa_legislacao\/106749\/lei-21792\" target=\"_blank\" rel=\"noreferrer noopener\">Lei n\u00ba 21.792, de 16 de fevereiro de 2023<\/a><br \/>Saiba quem s\u00e3o nossos servidores e as fun\u00e7\u00f5es que exercem:<\/p>\n<ul>\n<li><a href=\"https:\/\/goias.gov.br\/agricultura\/cargos-e-seus-ocupantes\/\">Cargos e Seus Ocupantes<\/a><\/li>\n<\/ul>\n<h4 class=\"nomarginbottom\"><span style=\"color: #008000\" data-darkreader-inline-color=\"\"><br \/>Conhe\u00e7a tamb\u00e9m outras entidades que est\u00e3o jurisdicionadas a Seapa:<br \/><\/span><\/h4>\n<ul>\n<li><a href=\"https:\/\/goias.gov.br\/agrodefesa\/\">Ag\u00eancia Goiana de Defesa Agropecu\u00e1ria &#8211; AGRODEFESA<\/a><\/li>\n<li><a href=\"https:\/\/goias.gov.br\/ceasa\/\">Centrais de Abastecimento de Goi\u00e1s &#8211; CEASA GOI\u00c1S<\/a><\/li>\n<li><a href=\"https:\/\/www.emater.go.gov.br\/wp\/\">Ag\u00eancia Goiana de Assist\u00eancia T\u00e9cnica, Extens\u00e3o Rural e Pesquisa Agropecu\u00e1ria &#8211; EMATER<\/a><\/li>\n<\/ul>\n<ul class='post-meta'>\n<li><span class='post-meta-key'>rank_math_seo_score:<\/span> 18<\/li>\n<li><span class='post-meta-key'>rank_math_internal_links_processed:<\/span> 1<\/li>\n<li><span class='post-meta-key'>rank_math_og_content_image:<\/span> a:2:{s:5:\"check\";s:32:\"79a9bec834ffabbc33cdd59863a3e0c9\";s:6:\"images\";a:1:{i:0;i:38455;}}<\/li>\n<\/ul>\n<\/div><\/div>\n\t\t\t\t\t\t<\/div>\n\t\t\t\t<\/div>\n\t\t\t\t\t<\/div>\n\t\t\t\t<\/div>\n\t\t\t\t<\/div>\n\t\t","protected":false},"excerpt":{"rendered":"","protected":false},"author":7,"featured_media":0,"parent":0,"menu_order":0,"comment_status":"closed","ping_status":"closed","template":"wppb_theme_template","meta":{"footnotes":""},"class_list":["post-14153","page","type-page","status-publish","hentry"],"rttpg_featured_image_url":null,"rttpg_author":{"display_name":"gustavogoncalves","author_link":"https:\/\/goias.gov.br\/agricultura\/author\/gustavogoncalves\/"},"rttpg_comment":0,"rttpg_category":null,"rttpg_excerpt":null,"_links":{"self":[{"href":"https:\/\/goias.gov.br\/agricultura\/wp-json\/wp\/v2\/pages\/14153","targetHints":{"allow":["GET"]}}],"collection":[{"href":"https:\/\/goias.gov.br\/agricultura\/wp-json\/wp\/v2\/pages"}],"about":[{"href":"https:\/\/goias.gov.br\/agricultura\/wp-json\/wp\/v2\/types\/page"}],"author":[{"embeddable":true,"href":"https:\/\/goias.gov.br\/agricultura\/wp-json\/wp\/v2\/users\/7"}],"replies":[{"embeddable":true,"href":"https:\/\/goias.gov.br\/agricultura\/wp-json\/wp\/v2\/comments?post=14153"}],"version-history":[{"count":2,"href":"https:\/\/goias.gov.br\/agricultura\/wp-json\/wp\/v2\/pages\/14153\/revisions"}],"predecessor-version":[{"id":68853,"href":"https:\/\/goias.gov.br\/agricultura\/wp-json\/wp\/v2\/pages\/14153\/revisions\/68853"}],"wp:attachment":[{"href":"https:\/\/goias.gov.br\/agricultura\/wp-json\/wp\/v2\/media?parent=14153"}],"curies":[{"name":"wp","href":"https:\/\/api.w.org\/{rel}","templated":true}]}}