

{"id":74741,"date":"2024-04-11T13:59:15","date_gmt":"2024-04-11T16:59:15","guid":{"rendered":"https:\/\/goias.gov.br\/agr\/?page_id=74741"},"modified":"2025-12-15T10:15:46","modified_gmt":"2025-12-15T13:15:46","slug":"revisoes-e-reajustes-de-tarifas","status":"publish","type":"page","link":"https:\/\/goias.gov.br\/agr\/revisoes-e-reajustes-de-tarifas\/","title":{"rendered":"Revis\u00f5es e Reajustes de Tarifas"},"content":{"rendered":"\t\t<div data-elementor-type=\"wp-page\" data-elementor-id=\"74741\" class=\"elementor elementor-74741\">\n\t\t\t\t<div class=\"elementor-element elementor-element-cc4a129 e-flex e-con-boxed e-con e-parent\" data-id=\"cc4a129\" data-element_type=\"container\" data-e-type=\"container\">\n\t\t\t\t\t<div class=\"e-con-inner\">\n\t\t\t\t<div class=\"elementor-element elementor-element-2fc991d elementor-widget elementor-widget-n-accordion\" data-id=\"2fc991d\" data-element_type=\"widget\" data-e-type=\"widget\" data-settings=\"{&quot;default_state&quot;:&quot;all_collapsed&quot;,&quot;max_items_expended&quot;:&quot;one&quot;,&quot;n_accordion_animation_duration&quot;:{&quot;unit&quot;:&quot;ms&quot;,&quot;size&quot;:400,&quot;sizes&quot;:[]}}\" data-widget_type=\"nested-accordion.default\">\n\t\t\t\t\t\t\t<div class=\"e-n-accordion\" aria-label=\"Accordion. Open links with Enter or Space, close with Escape, and navigate with Arrow Keys\">\n\t\t\t\t\t\t<details id=\"e-n-accordion-item-5010\" class=\"e-n-accordion-item\" >\n\t\t\t\t<summary class=\"e-n-accordion-item-title\" data-accordion-index=\"1\" tabindex=\"0\" aria-expanded=\"false\" aria-controls=\"e-n-accordion-item-5010\" >\n\t\t\t\t\t<span class='e-n-accordion-item-title-header'><div class=\"e-n-accordion-item-title-text\"> Revis\u00f5es <\/div><\/span>\n\t\t\t\t\t\t\t<span class='e-n-accordion-item-title-icon'>\n\t\t\t<span class='e-opened' ><svg aria-hidden=\"true\" class=\"e-font-icon-svg e-fas-angle-down\" viewBox=\"0 0 320 512\" xmlns=\"http:\/\/www.w3.org\/2000\/svg\"><path d=\"M143 352.3L7 216.3c-9.4-9.4-9.4-24.6 0-33.9l22.6-22.6c9.4-9.4 24.6-9.4 33.9 0l96.4 96.4 96.4-96.4c9.4-9.4 24.6-9.4 33.9 0l22.6 22.6c9.4 9.4 9.4 24.6 0 33.9l-136 136c-9.2 9.4-24.4 9.4-33.8 0z\"><\/path><\/svg><\/span>\n\t\t\t<span class='e-closed'><svg aria-hidden=\"true\" class=\"e-font-icon-svg e-fas-angle-right\" viewBox=\"0 0 256 512\" xmlns=\"http:\/\/www.w3.org\/2000\/svg\"><path d=\"M224.3 273l-136 136c-9.4 9.4-24.6 9.4-33.9 0l-22.6-22.6c-9.4-9.4-9.4-24.6 0-33.9l96.4-96.4-96.4-96.4c-9.4-9.4-9.4-24.6 0-33.9L54.3 103c9.4-9.4 24.6-9.4 33.9 0l136 136c9.5 9.4 9.5 24.6.1 34z\"><\/path><\/svg><\/span>\n\t\t<\/span>\n\n\t\t\t\t\t\t<\/summary>\n\t\t\t\t<div role=\"region\" aria-labelledby=\"e-n-accordion-item-5010\" class=\"elementor-element elementor-element-3c14b3b e-con-full e-flex e-con e-child\" data-id=\"3c14b3b\" data-element_type=\"container\" data-e-type=\"container\">\n\t\t\t\t<div class=\"elementor-element elementor-element-af32477 elementor-widget elementor-widget-text-editor\" data-id=\"af32477\" data-element_type=\"widget\" data-e-type=\"widget\" data-widget_type=\"text-editor.default\">\n\t\t\t\t\t\t\t\t\t<ul><li><a href=\"https:\/\/goias.gov.br\/agr\/saneago-revisao-tarifaria-2021\/\">Saneago &#8211; Revis\u00e3o Tarif\u00e1ria &#8211; 2021 &#8211; Processo SEI n\u00ba\u00a0202100029001503<\/a><\/li><li><a href=\"https:\/\/goias.gov.br\/agr\/processo-revisao-tarifaria-2015\/\">Saneago &#8211; Revis\u00e3o Tarif\u00e1ria &#8211; 2015 &#8211; Processo SEI n\u00ba 201400029006464<\/a><\/li><\/ul>\t\t\t\t\t\t\t\t<\/div>\n\t\t\t\t<\/div>\n\t\t\t\t\t<\/details>\n\t\t\t\t\t\t<details id=\"e-n-accordion-item-5011\" class=\"e-n-accordion-item\" >\n\t\t\t\t<summary class=\"e-n-accordion-item-title\" data-accordion-index=\"2\" tabindex=\"-1\" aria-expanded=\"false\" aria-controls=\"e-n-accordion-item-5011\" >\n\t\t\t\t\t<span class='e-n-accordion-item-title-header'><div class=\"e-n-accordion-item-title-text\"> Reajustes <\/div><\/span>\n\t\t\t\t\t\t\t<span class='e-n-accordion-item-title-icon'>\n\t\t\t<span class='e-opened' ><svg aria-hidden=\"true\" class=\"e-font-icon-svg e-fas-angle-down\" viewBox=\"0 0 320 512\" xmlns=\"http:\/\/www.w3.org\/2000\/svg\"><path d=\"M143 352.3L7 216.3c-9.4-9.4-9.4-24.6 0-33.9l22.6-22.6c9.4-9.4 24.6-9.4 33.9 0l96.4 96.4 96.4-96.4c9.4-9.4 24.6-9.4 33.9 0l22.6 22.6c9.4 9.4 9.4 24.6 0 33.9l-136 136c-9.2 9.4-24.4 9.4-33.8 0z\"><\/path><\/svg><\/span>\n\t\t\t<span class='e-closed'><svg aria-hidden=\"true\" class=\"e-font-icon-svg e-fas-angle-right\" viewBox=\"0 0 256 512\" xmlns=\"http:\/\/www.w3.org\/2000\/svg\"><path d=\"M224.3 273l-136 136c-9.4 9.4-24.6 9.4-33.9 0l-22.6-22.6c-9.4-9.4-9.4-24.6 0-33.9l96.4-96.4-96.4-96.4c-9.4-9.4-9.4-24.6 0-33.9L54.3 103c9.4-9.4 24.6-9.4 33.9 0l136 136c9.5 9.4 9.5 24.6.1 34z\"><\/path><\/svg><\/span>\n\t\t<\/span>\n\n\t\t\t\t\t\t<\/summary>\n\t\t\t\t<div role=\"region\" aria-labelledby=\"e-n-accordion-item-5011\" class=\"elementor-element elementor-element-76b547c e-con-full e-flex e-con e-child\" data-id=\"76b547c\" data-element_type=\"container\" data-e-type=\"container\">\n\t\t\t\t<div class=\"elementor-element elementor-element-2b9d49e elementor-widget elementor-widget-text-editor\" data-id=\"2b9d49e\" data-element_type=\"widget\" data-e-type=\"widget\" data-widget_type=\"text-editor.default\">\n\t\t\t\t\t\t\t\t\t<ul><li><a href=\"https:\/\/goias.gov.br\/agr\/saneago-reajuste-tarifario-2025\/\">Saneago Reajuste Tarif\u00e1rio &#8211; 2025<\/a><\/li><li><a href=\"https:\/\/goias.gov.br\/agr\/saneago-reajuste-tarifario-2024\/\">Saneago Reajuste Tarif\u00e1rio &#8211; 2024<\/a><\/li><li><a href=\"https:\/\/goias.gov.br\/agr\/saneago-reajuste-tarifario-2023\/\">Saneago Reajuste Tarif\u00e1rio &#8211; 2023<\/a><\/li><li><a href=\"https:\/\/goias.gov.br\/agr\/saneago-reajuste-tarifario-2019\/\">Saneago Reajuste Tarif\u00e1rio &#8211; 2019<\/a><\/li><li><a href=\"https:\/\/goias.gov.br\/agr\/saneago-reajuste-tarifario-2018\/\">Saneago Reajuste Tarif\u00e1rio &#8211; 2018<\/a><\/li><li><a href=\"https:\/\/goias.gov.br\/agr\/saneago-reajuste-tarifario-2017\/\">Saneago Reajuste Tarif\u00e1rio &#8211; 2017<\/a><\/li><li><a href=\"https:\/\/goias.gov.br\/agr\/saneago-reajuste-tarifario-2016\/\">Saneago Reajuste Tarif\u00e1rio &#8211; 2016<\/a><\/li><li><a href=\"https:\/\/goias.gov.br\/agr\/reajuste-tarifario-2014-saneago\/\">Saneago Reajuste Tarif\u00e1rio &#8211; 2014<\/a><\/li><\/ul><hr \/><ul><li><a href=\"https:\/\/goias.gov.br\/agr\/aguas-de-ipameri-reajuste-2023\/\">\u00c1guas de Ipameri Reajuste 2023<\/a><\/li><\/ul><hr \/><ul><li><a href=\"https:\/\/goias.gov.br\/agr\/buriti-ambiental-reajuste-2023\/\">Buriti Ambiental Reajuste 2023<\/a><\/li><\/ul>\t\t\t\t\t\t\t\t<\/div>\n\t\t\t\t<\/div>\n\t\t\t\t\t<\/details>\n\t\t\t\t\t<\/div>\n\t\t\t\t\t\t<\/div>\n\t\t\t\t\t<\/div>\n\t\t\t\t<\/div>\n\t\t\t\t<\/div>\n\t\t","protected":false},"excerpt":{"rendered":"<p>Revis\u00f5es Saneago &#8211; Revis\u00e3o Tarif\u00e1ria &#8211; 2021 &#8211; Processo SEI n\u00ba\u00a0202100029001503 Saneago &#8211; Revis\u00e3o Tarif\u00e1ria &#8211; 2015 &#8211; Processo SEI n\u00ba 201400029006464 Reajustes Saneago Reajuste Tarif\u00e1rio &#8211; 2025 Saneago Reajuste Tarif\u00e1rio &#8211; 2024 Saneago Reajuste Tarif\u00e1rio &#8211; 2023 Saneago Reajuste Tarif\u00e1rio &#8211; 2019 Saneago Reajuste Tarif\u00e1rio &#8211; 2018 Saneago Reajuste Tarif\u00e1rio &#8211; 2017 Saneago Reajuste [&hellip;]<\/p>\n","protected":false},"author":242,"featured_media":0,"parent":0,"menu_order":0,"comment_status":"closed","ping_status":"closed","template":"","meta":{"footnotes":""},"class_list":["post-74741","page","type-page","status-publish","hentry"],"rttpg_featured_image_url":null,"rttpg_author":{"display_name":"josegcribeiro","author_link":"https:\/\/goias.gov.br\/agr\/author\/josegcribeiro\/"},"rttpg_comment":0,"rttpg_category":null,"rttpg_excerpt":"Revis\u00f5es Saneago &#8211; Revis\u00e3o Tarif\u00e1ria &#8211; 2021 &#8211; Processo SEI n\u00ba\u00a0202100029001503 Saneago &#8211; Revis\u00e3o Tarif\u00e1ria &#8211; 2015 &#8211; Processo SEI n\u00ba 201400029006464 Reajustes Saneago Reajuste Tarif\u00e1rio &#8211; 2025 Saneago Reajuste Tarif\u00e1rio &#8211; 2024 Saneago Reajuste Tarif\u00e1rio &#8211; 2023 Saneago Reajuste Tarif\u00e1rio &#8211; 2019 Saneago Reajuste Tarif\u00e1rio &#8211; 2018 Saneago Reajuste Tarif\u00e1rio &#8211; 2017 Saneago Reajuste&hellip;","_links":{"self":[{"href":"https:\/\/goias.gov.br\/agr\/wp-json\/wp\/v2\/pages\/74741","targetHints":{"allow":["GET"]}}],"collection":[{"href":"https:\/\/goias.gov.br\/agr\/wp-json\/wp\/v2\/pages"}],"about":[{"href":"https:\/\/goias.gov.br\/agr\/wp-json\/wp\/v2\/types\/page"}],"author":[{"embeddable":true,"href":"https:\/\/goias.gov.br\/agr\/wp-json\/wp\/v2\/users\/242"}],"replies":[{"embeddable":true,"href":"https:\/\/goias.gov.br\/agr\/wp-json\/wp\/v2\/comments?post=74741"}],"version-history":[{"count":3,"href":"https:\/\/goias.gov.br\/agr\/wp-json\/wp\/v2\/pages\/74741\/revisions"}],"predecessor-version":[{"id":279789,"href":"https:\/\/goias.gov.br\/agr\/wp-json\/wp\/v2\/pages\/74741\/revisions\/279789"}],"wp:attachment":[{"href":"https:\/\/goias.gov.br\/agr\/wp-json\/wp\/v2\/media?parent=74741"}],"curies":[{"name":"wp","href":"https:\/\/api.w.org\/{rel}","templated":true}]}}

Revisões e Reajustes de Tarifas

<div data-elementor-type="wp-page" data-elementor-id="74741" class="elementor elementor-74741">
				<div class="elementor-element elementor-element-cc4a129 e-flex e-con-boxed e-con e-parent" data-id="cc4a129" data-element_type="container" data-e-type="container">
					<div class="e-con-inner">
				<div class="elementor-element elementor-element-2fc991d elementor-widget elementor-widget-n-accordion" data-id="2fc991d" data-element_type="widget" data-e-type="widget" data-settings="{&quot;default_state&quot;:&quot;all_collapsed&quot;,&quot;max_items_expended&quot;:&quot;one&quot;,&quot;n_accordion_animation_duration&quot;:{&quot;unit&quot;:&quot;ms&quot;,&quot;size&quot;:400,&quot;sizes&quot;:[]}}" data-widget_type="nested-accordion.default">
							<div class="e-n-accordion" aria-label="Accordion. Open links with Enter or Space, close with Escape, and navigate with Arrow Keys">
						<details id="e-n-accordion-item-5010" class="e-n-accordion-item" >
				<summary class="e-n-accordion-item-title" data-accordion-index="1" tabindex="0" aria-expanded="false" aria-controls="e-n-accordion-item-5010" >
					<span class='e-n-accordion-item-title-header'><div class="e-n-accordion-item-title-text"> Revisões </div></span>
							<span class='e-n-accordion-item-title-icon'>
			<span class='e-opened' ><svg aria-hidden="true" class="e-font-icon-svg e-fas-angle-down" viewBox="0 0 320 512" xmlns="http://www.w3.org/2000/svg"><path d="M143 352.3L7 216.3c-9.4-9.4-9.4-24.6 0-33.9l22.6-22.6c9.4-9.4 24.6-9.4 33.9 0l96.4 96.4 96.4-96.4c9.4-9.4 24.6-9.4 33.9 0l22.6 22.6c9.4 9.4 9.4 24.6 0 33.9l-136 136c-9.2 9.4-24.4 9.4-33.8 0z"></path></svg></span>
			<span class='e-closed'><svg aria-hidden="true" class="e-font-icon-svg e-fas-angle-right" viewBox="0 0 256 512" xmlns="http://www.w3.org/2000/svg"><path d="M224.3 273l-136 136c-9.4 9.4-24.6 9.4-33.9 0l-22.6-22.6c-9.4-9.4-9.4-24.6 0-33.9l96.4-96.4-96.4-96.4c-9.4-9.4-9.4-24.6 0-33.9L54.3 103c9.4-9.4 24.6-9.4 33.9 0l136 136c9.5 9.4 9.5 24.6.1 34z"></path></svg></span>
		</span>

						</summary>
				<div role="region" aria-labelledby="e-n-accordion-item-5010" class="elementor-element elementor-element-3c14b3b e-con-full e-flex e-con e-child" data-id="3c14b3b" data-element_type="container" data-e-type="container">
				<div class="elementor-element elementor-element-af32477 elementor-widget elementor-widget-text-editor" data-id="af32477" data-element_type="widget" data-e-type="widget" data-widget_type="text-editor.default">
									<ul><li><a href="https://goias.gov.br/agr/saneago-revisao-tarifaria-2021/">Saneago &#8211; Revisão Tarifária &#8211; 2021 &#8211; Processo SEI nº 202100029001503</a></li><li><a href="https://goias.gov.br/agr/processo-revisao-tarifaria-2015/">Saneago &#8211; Revisão Tarifária &#8211; 2015 &#8211; Processo SEI nº 201400029006464</a></li></ul>								</div>
				</div>
					</details>
						<details id="e-n-accordion-item-5011" class="e-n-accordion-item" >
				<summary class="e-n-accordion-item-title" data-accordion-index="2" tabindex="-1" aria-expanded="false" aria-controls="e-n-accordion-item-5011" >
					<span class='e-n-accordion-item-title-header'><div class="e-n-accordion-item-title-text"> Reajustes </div></span>
							<span class='e-n-accordion-item-title-icon'>
			<span class='e-opened' ><svg aria-hidden="true" class="e-font-icon-svg e-fas-angle-down" viewBox="0 0 320 512" xmlns="http://www.w3.org/2000/svg"><path d="M143 352.3L7 216.3c-9.4-9.4-9.4-24.6 0-33.9l22.6-22.6c9.4-9.4 24.6-9.4 33.9 0l96.4 96.4 96.4-96.4c9.4-9.4 24.6-9.4 33.9 0l22.6 22.6c9.4 9.4 9.4 24.6 0 33.9l-136 136c-9.2 9.4-24.4 9.4-33.8 0z"></path></svg></span>
			<span class='e-closed'><svg aria-hidden="true" class="e-font-icon-svg e-fas-angle-right" viewBox="0 0 256 512" xmlns="http://www.w3.org/2000/svg"><path d="M224.3 273l-136 136c-9.4 9.4-24.6 9.4-33.9 0l-22.6-22.6c-9.4-9.4-9.4-24.6 0-33.9l96.4-96.4-96.4-96.4c-9.4-9.4-9.4-24.6 0-33.9L54.3 103c9.4-9.4 24.6-9.4 33.9 0l136 136c9.5 9.4 9.5 24.6.1 34z"></path></svg></span>
		</span>

						</summary>
				<div role="region" aria-labelledby="e-n-accordion-item-5011" class="elementor-element elementor-element-76b547c e-con-full e-flex e-con e-child" data-id="76b547c" data-element_type="container" data-e-type="container">
				<div class="elementor-element elementor-element-2b9d49e elementor-widget elementor-widget-text-editor" data-id="2b9d49e" data-element_type="widget" data-e-type="widget" data-widget_type="text-editor.default">
									<ul><li><a href="https://goias.gov.br/agr/saneago-reajuste-tarifario-2025/">Saneago Reajuste Tarifário &#8211; 2025</a></li><li><a href="https://goias.gov.br/agr/saneago-reajuste-tarifario-2024/">Saneago Reajuste Tarifário &#8211; 2024</a></li><li><a href="https://goias.gov.br/agr/saneago-reajuste-tarifario-2023/">Saneago Reajuste Tarifário &#8211; 2023</a></li><li><a href="https://goias.gov.br/agr/saneago-reajuste-tarifario-2019/">Saneago Reajuste Tarifário &#8211; 2019</a></li><li><a href="https://goias.gov.br/agr/saneago-reajuste-tarifario-2018/">Saneago Reajuste Tarifário &#8211; 2018</a></li><li><a href="https://goias.gov.br/agr/saneago-reajuste-tarifario-2017/">Saneago Reajuste Tarifário &#8211; 2017</a></li><li><a href="https://goias.gov.br/agr/saneago-reajuste-tarifario-2016/">Saneago Reajuste Tarifário &#8211; 2016</a></li><li><a href="https://goias.gov.br/agr/reajuste-tarifario-2014-saneago/">Saneago Reajuste Tarifário &#8211; 2014</a></li></ul><hr /><ul><li><a href="https://goias.gov.br/agr/aguas-de-ipameri-reajuste-2023/">Águas de Ipameri Reajuste 2023</a></li></ul><hr /><ul><li><a href="https://goias.gov.br/agr/buriti-ambiental-reajuste-2023/">Buriti Ambiental Reajuste 2023</a></li></ul>								</div>
				</div>
					</details>
					</div>
						</div>
					</div>
				</div>
				</div>

<p>Revisões Saneago &#8211; Revisão Tarifária &#8211; 2021 &#8211; Processo SEI nº 202100029001503 Saneago &#8211; Revisão Tarifária &#8211; 2015 &#8211; Processo SEI nº 201400029006464 Reajustes Saneago Reajuste Tarifário &#8211; 2025 Saneago Reajuste Tarifário &#8211; 2024 Saneago Reajuste Tarifário &#8211; 2023 Saneago Reajuste Tarifário &#8211; 2019 Saneago Reajuste Tarifário &#8211; 2018 Saneago Reajuste Tarifário &#8211; 2017 Saneago Reajuste [&hellip;]</p>

Revisões Saneago &#8211; Revisão Tarifária &#8211; 2021 &#8211; Processo SEI nº 202100029001503 Saneago &#8211; Revisão Tarifária &#8211; 2015 &#8211; Processo SEI nº 201400029006464 Reajustes Saneago Reajuste Tarifário &#8211; 2025 Saneago Reajuste Tarifário &#8211; 2024 Saneago Reajuste Tarifário &#8211; 2023 Saneago Reajuste Tarifário &#8211; 2019 Saneago Reajuste Tarifário &#8211; 2018 Saneago Reajuste Tarifário &#8211; 2017 Saneago Reajuste&hellip;
