

{"id":35626,"date":"2023-01-13T20:19:37","date_gmt":"2023-01-13T23:19:37","guid":{"rendered":"https:\/\/wwwdesenv.joomlamultidesenv.go.gov.br\/agr\/?page_id=30527"},"modified":"2025-12-15T09:24:34","modified_gmt":"2025-12-15T12:24:34","slug":"desenvolvimento-de-pessoas","status":"publish","type":"page","link":"https:\/\/goias.gov.br\/agr\/desenvolvimento-de-pessoas\/","title":{"rendered":"Desenvolvimento de Pessoas"},"content":{"rendered":"\t\t<div data-elementor-type=\"wp-page\" data-elementor-id=\"35626\" class=\"elementor elementor-35626\">\n\t\t\t\t<div class=\"elementor-element elementor-element-441f983 e-flex e-con-boxed e-con e-parent\" data-id=\"441f983\" data-element_type=\"container\" data-e-type=\"container\">\n\t\t\t\t\t<div class=\"e-con-inner\">\n\t\t<div class=\"elementor-element elementor-element-731a846 e-con-full e-flex e-con e-child\" data-id=\"731a846\" data-element_type=\"container\" data-e-type=\"container\">\n\t\t\t\t<div class=\"elementor-element elementor-element-2999f43 elementor-widget elementor-widget-image\" data-id=\"2999f43\" data-element_type=\"widget\" data-e-type=\"widget\" data-widget_type=\"image.default\">\n\t\t\t\t\t\t\t\t\t\t\t\t\t\t\t<img decoding=\"async\" src=\"https:\/\/goias.gov.br\/agr\/wp-content\/uploads\/sites\/43\/2023\/01\/banner-desenvolvimento-de-pessoas.jpg\" title=\"\" alt=\"\" loading=\"lazy\" \/>\t\t\t\t\t\t\t\t\t\t\t\t\t\t\t<\/div>\n\t\t\t\t<div class=\"elementor-element elementor-element-e72d117 elementor-widget elementor-widget-text-editor\" data-id=\"e72d117\" data-element_type=\"widget\" data-e-type=\"widget\" data-widget_type=\"text-editor.default\">\n\t\t\t\t\t\t\t\t\t<p>A fim de trazer para a organiza\u00e7\u00e3o ainda mais efici\u00eancia, a Ger\u00eancia de Gest\u00e3o Institucional busca o constante aperfei\u00e7oamento de todos os seus colaboradores, seja atrav\u00e9s de cursos presenciais ou on-line, de maior ou menor dura\u00e7\u00e3o, mas sempre na certeza de que um servidor mais bem preparado ser\u00e1 aquele que melhor devolver\u00e1 \u00e0 sociedade um atendimento de excel\u00eancia.<\/p><p>A ideia \u00e9 contagiar as equipes, tornando claro que a necessidade de constante qualifica\u00e7\u00e3o tornou-se ainda mais importante nas \u00faltimas d\u00e9cadas, vez que, em um mundo globalizado, as mudan\u00e7as s\u00e3o r\u00e1pidas, o que exige de todos os profissionais, inclusive do setor p\u00fablico, grandes esfor\u00e7os em manter-se atualizados.<\/p>\t\t\t\t\t\t\t\t<\/div>\n\t\t\t\t<\/div>\n\t\t<div class=\"elementor-element elementor-element-6093fab e-con-full e-flex e-con e-child\" data-id=\"6093fab\" data-element_type=\"container\" data-e-type=\"container\">\n\t\t\t\t<div class=\"elementor-element elementor-element-988c45f elementor-widget elementor-widget-image\" data-id=\"988c45f\" data-element_type=\"widget\" data-e-type=\"widget\" data-widget_type=\"image.default\">\n\t\t\t\t\t\t\t\t\t\t\t\t\t\t\t\t<a href=\"https:\/\/www.escoladegoverno.go.gov.br\/\" target=\"_blank\">\n\t\t\t\t\t\t\t<img decoding=\"async\" src=\"https:\/\/goias.gov.br\/agr\/wp-content\/uploads\/sites\/43\/2023\/01\/escola-governo.png\" title=\"\" alt=\"\" loading=\"lazy\" \/>\t\t\t\t\t\t\t\t<\/a>\n\t\t\t\t\t\t\t\t\t\t\t\t\t\t\t<\/div>\n\t\t\t\t<div class=\"elementor-element elementor-element-c2ebc07 elementor-widget elementor-widget-image\" data-id=\"c2ebc07\" data-element_type=\"widget\" data-e-type=\"widget\" data-widget_type=\"image.default\">\n\t\t\t\t\t\t\t\t\t\t\t\t\t\t\t\t<a href=\"https:\/\/enap.gov.br\/pt\/cursos\" target=\"_blank\">\n\t\t\t\t\t\t\t<img decoding=\"async\" src=\"https:\/\/goias.gov.br\/agr\/wp-content\/uploads\/sites\/43\/2023\/01\/enap.png\" title=\"\" alt=\"\" loading=\"lazy\" \/>\t\t\t\t\t\t\t\t<\/a>\n\t\t\t\t\t\t\t\t\t\t\t\t\t\t\t<\/div>\n\t\t\t\t<div class=\"elementor-element elementor-element-2a2edce elementor-widget elementor-widget-image\" data-id=\"2a2edce\" data-element_type=\"widget\" data-e-type=\"widget\" data-widget_type=\"image.default\">\n\t\t\t\t\t\t\t\t\t\t\t\t\t\t\t\t<a href=\"https:\/\/ead.abar.org.br\/\" target=\"_blank\">\n\t\t\t\t\t\t\t<img decoding=\"async\" src=\"https:\/\/goias.gov.br\/agr\/wp-content\/uploads\/sites\/43\/2023\/01\/abar.png\" title=\"\" alt=\"\" loading=\"lazy\" \/>\t\t\t\t\t\t\t\t<\/a>\n\t\t\t\t\t\t\t\t\t\t\t\t\t\t\t<\/div>\n\t\t\t\t<\/div>\n\t\t\t\t\t<\/div>\n\t\t\t\t<\/div>\n\t\t\t\t<\/div>\n\t\t","protected":false},"excerpt":{"rendered":"<p>A fim de trazer para a organiza\u00e7\u00e3o ainda mais efici\u00eancia, a Ger\u00eancia de Gest\u00e3o Institucional busca o constante aperfei\u00e7oamento de todos os seus colaboradores, seja atrav\u00e9s de cursos presenciais ou on-line, de maior ou menor dura\u00e7\u00e3o, mas sempre na certeza de que um servidor mais bem preparado ser\u00e1 aquele que melhor devolver\u00e1 \u00e0 sociedade um [&hellip;]<\/p>\n","protected":false},"author":77,"featured_media":0,"parent":0,"menu_order":0,"comment_status":"closed","ping_status":"closed","template":"","meta":{"footnotes":""},"class_list":["post-35626","page","type-page","status-publish","hentry"],"rttpg_featured_image_url":null,"rttpg_author":{"display_name":"barbaragodoy","author_link":"https:\/\/goias.gov.br\/agr\/author\/barbaragodoy\/"},"rttpg_comment":0,"rttpg_category":null,"rttpg_excerpt":"A fim de trazer para a organiza\u00e7\u00e3o ainda mais efici\u00eancia, a Ger\u00eancia de Gest\u00e3o Institucional busca o constante aperfei\u00e7oamento de todos os seus colaboradores, seja atrav\u00e9s de cursos presenciais ou on-line, de maior ou menor dura\u00e7\u00e3o, mas sempre na certeza de que um servidor mais bem preparado ser\u00e1 aquele que melhor devolver\u00e1 \u00e0 sociedade um&hellip;","_links":{"self":[{"href":"https:\/\/goias.gov.br\/agr\/wp-json\/wp\/v2\/pages\/35626","targetHints":{"allow":["GET"]}}],"collection":[{"href":"https:\/\/goias.gov.br\/agr\/wp-json\/wp\/v2\/pages"}],"about":[{"href":"https:\/\/goias.gov.br\/agr\/wp-json\/wp\/v2\/types\/page"}],"author":[{"embeddable":true,"href":"https:\/\/goias.gov.br\/agr\/wp-json\/wp\/v2\/users\/77"}],"replies":[{"embeddable":true,"href":"https:\/\/goias.gov.br\/agr\/wp-json\/wp\/v2\/comments?post=35626"}],"version-history":[{"count":2,"href":"https:\/\/goias.gov.br\/agr\/wp-json\/wp\/v2\/pages\/35626\/revisions"}],"predecessor-version":[{"id":279290,"href":"https:\/\/goias.gov.br\/agr\/wp-json\/wp\/v2\/pages\/35626\/revisions\/279290"}],"wp:attachment":[{"href":"https:\/\/goias.gov.br\/agr\/wp-json\/wp\/v2\/media?parent=35626"}],"curies":[{"name":"wp","href":"https:\/\/api.w.org\/{rel}","templated":true}]}}