

{"id":35623,"date":"2023-01-13T17:51:56","date_gmt":"2023-01-13T20:51:56","guid":{"rendered":"https:\/\/wwwdesenv.joomlamultidesenv.go.gov.br\/agr\/?page_id=30490"},"modified":"2025-12-15T10:06:48","modified_gmt":"2025-12-15T13:06:48","slug":"terminais-rodoviarios","status":"publish","type":"page","link":"https:\/\/goias.gov.br\/agr\/terminais-rodoviarios\/","title":{"rendered":"Terminais Rodovi\u00e1rios"},"content":{"rendered":"\t\t<div data-elementor-type=\"wp-page\" data-elementor-id=\"35623\" class=\"elementor elementor-35623\">\n\t\t\t\t<div class=\"elementor-element elementor-element-4b0937f e-flex e-con-boxed e-con e-parent\" data-id=\"4b0937f\" data-element_type=\"container\" data-e-type=\"container\">\n\t\t\t\t\t<div class=\"e-con-inner\">\n\t\t<div class=\"elementor-element elementor-element-553b289 e-con-full e-flex e-con e-child\" data-id=\"553b289\" data-element_type=\"container\" data-e-type=\"container\">\n\t\t\t\t<div class=\"elementor-element elementor-element-1ca2f80 elementor-widget elementor-widget-image\" data-id=\"1ca2f80\" data-element_type=\"widget\" data-e-type=\"widget\" data-widget_type=\"image.default\">\n\t\t\t\t\t\t\t\t\t\t\t\t\t\t\t<img decoding=\"async\" src=\"https:\/\/goias.gov.br\/agr\/wp-content\/uploads\/sites\/43\/2023\/01\/banner-terminais-rodoviarios.jpg\" title=\"\" alt=\"\" loading=\"lazy\" \/>\t\t\t\t\t\t\t\t\t\t\t\t\t\t\t<\/div>\n\t\t\t\t<div class=\"elementor-element elementor-element-bcc75be elementor-widget elementor-widget-text-editor\" data-id=\"bcc75be\" data-element_type=\"widget\" data-e-type=\"widget\" data-widget_type=\"text-editor.default\">\n\t\t\t\t\t\t\t\t\t<p>Desde 2022, com a aprova\u00e7\u00e3o da\u00a0<a href=\"https:\/\/legisla.casacivil.go.gov.br\/pesquisa_legislacao\/105297\/lei-21297\" target=\"_blank\" rel=\"noopener noreferrer\">Lei n\u00ba 21.297<\/a>, cabe \u00e0 Secretaria-Geral da Governadoria (SGG), formalizar com os munic\u00edpios os termos de cess\u00e3o de uso, n\u00e3o remunerados, dos terminais rodovi\u00e1rios de passageiros de propriedade do Estado de Goi\u00e1s. Com os termos, prefeituras ou empresas t\u00eam o direito de usar, administrar e explorar, inclusive comercialmente, os terminais, devendo zelar pelo seu funcionamento, conserva\u00e7\u00e3o, manuten\u00e7\u00e3o e limpeza.<\/p><p>J\u00e1 \u00e0 AGR compete a regula\u00e7\u00e3o, controle e fiscaliza\u00e7\u00e3o de todos os terminais rodovi\u00e1rios de passageiros e do cumprimento dos termos de cess\u00e3o de uso, podendo, para tanto, valer-se das disposi\u00e7\u00f5es da\u00a0<a href=\"https:\/\/www.gabinetecivil.goias.gov.br\/leis_ordinarias\/1999\/lei_13569.htm\">Lei n\u00ba 13.569\/99<\/a>\u00a0e\u00a0<a href=\"\/agr\/wp-content\/uploads\/sites\/8\/2012\/04\/resolucao-normativa-no.-0018.2014-cr.pdf\">Resolu\u00e7\u00e3o Normativa n\u00ba 018\/2014-CR<\/a>\u00a0no que couber.<\/p><p>Quanto ao Terminal Rodovi\u00e1rio de Goi\u00e2nia e ao subterminal de Campinas, \u00e0 AGR compete a fiscaliza\u00e7\u00e3o econ\u00f4mica do contrato de concess\u00e3o vigente desde 14 de julho 1998.<\/p>\t\t\t\t\t\t\t\t<\/div>\n\t\t\t\t<div class=\"elementor-element elementor-element-406aa3c elementor-widget elementor-widget-n-accordion\" data-id=\"406aa3c\" data-element_type=\"widget\" data-e-type=\"widget\" data-settings=\"{&quot;default_state&quot;:&quot;all_collapsed&quot;,&quot;max_items_expended&quot;:&quot;one&quot;,&quot;n_accordion_animation_duration&quot;:{&quot;unit&quot;:&quot;ms&quot;,&quot;size&quot;:400,&quot;sizes&quot;:[]}}\" data-widget_type=\"nested-accordion.default\">\n\t\t\t\t\t\t\t<div class=\"e-n-accordion\" aria-label=\"Accordion. Open links with Enter or Space, close with Escape, and navigate with Arrow Keys\">\n\t\t\t\t\t\t<details id=\"e-n-accordion-item-6750\" class=\"e-n-accordion-item\" >\n\t\t\t\t<summary class=\"e-n-accordion-item-title\" data-accordion-index=\"1\" tabindex=\"0\" aria-expanded=\"false\" aria-controls=\"e-n-accordion-item-6750\" >\n\t\t\t\t\t<span class='e-n-accordion-item-title-header'><div class=\"e-n-accordion-item-title-text\"> Panorama dos Terminais Rodovi\u00e1rios de Passageiros <\/div><\/span>\n\t\t\t\t\t\t\t<span class='e-n-accordion-item-title-icon'>\n\t\t\t<span class='e-opened' ><svg aria-hidden=\"true\" class=\"e-font-icon-svg e-fas-angle-down\" viewBox=\"0 0 320 512\" xmlns=\"http:\/\/www.w3.org\/2000\/svg\"><path d=\"M143 352.3L7 216.3c-9.4-9.4-9.4-24.6 0-33.9l22.6-22.6c9.4-9.4 24.6-9.4 33.9 0l96.4 96.4 96.4-96.4c9.4-9.4 24.6-9.4 33.9 0l22.6 22.6c9.4 9.4 9.4 24.6 0 33.9l-136 136c-9.2 9.4-24.4 9.4-33.8 0z\"><\/path><\/svg><\/span>\n\t\t\t<span class='e-closed'><svg aria-hidden=\"true\" class=\"e-font-icon-svg e-fas-angle-right\" viewBox=\"0 0 256 512\" xmlns=\"http:\/\/www.w3.org\/2000\/svg\"><path d=\"M224.3 273l-136 136c-9.4 9.4-24.6 9.4-33.9 0l-22.6-22.6c-9.4-9.4-9.4-24.6 0-33.9l96.4-96.4-96.4-96.4c-9.4-9.4-9.4-24.6 0-33.9L54.3 103c9.4-9.4 24.6-9.4 33.9 0l136 136c9.5 9.4 9.5 24.6.1 34z\"><\/path><\/svg><\/span>\n\t\t<\/span>\n\n\t\t\t\t\t\t<\/summary>\n\t\t\t\t<div role=\"region\" aria-labelledby=\"e-n-accordion-item-6750\" class=\"elementor-element elementor-element-ba27f68 e-con-full e-flex e-con e-child\" data-id=\"ba27f68\" data-element_type=\"container\" data-e-type=\"container\">\n\t\t\t\t<div class=\"elementor-element elementor-element-7b76270 elementor-widget elementor-widget-text-editor\" data-id=\"7b76270\" data-element_type=\"widget\" data-e-type=\"widget\" data-widget_type=\"text-editor.default\">\n\t\t\t\t\t\t\t\t\t<ul><li><p>A partir de levantamentos realizados pela equipe de vistoria da GERED e da equipe da GEPIT\/SGG, foram contabilizados em 2022 (at\u00e9 agosto), 251 TRPs e mais dois concedidos (TRP de Goi\u00e2nia\/Campinas e o TRP de An\u00e1polis). Na figura abaixo apresenta-se o panorama dos TRPs do estado considerando o propriet\u00e1rio e a entidade gestora.<\/p><p><img fetchpriority=\"high\" decoding=\"async\" class=\"alignnone size-medium wp-image-30497\" src=\"\/agr\/wp-content\/uploads\/sites\/43\/2023\/01\/terminais-gered-2022-300x195.png\" alt=\"\" width=\"300\" height=\"195\" \/><\/p><p><sub>Nota: GEPIT (Ger\u00eancia de Pol\u00edticas de Infraestrutura e Transporte)<\/sub><\/p><p>Conforme a figura acima, observa-se que seis (2,4%) s\u00e3o particulares, quatro (1,6%) pertencem ao estado mas administrados por Associa\u00e7\u00f5es; oito s\u00e3o administrados pela GEPIT e pertencem ao estado; 37 (14,7%) s\u00e3o TRPs pertencentes e administrados pelos munic\u00edpios e 196 (78,1%) pertencem ao estado e s\u00e3o administrados, via termo de cess\u00e3o de uso, pelos munic\u00edpios. Por fim, at\u00e9 maio de 2022, a equipe de vistoria da GERED j\u00e1 haviam vistoriados 53 (cerca de 21%) do total de TRPs localizados no estado de Go\u00edais.<\/p><\/li><\/ul>\t\t\t\t\t\t\t\t<\/div>\n\t\t\t\t<\/div>\n\t\t\t\t\t<\/details>\n\t\t\t\t\t<\/div>\n\t\t\t\t\t\t<\/div>\n\t\t\t\t<\/div>\n\t\t<div class=\"elementor-element elementor-element-d23fc42 e-con-full e-flex e-con e-child\" data-id=\"d23fc42\" data-element_type=\"container\" data-e-type=\"container\">\n\t\t\t\t<div class=\"elementor-element elementor-element-82ed985 elementor-widget elementor-widget-image\" data-id=\"82ed985\" data-element_type=\"widget\" data-e-type=\"widget\" data-widget_type=\"image.default\">\n\t\t\t\t\t\t\t\t\t\t\t\t\t\t\t\t<a href=\"\/agr\/prestacao-de-contas-trps\/\" target=\"_blank\">\n\t\t\t\t\t\t\t<img decoding=\"async\" src=\"https:\/\/goias.gov.br\/agr\/wp-content\/uploads\/sites\/43\/2023\/01\/prestacao-contas.png\" title=\"\" alt=\"\" loading=\"lazy\" \/>\t\t\t\t\t\t\t\t<\/a>\n\t\t\t\t\t\t\t\t\t\t\t\t\t\t\t<\/div>\n\t\t\t\t<div class=\"elementor-element elementor-element-b51313c elementor-widget elementor-widget-image\" data-id=\"b51313c\" data-element_type=\"widget\" data-e-type=\"widget\" data-widget_type=\"image.default\">\n\t\t\t\t\t\t\t\t\t\t\t\t\t\t\t\t<a href=\"https:\/\/www.portal.agr.go.gov.br\/ouvidoria\/login.jsp\" target=\"_blank\">\n\t\t\t\t\t\t\t<img decoding=\"async\" src=\"https:\/\/goias.gov.br\/agr\/wp-content\/uploads\/sites\/43\/2023\/01\/manifestacoes-reclamacoes.png\" title=\"\" alt=\"\" loading=\"lazy\" \/>\t\t\t\t\t\t\t\t<\/a>\n\t\t\t\t\t\t\t\t\t\t\t\t\t\t\t<\/div>\n\t\t\t\t<div class=\"elementor-element elementor-element-fcfb299 elementor-widget elementor-widget-image\" data-id=\"fcfb299\" data-element_type=\"widget\" data-e-type=\"widget\" data-widget_type=\"image.default\">\n\t\t\t\t\t\t\t\t\t\t\t\t\t\t\t\t<a href=\"\/agr\/contratos-de-concessao\/\" target=\"_blank\">\n\t\t\t\t\t\t\t<img decoding=\"async\" src=\"https:\/\/goias.gov.br\/agr\/wp-content\/uploads\/sites\/43\/2023\/01\/contrato-concessao-2.png\" title=\"\" alt=\"\" loading=\"lazy\" \/>\t\t\t\t\t\t\t\t<\/a>\n\t\t\t\t\t\t\t\t\t\t\t\t\t\t\t<\/div>\n\t\t\t\t<div class=\"elementor-element elementor-element-597e002 elementor-widget elementor-widget-image\" data-id=\"597e002\" data-element_type=\"widget\" data-e-type=\"widget\" data-widget_type=\"image.default\">\n\t\t\t\t\t\t\t\t\t\t\t\t\t\t\t\t<a href=\"\/agr\/terminais-rodoviarios-lista\/\" target=\"_blank\">\n\t\t\t\t\t\t\t<img decoding=\"async\" src=\"https:\/\/goias.gov.br\/agr\/wp-content\/uploads\/sites\/43\/2023\/01\/terminais-rodoviarios-2.png\" title=\"\" alt=\"\" loading=\"lazy\" \/>\t\t\t\t\t\t\t\t<\/a>\n\t\t\t\t\t\t\t\t\t\t\t\t\t\t\t<\/div>\n\t\t\t\t<\/div>\n\t\t\t\t\t<\/div>\n\t\t\t\t<\/div>\n\t\t\t\t<\/div>\n\t\t","protected":false},"excerpt":{"rendered":"<p>Desde 2022, com a aprova\u00e7\u00e3o da\u00a0Lei n\u00ba 21.297, cabe \u00e0 Secretaria-Geral da Governadoria (SGG), formalizar com os munic\u00edpios os termos de cess\u00e3o de uso, n\u00e3o remunerados, dos terminais rodovi\u00e1rios de passageiros de propriedade do Estado de Goi\u00e1s. Com os termos, prefeituras ou empresas t\u00eam o direito de usar, administrar e explorar, inclusive comercialmente, os terminais, [&hellip;]<\/p>\n","protected":false},"author":77,"featured_media":0,"parent":0,"menu_order":0,"comment_status":"closed","ping_status":"closed","template":"","meta":{"footnotes":""},"class_list":["post-35623","page","type-page","status-publish","hentry"],"rttpg_featured_image_url":null,"rttpg_author":{"display_name":"barbaragodoy","author_link":"https:\/\/goias.gov.br\/agr\/author\/barbaragodoy\/"},"rttpg_comment":0,"rttpg_category":null,"rttpg_excerpt":"Desde 2022, com a aprova\u00e7\u00e3o da\u00a0Lei n\u00ba 21.297, cabe \u00e0 Secretaria-Geral da Governadoria (SGG), formalizar com os munic\u00edpios os termos de cess\u00e3o de uso, n\u00e3o remunerados, dos terminais rodovi\u00e1rios de passageiros de propriedade do Estado de Goi\u00e1s. Com os termos, prefeituras ou empresas t\u00eam o direito de usar, administrar e explorar, inclusive comercialmente, os terminais,&hellip;","_links":{"self":[{"href":"https:\/\/goias.gov.br\/agr\/wp-json\/wp\/v2\/pages\/35623","targetHints":{"allow":["GET"]}}],"collection":[{"href":"https:\/\/goias.gov.br\/agr\/wp-json\/wp\/v2\/pages"}],"about":[{"href":"https:\/\/goias.gov.br\/agr\/wp-json\/wp\/v2\/types\/page"}],"author":[{"embeddable":true,"href":"https:\/\/goias.gov.br\/agr\/wp-json\/wp\/v2\/users\/77"}],"replies":[{"embeddable":true,"href":"https:\/\/goias.gov.br\/agr\/wp-json\/wp\/v2\/comments?post=35623"}],"version-history":[{"count":3,"href":"https:\/\/goias.gov.br\/agr\/wp-json\/wp\/v2\/pages\/35623\/revisions"}],"predecessor-version":[{"id":279669,"href":"https:\/\/goias.gov.br\/agr\/wp-json\/wp\/v2\/pages\/35623\/revisions\/279669"}],"wp:attachment":[{"href":"https:\/\/goias.gov.br\/agr\/wp-json\/wp\/v2\/media?parent=35623"}],"curies":[{"name":"wp","href":"https:\/\/api.w.org\/{rel}","templated":true}]}}