

{"id":35615,"date":"2023-01-12T04:55:48","date_gmt":"2023-01-12T07:55:48","guid":{"rendered":"https:\/\/wwwdesenv.joomlamultidesenv.go.gov.br\/agr\/?page_id=30400"},"modified":"2026-01-06T16:56:19","modified_gmt":"2026-01-06T19:56:19","slug":"saneamento-basico","status":"publish","type":"page","link":"https:\/\/goias.gov.br\/agr\/saneamento-basico\/","title":{"rendered":"Saneamento B\u00e1sico"},"content":{"rendered":"\t\t<div data-elementor-type=\"wp-page\" data-elementor-id=\"35615\" class=\"elementor elementor-35615\">\n\t\t\t\t<div class=\"elementor-element elementor-element-b8ec318 e-flex e-con-boxed e-con e-parent\" data-id=\"b8ec318\" data-element_type=\"container\" data-e-type=\"container\">\n\t\t\t\t\t<div class=\"e-con-inner\">\n\t\t<div class=\"elementor-element elementor-element-aefcefc e-con-full e-flex e-con e-child\" data-id=\"aefcefc\" data-element_type=\"container\" data-e-type=\"container\">\n\t\t\t\t<div class=\"elementor-element elementor-element-4eaa2cb elementor-widget elementor-widget-image\" data-id=\"4eaa2cb\" data-element_type=\"widget\" data-e-type=\"widget\" data-widget_type=\"image.default\">\n\t\t\t\t\t\t\t\t\t\t\t\t\t\t\t<img decoding=\"async\" src=\"https:\/\/goias.gov.br\/agr\/wp-content\/uploads\/sites\/43\/2023\/01\/saneamento-basico-banner.jpg\" title=\"\" alt=\"\" loading=\"lazy\" \/>\t\t\t\t\t\t\t\t\t\t\t\t\t\t\t<\/div>\n\t\t\t\t<div class=\"elementor-element elementor-element-042915c elementor-widget elementor-widget-text-editor\" data-id=\"042915c\" data-element_type=\"widget\" data-e-type=\"widget\" data-widget_type=\"text-editor.default\">\n\t\t\t\t\t\t\t\t\t<p style=\"text-align: justify;\">A AGR realiza, por interm\u00e9dio da Ger\u00eancia de Saneamento B\u00e1sico, a regula\u00e7\u00e3o, o controle e a fiscaliza\u00e7\u00e3o dos servi\u00e7os de abastecimento de \u00e1gua e esgotamento sanit\u00e1rio de forma supletiva nos munic\u00edpios em que os titulares deixem de cumprir as exig\u00eancias de que trata a lei do marco regulat\u00f3rio estadual, de forma a garantir servi\u00e7os adequados aos usu\u00e1rios e de forma plena nos munic\u00edpios que optem por delegar a ela tais compet\u00eancias, por meio de lei ou conv\u00eanio.<\/p>\t\t\t\t\t\t\t\t<\/div>\n\t\t\t\t<div class=\"elementor-element elementor-element-87366f9 elementor-widget elementor-widget-n-accordion\" data-id=\"87366f9\" data-element_type=\"widget\" data-e-type=\"widget\" data-settings=\"{&quot;default_state&quot;:&quot;all_collapsed&quot;,&quot;max_items_expended&quot;:&quot;one&quot;,&quot;n_accordion_animation_duration&quot;:{&quot;unit&quot;:&quot;ms&quot;,&quot;size&quot;:400,&quot;sizes&quot;:[]}}\" data-widget_type=\"nested-accordion.default\">\n\t\t\t\t\t\t\t<div class=\"e-n-accordion\" aria-label=\"Accordion. Open links with Enter or Space, close with Escape, and navigate with Arrow Keys\">\n\t\t\t\t\t\t<details id=\"e-n-accordion-item-1410\" class=\"e-n-accordion-item\" >\n\t\t\t\t<summary class=\"e-n-accordion-item-title\" data-accordion-index=\"1\" tabindex=\"0\" aria-expanded=\"false\" aria-controls=\"e-n-accordion-item-1410\" >\n\t\t\t\t\t<span class='e-n-accordion-item-title-header'><div class=\"e-n-accordion-item-title-text\"> Compet\u00eancias da Ger\u00eancia de Saneamento <\/div><\/span>\n\t\t\t\t\t\t\t<span class='e-n-accordion-item-title-icon'>\n\t\t\t<span class='e-opened' ><svg aria-hidden=\"true\" class=\"e-font-icon-svg e-fas-angle-down\" viewBox=\"0 0 320 512\" xmlns=\"http:\/\/www.w3.org\/2000\/svg\"><path d=\"M143 352.3L7 216.3c-9.4-9.4-9.4-24.6 0-33.9l22.6-22.6c9.4-9.4 24.6-9.4 33.9 0l96.4 96.4 96.4-96.4c9.4-9.4 24.6-9.4 33.9 0l22.6 22.6c9.4 9.4 9.4 24.6 0 33.9l-136 136c-9.2 9.4-24.4 9.4-33.8 0z\"><\/path><\/svg><\/span>\n\t\t\t<span class='e-closed'><svg aria-hidden=\"true\" class=\"e-font-icon-svg e-fas-angle-right\" viewBox=\"0 0 256 512\" xmlns=\"http:\/\/www.w3.org\/2000\/svg\"><path d=\"M224.3 273l-136 136c-9.4 9.4-24.6 9.4-33.9 0l-22.6-22.6c-9.4-9.4-9.4-24.6 0-33.9l96.4-96.4-96.4-96.4c-9.4-9.4-9.4-24.6 0-33.9L54.3 103c9.4-9.4 24.6-9.4 33.9 0l136 136c9.5 9.4 9.5 24.6.1 34z\"><\/path><\/svg><\/span>\n\t\t<\/span>\n\n\t\t\t\t\t\t<\/summary>\n\t\t\t\t<div role=\"region\" aria-labelledby=\"e-n-accordion-item-1410\" class=\"elementor-element elementor-element-a86d9c5 e-con-full e-flex e-con e-child\" data-id=\"a86d9c5\" data-element_type=\"container\" data-e-type=\"container\">\n\t\t\t\t<div class=\"elementor-element elementor-element-716e8f3 elementor-widget elementor-widget-text-editor\" data-id=\"716e8f3\" data-element_type=\"widget\" data-e-type=\"widget\" data-widget_type=\"text-editor.default\">\n\t\t\t\t\t\t\t\t\t<ul><li><p class=\"x_MsoNormal\" style=\"text-align: justify;\">A Lei n\u00ba 11.445, de 5 de janeiro de 2007, alterada pela Lei n\u00ba 14.026, de 15 de julho de 2020, define o Saneamento B\u00e1sico como o conjunto de servi\u00e7os p\u00fablicos, infraestruturas e instala\u00e7\u00f5es operacionais de abastecimento de \u00e1gua pot\u00e1vel, esgotamento sanit\u00e1rio, limpeza urbana e manejo de res\u00edduos s\u00f3lidos e drenagem e manejo das \u00e1guas pluviais urbanas.<\/p><p class=\"x_MsoNormal\" style=\"text-align: justify;\">\u00a0Por meio da Lei Estadual n\u00ba 14.939, de 15 de setembro de 2004, foi dada \u00e0 Ag\u00eancia Goiana de Regula\u00e7\u00e3o, Controle e Fiscaliza\u00e7\u00e3o de Servi\u00e7os P\u00fablicos (AGR) a compet\u00eancia de aplicar o Marco Regulat\u00f3rio da Presta\u00e7\u00e3o de Servi\u00e7os de Abastecimento de \u00c1gua e Esgotamento Sanit\u00e1rio.<\/p><p class=\"x_MsoNormal\" style=\"text-align: justify;\">\u00a0Cabe \u00e0 AGR:<\/p><ul style=\"text-align: justify;\" type=\"disc\"><li class=\"x_MsoNormal\">Atender \u00e0s solicita\u00e7\u00f5es e reclama\u00e7\u00f5es dos usu\u00e1rios;<\/li><li class=\"x_MsoNormal\">Acompanhar a qualidade da \u00e1gua;<\/li><li class=\"x_MsoNormal\">Verificar o cumprimento das metas de universaliza\u00e7\u00e3o dos servi\u00e7os de saneamento b\u00e1sico;<\/li><li class=\"x_MsoNormal\">Fiscalizar a manuten\u00e7\u00e3o e preserva\u00e7\u00e3o das instala\u00e7\u00f5es dos sistemas de \u00e1gua e esgoto;<\/li><li class=\"x_MsoNormal\">Acompanhar os investimentos e racionaliza\u00e7\u00e3o dos custos;<\/li><li class=\"x_MsoNormal\">Fixar tarifas e aprovar reajustes e revis\u00f5es tarif\u00e1rias;<\/li><li class=\"x_MsoNormal\">Acompanhar outros aspectos da presta\u00e7\u00e3o de servi\u00e7os de saneamento b\u00e1sico.<\/li><\/ul><p class=\"x_MsoNormal\" style=\"text-align: justify;\">A AGR fiscaliza efetivamente o sistema de abastecimento de \u00e1gua e esgotamento sanit\u00e1rio nos 225 munic\u00edpios onde a Saneago atua, sendo que em quatro deles a presta\u00e7\u00e3o dos servi\u00e7os de esgotamento sanit\u00e1rio foi delegada \u00e0 BRK Ambiental (Aparecida de Goi\u00e2nia, Rio Verde, Jata\u00ed e Trindade).<\/p><p class=\"x_MsoNormal\" style=\"text-align: justify;\">Atualmente, a AGR regula e fiscaliza\u00a0as prestadoras de servi\u00e7os Buriti Alegre Ambiental S.P.E.-S\/A e \u00c1guas de Ipameri S.P.E. S\/A respons\u00e1veis pela presta\u00e7\u00e3o de servi\u00e7os de saneamento b\u00e1sico nos munic\u00edpios de Buriti Alegre e Ipameri, respectivamente.<\/p><p style=\"text-align: justify;\">Com isso, busca garantir o cumprimento pelas partes (prestadores de servi\u00e7os\u00a0e usu\u00e1rios) da legisla\u00e7\u00e3o em vigor e, sobretudo, permitir ao usu\u00e1rio o exerc\u00edcio dos seus direitos, exigindo-lhe tamb\u00e9m o cumprimento dos seus deveres de forma ampla e transparente.<br \/>Na inten\u00e7\u00e3o de promover a uniformiza\u00e7\u00e3o dos normativos regulat\u00f3rios, a AGR possui\u00a0conv\u00eanios\u00a0com a Ag\u00eancia de Regula\u00e7\u00e3o de Goi\u00e2nia (AR) e Ag\u00eancia de Regula\u00e7\u00e3o dos Servi\u00e7os P\u00fablicos de Saneamento B\u00e1sico de Rio Verde (AMAE).<\/p><p class=\"x_MsoNormal\" style=\"text-align: justify;\">A Ger\u00eancia de Saneamento B\u00e1sico \u00e9 a respons\u00e1vel pela fiscaliza\u00e7\u00e3o dos servi\u00e7os de saneamento, tendo como atribui\u00e7\u00f5es:<\/p><ul type=\"disc\"><li class=\"x_MsoNormal\" style=\"text-align: justify;\">Elaborar regulamenta\u00e7\u00f5es;<\/li><li class=\"x_MsoNormal\" style=\"text-align: justify;\">Fiscalizar a presta\u00e7\u00e3o dos servi\u00e7os de saneamento b\u00e1sico;<\/li><li class=\"x_MsoNormal\" style=\"text-align: justify;\">Analisar solicita\u00e7\u00f5es e reclama\u00e7\u00f5es de Ouvidoria;<\/li><li class=\"x_MsoNormal\" style=\"text-align: justify;\">Elaborar c\u00e1lculos e estudos para Reajuste e Revis\u00e3o Tarif\u00e1ria;<\/li><li class=\"x_MsoNormal\" style=\"text-align: justify;\">Avaliar a qualidade dos servi\u00e7os prestados;<\/li><li class=\"x_MsoNormal\" style=\"text-align: justify;\">Acompanhar o cumprimento dos contratos firmados entre prestadores de servi\u00e7o e munic\u00edpios, inclusive obras e metas de universaliza\u00e7\u00e3o dos servi\u00e7os de saneamento b\u00e1sico.<\/li><\/ul><\/li><\/ul>\t\t\t\t\t\t\t\t<\/div>\n\t\t\t\t<\/div>\n\t\t\t\t\t<\/details>\n\t\t\t\t\t<\/div>\n\t\t\t\t\t\t<\/div>\n\t\t\t\t<\/div>\n\t\t<div class=\"elementor-element elementor-element-1aa3100 e-con-full e-flex e-con e-child\" data-id=\"1aa3100\" data-element_type=\"container\" data-e-type=\"container\">\n\t\t\t\t<div class=\"elementor-element elementor-element-7a286c2 elementor-widget elementor-widget-image\" data-id=\"7a286c2\" data-element_type=\"widget\" data-e-type=\"widget\" data-widget_type=\"image.default\">\n\t\t\t\t\t\t\t\t\t\t\t\t\t\t\t\t<a href=\"\/agr\/relatorios-de-fiscalizacao\/\" target=\"_blank\">\n\t\t\t\t\t\t\t<img decoding=\"async\" src=\"https:\/\/goias.gov.br\/agr\/wp-content\/uploads\/sites\/43\/2023\/01\/relatorio-saneamento-1.png\" title=\"\" alt=\"\" loading=\"lazy\" \/>\t\t\t\t\t\t\t\t<\/a>\n\t\t\t\t\t\t\t\t\t\t\t\t\t\t\t<\/div>\n\t\t\t\t<div class=\"elementor-element elementor-element-e365b90 elementor-widget elementor-widget-image\" data-id=\"e365b90\" data-element_type=\"widget\" data-e-type=\"widget\" data-widget_type=\"image.default\">\n\t\t\t\t\t\t\t\t\t\t\t\t\t\t\t\t<a href=\"https:\/\/goias.gov.br\/agr\/microrregioes-de-saneamento-basico\/\" target=\"_blank\">\n\t\t\t\t\t\t\t<img decoding=\"async\" src=\"https:\/\/goias.gov.br\/agr\/wp-content\/uploads\/sites\/43\/2025\/01\/Microrregioes-saneamento.png\" title=\"\" alt=\"\" loading=\"lazy\" \/>\t\t\t\t\t\t\t\t<\/a>\n\t\t\t\t\t\t\t\t\t\t\t\t\t\t\t<\/div>\n\t\t\t\t<div class=\"elementor-element elementor-element-5616f39 elementor-widget elementor-widget-image\" data-id=\"5616f39\" data-element_type=\"widget\" data-e-type=\"widget\" data-widget_type=\"image.default\">\n\t\t\t\t\t\t\t\t\t\t\t\t\t\t\t\t<a href=\"\/agr\/autos-de-infracao-saneamento\/\" target=\"_blank\">\n\t\t\t\t\t\t\t<img decoding=\"async\" src=\"https:\/\/goias.gov.br\/agr\/wp-content\/uploads\/sites\/43\/2023\/01\/autos-infracao.png\" title=\"\" alt=\"\" loading=\"lazy\" \/>\t\t\t\t\t\t\t\t<\/a>\n\t\t\t\t\t\t\t\t\t\t\t\t\t\t\t<\/div>\n\t\t\t\t<div class=\"elementor-element elementor-element-917bdc4 elementor-widget elementor-widget-image\" data-id=\"917bdc4\" data-element_type=\"widget\" data-e-type=\"widget\" data-widget_type=\"image.default\">\n\t\t\t\t\t\t\t\t\t\t\t\t\t\t\t\t<a href=\"\/agr\/convenio-saneamento\/\" target=\"_blank\">\n\t\t\t\t\t\t\t<img decoding=\"async\" src=\"https:\/\/goias.gov.br\/agr\/wp-content\/uploads\/sites\/43\/2023\/01\/convenios.png\" title=\"\" alt=\"\" loading=\"lazy\" \/>\t\t\t\t\t\t\t\t<\/a>\n\t\t\t\t\t\t\t\t\t\t\t\t\t\t\t<\/div>\n\t\t\t\t<div class=\"elementor-element elementor-element-86d1808 elementor-widget elementor-widget-image\" data-id=\"86d1808\" data-element_type=\"widget\" data-e-type=\"widget\" data-widget_type=\"image.default\">\n\t\t\t\t\t\t\t\t\t\t\t\t\t\t\t\t<a href=\"https:\/\/goias.gov.br\/agr\/revisoes-e-reajustes-de-tarifas\/\" target=\"_blank\">\n\t\t\t\t\t\t\t<img decoding=\"async\" src=\"https:\/\/goias.gov.br\/agr\/wp-content\/uploads\/sites\/43\/2023\/01\/reajuste-revisao-tarifas-1.png\" title=\"\" alt=\"\" loading=\"lazy\" \/>\t\t\t\t\t\t\t\t<\/a>\n\t\t\t\t\t\t\t\t\t\t\t\t\t\t\t<\/div>\n\t\t\t\t<div class=\"elementor-element elementor-element-23b1686 elementor-widget elementor-widget-image\" data-id=\"23b1686\" data-element_type=\"widget\" data-e-type=\"widget\" data-widget_type=\"image.default\">\n\t\t\t\t\t\t\t\t\t\t\t\t\t\t\t\t<a href=\"\/agr\/legislacao-saneamento\/\" target=\"_blank\">\n\t\t\t\t\t\t\t<img decoding=\"async\" src=\"https:\/\/goias.gov.br\/agr\/wp-content\/uploads\/sites\/43\/2023\/01\/legislacao-2.png\" title=\"\" alt=\"\" loading=\"lazy\" \/>\t\t\t\t\t\t\t\t<\/a>\n\t\t\t\t\t\t\t\t\t\t\t\t\t\t\t<\/div>\n\t\t\t\t<div class=\"elementor-element elementor-element-bdbdf03 elementor-widget elementor-widget-image\" data-id=\"bdbdf03\" data-element_type=\"widget\" data-e-type=\"widget\" data-widget_type=\"image.default\">\n\t\t\t\t\t\t\t\t\t\t\t\t\t\t\t\t<a href=\"https:\/\/goias.gov.br\/agr\/planos-de-racionamento-de-agua\/\" target=\"_blank\">\n\t\t\t\t\t\t\t<img decoding=\"async\" src=\"https:\/\/goias.gov.br\/agr\/wp-content\/uploads\/sites\/43\/2023\/01\/planos-racionamento.png\" title=\"\" alt=\"\" loading=\"lazy\" \/>\t\t\t\t\t\t\t\t<\/a>\n\t\t\t\t\t\t\t\t\t\t\t\t\t\t\t<\/div>\n\t\t\t\t<div class=\"elementor-element elementor-element-ae94406 elementor-widget elementor-widget-image\" data-id=\"ae94406\" data-element_type=\"widget\" data-e-type=\"widget\" data-widget_type=\"image.default\">\n\t\t\t\t\t\t\t\t\t\t\t\t\t\t\t\t<a href=\"https:\/\/goias.gov.br\/agr\/saneamento-basico\/projeto-acertar\/\" target=\"_blank\">\n\t\t\t\t\t\t\t<img decoding=\"async\" src=\"https:\/\/goias.gov.br\/agr\/wp-content\/uploads\/sites\/43\/2024\/08\/projeto-acertar.png\" title=\"\" alt=\"\" loading=\"lazy\" \/>\t\t\t\t\t\t\t\t<\/a>\n\t\t\t\t\t\t\t\t\t\t\t\t\t\t\t<\/div>\n\t\t\t\t<div class=\"elementor-element elementor-element-a576976 elementor-widget elementor-widget-image\" data-id=\"a576976\" data-element_type=\"widget\" data-e-type=\"widget\" data-widget_type=\"image.default\">\n\t\t\t\t\t\t\t\t\t\t\t\t\t\t\t\t<a href=\"https:\/\/goias.gov.br\/agr\/capacidade-economico-financeira-saneago\/\" target=\"_blank\">\n\t\t\t\t\t\t\t<img decoding=\"async\" src=\"https:\/\/goias.gov.br\/agr\/wp-content\/uploads\/sites\/43\/2025\/02\/buttom-economico-financeiro-corr.png\" title=\"\" alt=\"\" loading=\"lazy\" \/>\t\t\t\t\t\t\t\t<\/a>\n\t\t\t\t\t\t\t\t\t\t\t\t\t\t\t<\/div>\n\t\t\t\t<div class=\"elementor-element elementor-element-69f9ccc elementor-widget elementor-widget-image\" data-id=\"69f9ccc\" data-element_type=\"widget\" data-e-type=\"widget\" data-widget_type=\"image.default\">\n\t\t\t\t\t\t\t\t\t\t\t\t\t\t\t\t<a href=\"https:\/\/goias.gov.br\/agr\/contratos-de-prestacao-de-servico-de-saneamento-basico\/\" target=\"_blank\">\n\t\t\t\t\t\t\t<img decoding=\"async\" src=\"https:\/\/goias.gov.br\/agr\/wp-content\/uploads\/sites\/43\/2025\/08\/buttom-Contratos-de-prestacao-de-servico-de-saneamento-basico.png\" title=\"\" alt=\"\" loading=\"lazy\" \/>\t\t\t\t\t\t\t\t<\/a>\n\t\t\t\t\t\t\t\t\t\t\t\t\t\t\t<\/div>\n\t\t\t\t<div class=\"elementor-element elementor-element-e481ed9 elementor-widget elementor-widget-image\" data-id=\"e481ed9\" data-element_type=\"widget\" data-e-type=\"widget\" data-widget_type=\"image.default\">\n\t\t\t\t\t\t\t\t\t\t\t\t\t\t\t\t<a href=\"https:\/\/goias.gov.br\/agr\/conformidade-com-normativos-da-ana\/\">\n\t\t\t\t\t\t\t<img decoding=\"async\" width=\"276\" height=\"84\" src=\"https:\/\/goias.gov.br\/agr\/wp-content\/uploads\/sites\/43\/2025\/11\/Conformidade-com-Normativos-da-ANA-1.jpg\" class=\"attachment-large size-large wp-image-270007\" alt=\"\" \/>\t\t\t\t\t\t\t\t<\/a>\n\t\t\t\t\t\t\t\t\t\t\t\t\t\t\t<\/div>\n\t\t\t\t<\/div>\n\t\t\t\t\t<\/div>\n\t\t\t\t<\/div>\n\t\t\t\t<\/div>\n\t\t","protected":false},"excerpt":{"rendered":"<p>A AGR realiza, por interm\u00e9dio da Ger\u00eancia de Saneamento B\u00e1sico, a regula\u00e7\u00e3o, o controle e a fiscaliza\u00e7\u00e3o dos servi\u00e7os de abastecimento de \u00e1gua e esgotamento sanit\u00e1rio de forma supletiva nos munic\u00edpios em que os titulares deixem de cumprir as exig\u00eancias de que trata a lei do marco regulat\u00f3rio estadual, de forma a garantir servi\u00e7os adequados [&hellip;]<\/p>\n","protected":false},"author":77,"featured_media":0,"parent":0,"menu_order":0,"comment_status":"closed","ping_status":"closed","template":"","meta":{"footnotes":""},"class_list":["post-35615","page","type-page","status-publish","hentry"],"rttpg_featured_image_url":null,"rttpg_author":{"display_name":"barbaragodoy","author_link":"https:\/\/goias.gov.br\/agr\/author\/barbaragodoy\/"},"rttpg_comment":0,"rttpg_category":null,"rttpg_excerpt":"A AGR realiza, por interm\u00e9dio da Ger\u00eancia de Saneamento B\u00e1sico, a regula\u00e7\u00e3o, o controle e a fiscaliza\u00e7\u00e3o dos servi\u00e7os de abastecimento de \u00e1gua e esgotamento sanit\u00e1rio de forma supletiva nos munic\u00edpios em que os titulares deixem de cumprir as exig\u00eancias de que trata a lei do marco regulat\u00f3rio estadual, de forma a garantir servi\u00e7os adequados&hellip;","_links":{"self":[{"href":"https:\/\/goias.gov.br\/agr\/wp-json\/wp\/v2\/pages\/35615","targetHints":{"allow":["GET"]}}],"collection":[{"href":"https:\/\/goias.gov.br\/agr\/wp-json\/wp\/v2\/pages"}],"about":[{"href":"https:\/\/goias.gov.br\/agr\/wp-json\/wp\/v2\/types\/page"}],"author":[{"embeddable":true,"href":"https:\/\/goias.gov.br\/agr\/wp-json\/wp\/v2\/users\/77"}],"replies":[{"embeddable":true,"href":"https:\/\/goias.gov.br\/agr\/wp-json\/wp\/v2\/comments?post=35615"}],"version-history":[{"count":2,"href":"https:\/\/goias.gov.br\/agr\/wp-json\/wp\/v2\/pages\/35615\/revisions"}],"predecessor-version":[{"id":284327,"href":"https:\/\/goias.gov.br\/agr\/wp-json\/wp\/v2\/pages\/35615\/revisions\/284327"}],"wp:attachment":[{"href":"https:\/\/goias.gov.br\/agr\/wp-json\/wp\/v2\/media?parent=35615"}],"curies":[{"name":"wp","href":"https:\/\/api.w.org\/{rel}","templated":true}]}}