

{"id":155122,"date":"2025-02-04T10:24:09","date_gmt":"2025-02-04T13:24:09","guid":{"rendered":"https:\/\/goias.gov.br\/agr\/?page_id=155122"},"modified":"2026-01-08T17:03:42","modified_gmt":"2026-01-08T20:03:42","slug":"contratos-de-concessao","status":"publish","type":"page","link":"https:\/\/goias.gov.br\/agr\/contratos-de-concessao\/","title":{"rendered":"Contratos de Concess\u00e3o"},"content":{"rendered":"\t\t<div data-elementor-type=\"wp-page\" data-elementor-id=\"155122\" class=\"elementor elementor-155122\">\n\t\t\t\t<div class=\"elementor-element elementor-element-73041c2 e-flex e-con-boxed e-con e-parent\" data-id=\"73041c2\" data-element_type=\"container\" data-e-type=\"container\">\n\t\t\t\t\t<div class=\"e-con-inner\">\n\t\t<div class=\"elementor-element elementor-element-d8187ab e-con-full e-flex e-con e-child\" data-id=\"d8187ab\" data-element_type=\"container\" data-e-type=\"container\">\n\t\t\t\t<div class=\"elementor-element elementor-element-f82c24a elementor-widget elementor-widget-image\" data-id=\"f82c24a\" data-element_type=\"widget\" data-e-type=\"widget\" data-widget_type=\"image.default\">\n\t\t\t\t\t\t\t\t\t\t\t\t\t\t\t<img decoding=\"async\" src=\"https:\/\/goias.gov.br\/agr\/wp-content\/uploads\/sites\/43\/2025\/02\/contratos-concessao-banner.jpg\" title=\"\" alt=\"\" loading=\"lazy\" \/>\t\t\t\t\t\t\t\t\t\t\t\t\t\t\t<\/div>\n\t\t\t\t<div class=\"elementor-element elementor-element-0e63325 elementor-widget elementor-widget-text-editor\" data-id=\"0e63325\" data-element_type=\"widget\" data-e-type=\"widget\" data-widget_type=\"text-editor.default\">\n\t\t\t\t\t\t\t\t\t<div style=\"text-align: justify;\" data-olk-copy-source=\"MessageBody\">\u00a0<\/div><div style=\"text-align: justify;\" data-olk-copy-source=\"MessageBody\">Em 2004, foi institu\u00eddo o Programa de Parceiras P\u00fablico-Privadas que, entre seus objetivos, inclui a necessidade de fomentar o investimento em infraestrutura com qualidade, assegurando a estabilidade e seguran\u00e7a jur\u00eddica, com garantia de m\u00ednima interven\u00e7\u00e3o nos neg\u00f3cios e investimentos. Al\u00e9m de enfatizar a seguran\u00e7a ao setor privado, tamb\u00e9m foi refor\u00e7ado o comprometimento da autonomia dos entes reguladores, diante do fortalecimento do papel regulador do Estado.<\/div>\t\t\t\t\t\t\t\t<\/div>\n\t\t\t\t<div class=\"elementor-element elementor-element-108c57c elementor-widget elementor-widget-n-accordion\" data-id=\"108c57c\" data-element_type=\"widget\" data-e-type=\"widget\" data-settings=\"{&quot;default_state&quot;:&quot;all_collapsed&quot;,&quot;max_items_expended&quot;:&quot;one&quot;,&quot;n_accordion_animation_duration&quot;:{&quot;unit&quot;:&quot;ms&quot;,&quot;size&quot;:400,&quot;sizes&quot;:[]}}\" data-widget_type=\"nested-accordion.default\">\n\t\t\t\t\t\t\t<div class=\"e-n-accordion\" aria-label=\"Accordion. Open links with Enter or Space, close with Escape, and navigate with Arrow Keys\">\n\t\t\t\t\t\t<details id=\"e-n-accordion-item-1730\" class=\"e-n-accordion-item\" >\n\t\t\t\t<summary class=\"e-n-accordion-item-title\" data-accordion-index=\"1\" tabindex=\"0\" aria-expanded=\"false\" aria-controls=\"e-n-accordion-item-1730\" >\n\t\t\t\t\t<span class='e-n-accordion-item-title-header'><div class=\"e-n-accordion-item-title-text\"> Saiba Mais <\/div><\/span>\n\t\t\t\t\t\t\t<span class='e-n-accordion-item-title-icon'>\n\t\t\t<span class='e-opened' ><svg aria-hidden=\"true\" class=\"e-font-icon-svg e-fas-angle-down\" viewBox=\"0 0 320 512\" xmlns=\"http:\/\/www.w3.org\/2000\/svg\"><path d=\"M143 352.3L7 216.3c-9.4-9.4-9.4-24.6 0-33.9l22.6-22.6c9.4-9.4 24.6-9.4 33.9 0l96.4 96.4 96.4-96.4c9.4-9.4 24.6-9.4 33.9 0l22.6 22.6c9.4 9.4 9.4 24.6 0 33.9l-136 136c-9.2 9.4-24.4 9.4-33.8 0z\"><\/path><\/svg><\/span>\n\t\t\t<span class='e-closed'><svg aria-hidden=\"true\" class=\"e-font-icon-svg e-fas-angle-right\" viewBox=\"0 0 256 512\" xmlns=\"http:\/\/www.w3.org\/2000\/svg\"><path d=\"M224.3 273l-136 136c-9.4 9.4-24.6 9.4-33.9 0l-22.6-22.6c-9.4-9.4-9.4-24.6 0-33.9l96.4-96.4-96.4-96.4c-9.4-9.4-9.4-24.6 0-33.9L54.3 103c9.4-9.4 24.6-9.4 33.9 0l136 136c9.5 9.4 9.5 24.6.1 34z\"><\/path><\/svg><\/span>\n\t\t<\/span>\n\n\t\t\t\t\t\t<\/summary>\n\t\t\t\t<div role=\"region\" aria-labelledby=\"e-n-accordion-item-1730\" class=\"elementor-element elementor-element-7d27dec e-con-full e-flex e-con e-child\" data-id=\"7d27dec\" data-element_type=\"container\" data-e-type=\"container\">\n\t\t\t\t<div class=\"elementor-element elementor-element-6a97fa0 elementor-widget elementor-widget-text-editor\" data-id=\"6a97fa0\" data-element_type=\"widget\" data-e-type=\"widget\" data-widget_type=\"text-editor.default\">\n\t\t\t\t\t\t\t\t\t<ul><li><p style=\"text-align: justify;\">A\u00a0<a href=\"https:\/\/legisla.casacivil.go.gov.br\/api\/v2\/pesquisa\/legislacoes\/80845\/pdf\" target=\"_blank\" rel=\"noopener\">Lei n\u00ba. 14.910, de 11 de agosto de 2004<\/a>, instituiu o Programa de Parcerias P\u00fablico-Privadas e constituiu a Companhia de Investimentos e Parcerias do Estado de Goi\u00e1s, com o fim de colaborar, apoiar e viabilizar a implementa\u00e7\u00e3o do Programa de Parcerias P\u00fablico-Privadas, e outras parcerias de interesse do desenvolvimento econ\u00f4mico e social de Goi\u00e1s, atuando no di\u00e1logo com todos os processos, atores e instrumentos de governan\u00e7a que envolvam parcerias p\u00fablico-privadas para o avan\u00e7o e execu\u00e7\u00e3o desses projetos. \u00a0<\/p><\/li><\/ul>\t\t\t\t\t\t\t\t<\/div>\n\t\t\t\t<\/div>\n\t\t\t\t\t<\/details>\n\t\t\t\t\t<\/div>\n\t\t\t\t\t\t<\/div>\n\t\t\t\t<\/div>\n\t\t<div class=\"elementor-element elementor-element-ac62637 e-con-full e-flex e-con e-child\" data-id=\"ac62637\" data-element_type=\"container\" data-e-type=\"container\">\n\t\t\t\t<div class=\"elementor-element elementor-element-3ba3f5f elementor-widget elementor-widget-image\" data-id=\"3ba3f5f\" data-element_type=\"widget\" data-e-type=\"widget\" data-widget_type=\"image.default\">\n\t\t\t\t\t\t\t\t\t\t\t\t\t\t\t\t<a href=\"https:\/\/goias.gov.br\/agr\/terminal-rodoviario-de-goiania\/\" target=\"_blank\">\n\t\t\t\t\t\t\t<img decoding=\"async\" src=\"https:\/\/goias.gov.br\/agr\/wp-content\/uploads\/sites\/43\/2025\/02\/teminal-goiania-corr.png\" title=\"\" alt=\"\" loading=\"lazy\" \/>\t\t\t\t\t\t\t\t<\/a>\n\t\t\t\t\t\t\t\t\t\t\t\t\t\t\t<\/div>\n\t\t\t\t<div class=\"elementor-element elementor-element-cf0078b elementor-widget elementor-widget-image\" data-id=\"cf0078b\" data-element_type=\"widget\" data-e-type=\"widget\" data-widget_type=\"image.default\">\n\t\t\t\t\t\t\t\t\t\t\t\t\t\t\t\t<a href=\"https:\/\/goias.gov.br\/agr\/ponte-cocalinho-aruana\/\" target=\"_blank\">\n\t\t\t\t\t\t\t<img decoding=\"async\" src=\"https:\/\/goias.gov.br\/agr\/wp-content\/uploads\/sites\/43\/2025\/02\/ponte-button.png\" title=\"\" alt=\"\" loading=\"lazy\" \/>\t\t\t\t\t\t\t\t<\/a>\n\t\t\t\t\t\t\t\t\t\t\t\t\t\t\t<\/div>\n\t\t\t\t<div class=\"elementor-element elementor-element-c9a6587 elementor-widget elementor-widget-image\" data-id=\"c9a6587\" data-element_type=\"widget\" data-e-type=\"widget\" data-widget_type=\"image.default\">\n\t\t\t\t\t\t\t\t\t\t\t\t\t\t\t\t<a href=\"https:\/\/goias.gov.br\/agr\/centro-de-convencoes-de-goiania\/\" target=\"_blank\">\n\t\t\t\t\t\t\t<img decoding=\"async\" src=\"https:\/\/goias.gov.br\/agr\/wp-content\/uploads\/sites\/43\/2025\/02\/centro-convencoes-go.png\" title=\"\" alt=\"\" loading=\"lazy\" \/>\t\t\t\t\t\t\t\t<\/a>\n\t\t\t\t\t\t\t\t\t\t\t\t\t\t\t<\/div>\n\t\t\t\t<\/div>\n\t\t\t\t\t<\/div>\n\t\t\t\t<\/div>\n\t\t\t\t<\/div>\n\t\t","protected":false},"excerpt":{"rendered":"<p>\u00a0Em 2004, foi institu\u00eddo o Programa de Parceiras P\u00fablico-Privadas que, entre seus objetivos, inclui a necessidade de fomentar o investimento em infraestrutura com qualidade, assegurando a estabilidade e seguran\u00e7a jur\u00eddica, com garantia de m\u00ednima interven\u00e7\u00e3o nos neg\u00f3cios e investimentos. Al\u00e9m de enfatizar a seguran\u00e7a ao setor privado, tamb\u00e9m foi refor\u00e7ado o comprometimento da autonomia dos [&hellip;]<\/p>\n","protected":false},"author":391,"featured_media":0,"parent":0,"menu_order":0,"comment_status":"closed","ping_status":"closed","template":"","meta":{"footnotes":""},"class_list":["post-155122","page","type-page","status-publish","hentry"],"rttpg_featured_image_url":null,"rttpg_author":{"display_name":"joaorferreira@goias.gov.br","author_link":"https:\/\/goias.gov.br\/agr\/author\/joao-rferreiragoias-gov-br\/"},"rttpg_comment":0,"rttpg_category":null,"rttpg_excerpt":"\u00a0Em 2004, foi institu\u00eddo o Programa de Parceiras P\u00fablico-Privadas que, entre seus objetivos, inclui a necessidade de fomentar o investimento em infraestrutura com qualidade, assegurando a estabilidade e seguran\u00e7a jur\u00eddica, com garantia de m\u00ednima interven\u00e7\u00e3o nos neg\u00f3cios e investimentos. Al\u00e9m de enfatizar a seguran\u00e7a ao setor privado, tamb\u00e9m foi refor\u00e7ado o comprometimento da autonomia dos&hellip;","_links":{"self":[{"href":"https:\/\/goias.gov.br\/agr\/wp-json\/wp\/v2\/pages\/155122","targetHints":{"allow":["GET"]}}],"collection":[{"href":"https:\/\/goias.gov.br\/agr\/wp-json\/wp\/v2\/pages"}],"about":[{"href":"https:\/\/goias.gov.br\/agr\/wp-json\/wp\/v2\/types\/page"}],"author":[{"embeddable":true,"href":"https:\/\/goias.gov.br\/agr\/wp-json\/wp\/v2\/users\/391"}],"replies":[{"embeddable":true,"href":"https:\/\/goias.gov.br\/agr\/wp-json\/wp\/v2\/comments?post=155122"}],"version-history":[{"count":2,"href":"https:\/\/goias.gov.br\/agr\/wp-json\/wp\/v2\/pages\/155122\/revisions"}],"predecessor-version":[{"id":285200,"href":"https:\/\/goias.gov.br\/agr\/wp-json\/wp\/v2\/pages\/155122\/revisions\/285200"}],"wp:attachment":[{"href":"https:\/\/goias.gov.br\/agr\/wp-json\/wp\/v2\/media?parent=155122"}],"curies":[{"name":"wp","href":"https:\/\/api.w.org\/{rel}","templated":true}]}}