

{"id":97775,"date":"2025-07-09T14:58:53","date_gmt":"2025-07-09T17:58:53","guid":{"rendered":"https:\/\/goias.gov.br\/administracao\/?page_id=97775"},"modified":"2026-02-25T08:38:49","modified_gmt":"2026-02-25T11:38:49","slug":"gestao-do-conhecimento-ia","status":"publish","type":"page","link":"https:\/\/goias.gov.br\/administracao\/gestao-do-conhecimento-ia\/","title":{"rendered":"Gest\u00e3o do Conhecimento 4"},"content":{"rendered":"\t\t<div data-elementor-type=\"wp-page\" data-elementor-id=\"97775\" class=\"elementor elementor-97775\">\n\t\t\t\t<div class=\"elementor-element elementor-element-50d2ac0 e-flex e-con-boxed e-con e-parent\" data-id=\"50d2ac0\" data-element_type=\"container\" data-e-type=\"container\">\n\t\t\t\t\t<div class=\"e-con-inner\">\n\t\t\t\t<div class=\"elementor-element elementor-element-8523b72 elementor-widget elementor-widget-heading\" data-id=\"8523b72\" data-element_type=\"widget\" data-e-type=\"widget\" data-widget_type=\"heading.default\">\n\t\t\t\t\t<h2 class=\"elementor-heading-title elementor-size-default\"><a href=\"https:\/\/goias.gov.br\/administracao\/gestao-do-conhecimento-ia\/\">Intelig\u00eancia Artificial e Gest\u00e3o do Conhecimento<\/a><\/h2>\t\t\t\t<\/div>\n\t\t\t\t<div class=\"elementor-element elementor-element-93592d4 elementor-widget elementor-widget-text-editor\" data-id=\"93592d4\" data-element_type=\"widget\" data-e-type=\"widget\" data-widget_type=\"text-editor.default\">\n\t\t\t\t\t\t\t\t\t<p>A Ger\u00eancia de Gest\u00e3o do Conhecimento e Compet\u00eancias (G2C2) \u00e9 <strong>pioneira na aplica\u00e7\u00e3o de Intelig\u00eancia Artificial Generativa (IA Generativa) integrada \u00e0 Gest\u00e3o do Conhecimento<\/strong> no Governo do Estado de Goi\u00e1s.<\/p><p>A IA Generativa ganhou destaque mundial a partir de novembro de 2022, devido \u00e0 sua capacidade de interagir naturalmente com as pessoas, tornando-se uma tecnologia fascinante tanto para usos pessoais como profissionais.<\/p><p>As possibilidades de automa\u00e7\u00e3o de tarefas s\u00e3o in\u00fameras \u2014 desde a reda\u00e7\u00e3o de e-mails at\u00e9 an\u00e1lises complexas em intelig\u00eancia de dados, a IA Generativa vem aumentando o ganho de produtividade em todos os setores da sociedade.<\/p><p>\u00c9 preciso considerar que existe uma hist\u00f3ria em comum entre a Gest\u00e3o do Conhecimento e a Intelig\u00eancia Artificial desde a d\u00e9cada de 1990, quando surgiram os primeiros Sistemas Inteligentes baseados em IA. Isso porque era necess\u00e1rio compreender como as pessoas pensavam, criavam, representavam e utilizavam o conhecimento para desenvolver os sistemas de IA.<\/p><p>Nos \u00faltimos anos, a rela\u00e7\u00e3o entre Gest\u00e3o do conhecimento e IA Generativa, como ilustrado pela figura a seguir, assume um novo papel: a Gest\u00e3o do Conhecimento contribui para a compreens\u00e3o do conhecimento t\u00e1cito das pessoas; a IA Generativa auxilia na Gest\u00e3o do Conhecimento; e a pr\u00f3pria Gest\u00e3o do Conhecimento apoia o desenvolvimento da IA Generativa.<\/p>\t\t\t\t\t\t\t\t<\/div>\n\t\t\t\t\t<\/div>\n\t\t\t\t<\/div>\n\t\t<div class=\"elementor-element elementor-element-66cb481 e-flex e-con-boxed e-con e-parent\" data-id=\"66cb481\" data-element_type=\"container\" data-e-type=\"container\">\n\t\t\t\t\t<div class=\"e-con-inner\">\n\t\t\t\t<div class=\"elementor-element elementor-element-096740a elementor-widget elementor-widget-heading\" data-id=\"096740a\" data-element_type=\"widget\" data-e-type=\"widget\" data-widget_type=\"heading.default\">\n\t\t\t\t\t<h3 class=\"elementor-heading-title elementor-size-default\">Rela\u00e7\u00e3o entre Gest\u00e3o do conhecimento e IA Generativa<\/h3>\t\t\t\t<\/div>\n\t\t\t\t<div class=\"elementor-element elementor-element-6aeae29 elementor-widget elementor-widget-image\" data-id=\"6aeae29\" data-element_type=\"widget\" data-e-type=\"widget\" data-widget_type=\"image.default\">\n\t\t\t\t\t\t\t\t\t\t\t\t\t\t\t<img decoding=\"async\" src=\"https:\/\/goias.gov.br\/administracao\/wp-content\/uploads\/sites\/27\/2025\/06\/Pessoas-GC-IA-verde-768x349.jpg\" title=\"\" alt=\"\" loading=\"lazy\" \/>\t\t\t\t\t\t\t\t\t\t\t\t\t\t\t<\/div>\n\t\t\t\t<div class=\"elementor-element elementor-element-738e29c elementor-widget elementor-widget-text-editor\" data-id=\"738e29c\" data-element_type=\"widget\" data-e-type=\"widget\" data-widget_type=\"text-editor.default\">\n\t\t\t\t\t\t\t\t\t<p>A G2C2 foi criada em mar\u00e7o de 2023, nesse cen\u00e1rio de converg\u00eancia entre a Era do Conhecimento e os avan\u00e7os da Intelig\u00eancia Artificial, com o desafio de promover a organiza\u00e7\u00e3o do conhecimento para a tomada de decis\u00e3o na gest\u00e3o de pessoas, no \u00e2mbito do Governo do Estado de Goi\u00e1s<strong>.<\/strong><\/p><p>Assim, a primeira a\u00e7\u00e3o estrat\u00e9gica da G2C2 consistiu na <strong>integra\u00e7\u00e3o da IA Generativa ao Ciclo de Gest\u00e3o do Conhecimento e \u00e0s atividades de Gest\u00e3o de Pessoas<\/strong>. Em julho de 2023, foi lan\u00e7ado o projeto de compartilhamento de\u00a0 conhecimento,\u00a0 com objetivo de ensinar os servidores da Subsecretaria de Desenvolvimento e Gest\u00e3o de Pessoas (SGDP) a usar IA Generativa em suas rotinas de trabalho.<\/p><p>Com o m\u00e9todo de ensino aprimorado, foi lan\u00e7ado, em dezembro de 2023, o <strong>curso Gest\u00e3o do Conhecimento com IA Generativa<\/strong>, incorporado \u00e0 grade da Certifica\u00e7\u00e3o em Gest\u00e3o de Pessoas da Escola de Governo de Goi\u00e1s. Desde ent\u00e3o, oito turmas foram realizadas, contemplando participantes dos 40 \u00f3rg\u00e3os da Administra\u00e7\u00e3o P\u00fablica Estadual. Complementarmente, outras outras a\u00e7\u00f5es t\u00eam sido conduzidas, como palestras em eventos institucionais, oficinas pr\u00e1ticas de IA Generativa e a cria\u00e7\u00e3o da comunidade de pr\u00e1tica SEAD \u2013 IA na Gest\u00e3o de Pessoas.<\/p><p>Como resultado direto dessas iniciativas, a aplica\u00e7\u00e3o da IA Generativa tem se expandido na SDGP e diversos outros \u00f3rg\u00e3os estaduais, contribuindo para a melhoria da qualidade de textos, apresenta\u00e7\u00f5es e planilhas, al\u00e9m de apoiar a sistematiza\u00e7\u00e3o e acesso ao conhecimento institucional.\u00a0 Com isso, as equipes de gest\u00e3o de pessoas v\u00eam direcionando seus esfor\u00e7os para atividades mais anal\u00edticas e estrat\u00e9gica.<\/p><p>A integra\u00e7\u00e3o entre IA Generativa e Gest\u00e3o do Conhecimento tem se revelado fundamental no apoio \u00e0 tomada de decis\u00f5es, e na promo\u00e7\u00e3o do aprendizado cont\u00ednuo dos servidores do Governo de Goi\u00e1s.<\/p><p>O modelo desenvolvido pela G2C2 e ilustrado pela figura a seguir, foi consolidado com a publica\u00e7\u00e3o do artigo \u201c<strong><em>IA Generativa Integrada \u00e0 Gest\u00e3o do Conhecimento: Uma Abordagem Contempor\u00e2nea Aplicada \u00e0 Gest\u00e3o de Pessoas<\/em><\/strong>\u201d, no XIII Congresso CONSAD de Gest\u00e3o P\u00fablica, realizado em agosto de 2024, Bras\u00edlia, DF.<\/p>\t\t\t\t\t\t\t\t<\/div>\n\t\t\t\t\t<\/div>\n\t\t\t\t<\/div>\n\t\t<div class=\"elementor-element elementor-element-8dc0540 e-flex e-con-boxed e-con e-parent\" data-id=\"8dc0540\" data-element_type=\"container\" data-e-type=\"container\">\n\t\t\t\t\t<div class=\"e-con-inner\">\n\t\t\t\t<div class=\"elementor-element elementor-element-4f68a2a elementor-widget elementor-widget-heading\" data-id=\"4f68a2a\" data-element_type=\"widget\" data-e-type=\"widget\" data-widget_type=\"heading.default\">\n\t\t\t\t\t<h3 class=\"elementor-heading-title elementor-size-default\">Modelo para Integra\u00e7\u00e3o de Gest\u00e3o do Conhecimento e IA Generativa<\/h3>\t\t\t\t<\/div>\n\t\t\t\t<div class=\"elementor-element elementor-element-6abf9ab elementor-widget elementor-widget-text-editor\" data-id=\"6abf9ab\" data-element_type=\"widget\" data-e-type=\"widget\" data-widget_type=\"text-editor.default\">\n\t\t\t\t\t\t\t\t\t<p style=\"text-align: left;\">O modelo prop\u00f5e a <strong>associa\u00e7\u00e3o de ferramentas de IA Generativa a cada etapa do ciclo de Gest\u00e3o do Conhecimento,<\/strong> promovendo solu\u00e7\u00f5es aderentes ao contexto organizacional. A abordagem est\u00e1 centrada em tr\u00eas pilares fundamentais<strong>\u2014 Pessoas, Processos e Tecnologias \u2014<\/strong> com foco no aprimoramento da gest\u00e3o de pessoas e no fortalecimento do uso estrat\u00e9gico do conhecimento no setor p\u00fablico.<\/p>\t\t\t\t\t\t\t\t<\/div>\n\t\t\t\t<div class=\"elementor-element elementor-element-86bf6e8 elementor-widget elementor-widget-image\" data-id=\"86bf6e8\" data-element_type=\"widget\" data-e-type=\"widget\" data-widget_type=\"image.default\">\n\t\t\t\t\t\t\t\t\t\t\t\t\t\t\t<img decoding=\"async\" src=\"https:\/\/goias.gov.br\/administracao\/wp-content\/uploads\/sites\/27\/2025\/06\/ciclo-verde-1024x576.jpg\" title=\"\" alt=\"\" loading=\"lazy\" \/>\t\t\t\t\t\t\t\t\t\t\t\t\t\t\t<\/div>\n\t\t\t\t\t<\/div>\n\t\t\t\t<\/div>\n\t\t<div class=\"elementor-element elementor-element-ea3fac8 e-flex e-con-boxed e-con e-parent\" data-id=\"ea3fac8\" data-element_type=\"container\" data-e-type=\"container\">\n\t\t\t\t\t<div class=\"e-con-inner\">\n\t\t\t\t<div class=\"elementor-element elementor-element-219c3ab elementor-widget elementor-widget-heading\" data-id=\"219c3ab\" data-element_type=\"widget\" data-e-type=\"widget\" data-widget_type=\"heading.default\">\n\t\t\t\t\t<h3 class=\"elementor-heading-title elementor-size-default\">Conhe\u00e7a nosso artigo cient\u00edfico<\/h3>\t\t\t\t<\/div>\n\t\t\t\t\t<\/div>\n\t\t\t\t<\/div>\n\t\t<div class=\"elementor-element elementor-element-a886ce5 e-flex e-con-boxed e-con e-parent\" data-id=\"a886ce5\" data-element_type=\"container\" data-e-type=\"container\">\n\t\t\t\t\t<div class=\"e-con-inner\">\n\t\t<div class=\"elementor-element elementor-element-ef0b95c e-con-full e-flex e-con e-child\" data-id=\"ef0b95c\" data-element_type=\"container\" data-e-type=\"container\">\n\t\t\t\t<div class=\"elementor-element elementor-element-736bf36 elementor-widget elementor-widget-image\" data-id=\"736bf36\" data-element_type=\"widget\" data-e-type=\"widget\" data-widget_type=\"image.default\">\n\t\t\t\t\t\t\t\t\t\t\t\t\t\t\t<img decoding=\"async\" src=\"https:\/\/goias.gov.br\/administracao\/wp-content\/uploads\/sites\/27\/2025\/06\/artigo.png\" title=\"\" alt=\"\" loading=\"lazy\" \/>\t\t\t\t\t\t\t\t\t\t\t\t\t\t\t<\/div>\n\t\t\t\t<\/div>\n\t\t<div class=\"elementor-element elementor-element-e0e7177 e-con-full e-flex e-con e-child\" data-id=\"e0e7177\" data-element_type=\"container\" data-e-type=\"container\">\n\t\t\t\t<div class=\"elementor-element elementor-element-7cc3ebe elementor-widget elementor-widget-text-editor\" data-id=\"7cc3ebe\" data-element_type=\"widget\" data-e-type=\"widget\" data-widget_type=\"text-editor.default\">\n\t\t\t\t\t\t\t\t\t<p>Artigo apresentado no congresso do CONSAD em 2024, intitulado &#8220;<strong>IA Generativa Integrada \u00e0 Gest\u00e3o do Conhecimento: Uma Abordagem Contempor\u00e2nea Aplicada \u00e0 Gest\u00e3o de Pessoas<\/strong>&#8220;.<\/p><p>No trabalho \u00e9 proposto um modelo que <strong>integra a Intelig\u00eancia Artificial Generativa ao ciclo de vida da Gest\u00e3o do Conhecimento<\/strong>, com foco na Gest\u00e3o de Pessoas. Trata-se de uma abordagem\u00a0 qualitativa, baseada em estudo de caso na Secretaria de Estado da Administra\u00e7\u00e3o de Goi\u00e1s. O modelo demonstra viabilidade e pode <strong>orientar gestores na ado\u00e7\u00e3o da IA Generativa, promovendo melhorias nos processos<\/strong> <strong>organizacionais<\/strong>.<\/p>\t\t\t\t\t\t\t\t<\/div>\n\t\t\t\t<div class=\"elementor-element elementor-element-fbf3a8b elementor-widget elementor-widget-button\" data-id=\"fbf3a8b\" data-element_type=\"widget\" data-e-type=\"widget\" data-widget_type=\"button.default\">\n\t\t\t\t\t\t\t\t\t\t<a class=\"elementor-button elementor-button-link elementor-size-sm\" href=\"https:\/\/goiasgovbr-my.sharepoint.com\/:b:\/g\/personal\/andre_osorio_goias_gov_br\/EWTqTmjicqNOtnJpvuCw_wIBP3WBrp4FnwkJdDWONqpBrg?e=j2cvCu\" target=\"_blank\">\n\t\t\t\t\t\t<span class=\"elementor-button-content-wrapper\">\n\t\t\t\t\t\t\t\t\t<span class=\"elementor-button-text\">Acesse aqui<\/span>\n\t\t\t\t\t<\/span>\n\t\t\t\t\t<\/a>\n\t\t\t\t\t\t\t\t<\/div>\n\t\t\t\t<\/div>\n\t\t\t\t\t<\/div>\n\t\t\t\t<\/div>\n\t\t\t\t<\/div>\n\t\t","protected":false},"excerpt":{"rendered":"<p>Intelig\u00eancia Artificial e Gest\u00e3o do Conhecimento A Ger\u00eancia de Gest\u00e3o do Conhecimento e Compet\u00eancias (G2C2) \u00e9 pioneira na aplica\u00e7\u00e3o de Intelig\u00eancia Artificial Generativa (IA Generativa) integrada \u00e0 Gest\u00e3o do Conhecimento no Governo do Estado de Goi\u00e1s. A IA Generativa ganhou destaque mundial a partir de novembro de 2022, devido \u00e0 sua capacidade de interagir naturalmente [&hellip;]<\/p>\n","protected":false},"author":704,"featured_media":0,"parent":0,"menu_order":0,"comment_status":"closed","ping_status":"closed","template":"wppb_theme_template","meta":{"footnotes":""},"class_list":["post-97775","page","type-page","status-publish","hentry"],"rttpg_featured_image_url":null,"rttpg_author":{"display_name":"andreosorio","author_link":"https:\/\/goias.gov.br\/administracao\/author\/andreosorio\/"},"rttpg_comment":0,"rttpg_category":null,"rttpg_excerpt":"Intelig\u00eancia Artificial e Gest\u00e3o do Conhecimento A Ger\u00eancia de Gest\u00e3o do Conhecimento e Compet\u00eancias (G2C2) \u00e9 pioneira na aplica\u00e7\u00e3o de Intelig\u00eancia Artificial Generativa (IA Generativa) integrada \u00e0 Gest\u00e3o do Conhecimento no Governo do Estado de Goi\u00e1s. A IA Generativa ganhou destaque mundial a partir de novembro de 2022, devido \u00e0 sua capacidade de interagir naturalmente&hellip;","_links":{"self":[{"href":"https:\/\/goias.gov.br\/administracao\/wp-json\/wp\/v2\/pages\/97775","targetHints":{"allow":["GET"]}}],"collection":[{"href":"https:\/\/goias.gov.br\/administracao\/wp-json\/wp\/v2\/pages"}],"about":[{"href":"https:\/\/goias.gov.br\/administracao\/wp-json\/wp\/v2\/types\/page"}],"author":[{"embeddable":true,"href":"https:\/\/goias.gov.br\/administracao\/wp-json\/wp\/v2\/users\/704"}],"replies":[{"embeddable":true,"href":"https:\/\/goias.gov.br\/administracao\/wp-json\/wp\/v2\/comments?post=97775"}],"version-history":[{"count":2,"href":"https:\/\/goias.gov.br\/administracao\/wp-json\/wp\/v2\/pages\/97775\/revisions"}],"predecessor-version":[{"id":202376,"href":"https:\/\/goias.gov.br\/administracao\/wp-json\/wp\/v2\/pages\/97775\/revisions\/202376"}],"wp:attachment":[{"href":"https:\/\/goias.gov.br\/administracao\/wp-json\/wp\/v2\/media?parent=97775"}],"curies":[{"name":"wp","href":"https:\/\/api.w.org\/{rel}","templated":true}]}}