

{"id":93135,"date":"2025-07-09T14:58:37","date_gmt":"2025-07-09T17:58:37","guid":{"rendered":"https:\/\/goias.gov.br\/administracao\/?page_id=93135"},"modified":"2026-04-16T15:18:23","modified_gmt":"2026-04-16T18:18:23","slug":"gestao-do-conhecimento-g2c2","status":"publish","type":"page","link":"https:\/\/goias.gov.br\/administracao\/gestao-do-conhecimento-g2c2\/","title":{"rendered":"Gest\u00e3o do Conhecimento 2"},"content":{"rendered":"\t\t<div data-elementor-type=\"wp-page\" data-elementor-id=\"93135\" class=\"elementor elementor-93135\">\n\t\t\t\t<div class=\"elementor-element elementor-element-4cf6178 e-flex e-con-boxed e-con e-parent\" data-id=\"4cf6178\" data-element_type=\"container\" data-e-type=\"container\">\n\t\t\t\t\t<div class=\"e-con-inner\">\n\t\t<div class=\"elementor-element elementor-element-edc6180 e-con-full e-flex e-con e-child\" data-id=\"edc6180\" data-element_type=\"container\" data-e-type=\"container\">\n\t\t\t\t<div class=\"elementor-element elementor-element-89a60e8 elementor-widget elementor-widget-text-editor\" data-id=\"89a60e8\" data-element_type=\"widget\" data-e-type=\"widget\" data-widget_type=\"text-editor.default\">\n\t\t\t\t\t\t\t\t\t<p>A <strong>Ger\u00eancia de Gest\u00e3o do Conhecimento e Compet\u00eancias (G2C2)<\/strong> foi institu\u00edda pela <strong><span style=\"font-size: 12pt;\"><a title=\"Lei N\u00ba 21.792, de 16\/02\/2023\" href=\"https:\/\/legisla.casacivil.go.gov.br\/api\/v2\/pesquisa\/legislacoes\/106749\/pdf\" target=\"_blank\" rel=\"noopener\">Lei n\u00ba 21.792, de 16\/02\/2023<\/a><\/span><\/strong>, como unidade integrante da Secretaria de Estado da Administra\u00e7\u00e3o (SEAD), subordinada \u00e0 Superintend\u00eancia Central de Desenvolvimento Estrat\u00e9gico de Pessoal (SUCEP), no \u00e2mbito da Subsecretaria de Gest\u00e3o e Desenvolvimento de Pessoas (SGDP).<\/p><p>Criada no contexto da <strong>Era do Conhecimento e da Intelig\u00eancia Artificial<\/strong>, a G2C2 surge como protagonista de um processo de transforma\u00e7\u00e3o digital na gest\u00e3o de pessoas, reconhecendo o valor do servidor p\u00fablico como agente estrat\u00e9gico na gera\u00e7\u00e3o, reten\u00e7\u00e3o e dissemina\u00e7\u00e3o do conhecimento organizacional.<\/p><p>A relev\u00e2ncia desse prop\u00f3sito levou a G2C2 a estruturar sua atua\u00e7\u00e3o em quatro estrat\u00e9gias fundamentais:<\/p><ul><li>Integrar IA Generativa aos processos de Gest\u00e3o do Conhecimento, potencializando solu\u00e7\u00f5es na Gest\u00e3o de Pessoas;<\/li><li>Promover a colabora\u00e7\u00e3o, articulando a\u00e7\u00f5es da G2C2 com os \u00f3rg\u00e3os do Governo de Goi\u00e1s, por meio da Rede de Gest\u00e3o de Pessoas, institu\u00edda pelo <strong><a title=\"Decreto n\u00ba 10.263, de 19\/05\/23\" href=\"https:\/\/legisla.casacivil.go.gov.br\/api\/v2\/pesquisa\/legislacoes\/107154\/pdf\" target=\"_blank\" rel=\"noopener\">Decreto n\u00ba 10.263, de 19\/05\/23<\/a><\/strong>.<\/li><li>Capacitar os servidores estaduais em Gest\u00e3o do Conhecimento, com apoio da Diretoria da Escola de Governo.<\/li><li>Apoiar iniciativas em Gest\u00e3o de Pessoas, propostas pelas demais unidades da SEAD.<\/li><\/ul><p>O objetivo \u00e9 transformar a administra\u00e7\u00e3o p\u00fablica em um ambiente orientado ao compartilhado do saber, pela aprendizagem cont\u00ednua e pelo uso inteligente da tecnologia na tomada de decis\u00e3o.<\/p>\t\t\t\t\t\t\t\t<\/div>\n\t\t\t\t<\/div>\n\t\t<div class=\"elementor-element elementor-element-fb2fa8c e-con-full e-flex e-con e-child\" data-id=\"fb2fa8c\" data-element_type=\"container\" data-e-type=\"container\">\n\t\t\t\t<div class=\"elementor-element elementor-element-14434ea elementor-widget elementor-widget-image\" data-id=\"14434ea\" data-element_type=\"widget\" data-e-type=\"widget\" data-widget_type=\"image.default\">\n\t\t\t\t\t\t\t\t\t\t\t\t\t\t\t<img decoding=\"async\" src=\"https:\/\/goias.gov.br\/administracao\/wp-content\/uploads\/sites\/27\/2025\/06\/Estrategias-G2C2.jpg\" title=\"\" alt=\"\" loading=\"lazy\" \/>\t\t\t\t\t\t\t\t\t\t\t\t\t\t\t<\/div>\n\t\t\t\t<\/div>\n\t\t\t\t\t<\/div>\n\t\t\t\t<\/div>\n\t\t<div class=\"elementor-element elementor-element-a504a1c e-flex e-con-boxed e-con e-parent\" data-id=\"a504a1c\" data-element_type=\"container\" data-e-type=\"container\">\n\t\t\t\t\t<div class=\"e-con-inner\">\n\t\t\t\t<div class=\"elementor-element elementor-element-1d4997e e-n-tabs-mobile elementor-widget elementor-widget-n-tabs\" data-id=\"1d4997e\" data-element_type=\"widget\" data-e-type=\"widget\" data-settings=\"{&quot;tabs_justify_horizontal&quot;:&quot;start&quot;,&quot;horizontal_scroll&quot;:&quot;disable&quot;}\" data-widget_type=\"nested-tabs.default\">\n\t\t\t\t\t\t\t<div class=\"e-n-tabs\" data-widget-number=\"30710142\" aria-label=\"Abas. Abra itens com &quot;Enter&quot; ou &quot;Espa\u00e7o&quot;, feche com &quot;Escape&quot; e navegue usando as teclas de &quot;Seta&quot;.\">\n\t\t\t<div class=\"e-n-tabs-heading\" role=\"tablist\">\n\t\t\t\t\t<button id=\"e-n-tab-title-307101421\" data-tab-title-id=\"e-n-tab-title-307101421\" class=\"e-n-tab-title\" aria-selected=\"true\" data-tab-index=\"1\" role=\"tab\" tabindex=\"0\" aria-controls=\"e-n-tab-content-307101421\" style=\"--n-tabs-title-order: 1;\">\n\t\t\t\t\t<span class=\"e-n-tab-icon\">\n\t\t\t<svg aria-hidden=\"true\" class=\"e-font-icon-svg e-fas-eye\" viewBox=\"0 0 576 512\" xmlns=\"http:\/\/www.w3.org\/2000\/svg\"><path d=\"M572.52 241.4C518.29 135.59 410.93 64 288 64S57.68 135.64 3.48 241.41a32.35 32.35 0 0 0 0 29.19C57.71 376.41 165.07 448 288 448s230.32-71.64 284.52-177.41a32.35 32.35 0 0 0 0-29.19zM288 400a144 144 0 1 1 144-144 143.93 143.93 0 0 1-144 144zm0-240a95.31 95.31 0 0 0-25.31 3.79 47.85 47.85 0 0 1-66.9 66.9A95.78 95.78 0 1 0 288 160z\"><\/path><\/svg>\t\t\t<svg aria-hidden=\"true\" class=\"e-font-icon-svg e-fas-eye\" viewBox=\"0 0 576 512\" xmlns=\"http:\/\/www.w3.org\/2000\/svg\"><path d=\"M572.52 241.4C518.29 135.59 410.93 64 288 64S57.68 135.64 3.48 241.41a32.35 32.35 0 0 0 0 29.19C57.71 376.41 165.07 448 288 448s230.32-71.64 284.52-177.41a32.35 32.35 0 0 0 0-29.19zM288 400a144 144 0 1 1 144-144 143.93 143.93 0 0 1-144 144zm0-240a95.31 95.31 0 0 0-25.31 3.79 47.85 47.85 0 0 1-66.9 66.9A95.78 95.78 0 1 0 288 160z\"><\/path><\/svg>\t\t<\/span>\n\t\t\t\t\t<span class=\"e-n-tab-title-text\">\n\t\t\t\tVIS\u00c3O\t\t\t<\/span>\n\t\t<\/button>\n\t\t\t\t<button id=\"e-n-tab-title-307101422\" data-tab-title-id=\"e-n-tab-title-307101422\" class=\"e-n-tab-title\" aria-selected=\"false\" data-tab-index=\"2\" role=\"tab\" tabindex=\"-1\" aria-controls=\"e-n-tab-content-307101422\" style=\"--n-tabs-title-order: 2;\">\n\t\t\t\t\t<span class=\"e-n-tab-icon\">\n\t\t\t<svg aria-hidden=\"true\" class=\"e-font-icon-svg e-far-dot-circle\" viewBox=\"0 0 512 512\" xmlns=\"http:\/\/www.w3.org\/2000\/svg\"><path d=\"M256 56c110.532 0 200 89.451 200 200 0 110.532-89.451 200-200 200-110.532 0-200-89.451-200-200 0-110.532 89.451-200 200-200m0-48C119.033 8 8 119.033 8 256s111.033 248 248 248 248-111.033 248-248S392.967 8 256 8zm0 168c-44.183 0-80 35.817-80 80s35.817 80 80 80 80-35.817 80-80-35.817-80-80-80z\"><\/path><\/svg>\t\t\t<svg aria-hidden=\"true\" class=\"e-font-icon-svg e-far-dot-circle\" viewBox=\"0 0 512 512\" xmlns=\"http:\/\/www.w3.org\/2000\/svg\"><path d=\"M256 56c110.532 0 200 89.451 200 200 0 110.532-89.451 200-200 200-110.532 0-200-89.451-200-200 0-110.532 89.451-200 200-200m0-48C119.033 8 8 119.033 8 256s111.033 248 248 248 248-111.033 248-248S392.967 8 256 8zm0 168c-44.183 0-80 35.817-80 80s35.817 80 80 80 80-35.817 80-80-35.817-80-80-80z\"><\/path><\/svg>\t\t<\/span>\n\t\t\t\t\t<span class=\"e-n-tab-title-text\">\n\t\t\t\tMISS\u00c3O\t\t\t<\/span>\n\t\t<\/button>\n\t\t\t\t<button id=\"e-n-tab-title-307101423\" data-tab-title-id=\"e-n-tab-title-307101423\" class=\"e-n-tab-title\" aria-selected=\"false\" data-tab-index=\"3\" role=\"tab\" tabindex=\"-1\" aria-controls=\"e-n-tab-content-307101423\" style=\"--n-tabs-title-order: 3;\">\n\t\t\t\t\t<span class=\"e-n-tab-icon\">\n\t\t\t<svg aria-hidden=\"true\" class=\"e-font-icon-svg e-fas-check-circle\" viewBox=\"0 0 512 512\" xmlns=\"http:\/\/www.w3.org\/2000\/svg\"><path d=\"M504 256c0 136.967-111.033 248-248 248S8 392.967 8 256 119.033 8 256 8s248 111.033 248 248zM227.314 387.314l184-184c6.248-6.248 6.248-16.379 0-22.627l-22.627-22.627c-6.248-6.249-16.379-6.249-22.628 0L216 308.118l-70.059-70.059c-6.248-6.248-16.379-6.248-22.628 0l-22.627 22.627c-6.248 6.248-6.248 16.379 0 22.627l104 104c6.249 6.249 16.379 6.249 22.628.001z\"><\/path><\/svg>\t\t\t<svg aria-hidden=\"true\" class=\"e-font-icon-svg e-fas-check-circle\" viewBox=\"0 0 512 512\" xmlns=\"http:\/\/www.w3.org\/2000\/svg\"><path d=\"M504 256c0 136.967-111.033 248-248 248S8 392.967 8 256 119.033 8 256 8s248 111.033 248 248zM227.314 387.314l184-184c6.248-6.248 6.248-16.379 0-22.627l-22.627-22.627c-6.248-6.249-16.379-6.249-22.628 0L216 308.118l-70.059-70.059c-6.248-6.248-16.379-6.248-22.628 0l-22.627 22.627c-6.248 6.248-6.248 16.379 0 22.627l104 104c6.249 6.249 16.379 6.249 22.628.001z\"><\/path><\/svg>\t\t<\/span>\n\t\t\t\t\t<span class=\"e-n-tab-title-text\">\n\t\t\t\tOBJETIVOS\t\t\t<\/span>\n\t\t<\/button>\n\t\t\t\t\t<\/div>\n\t\t\t<div class=\"e-n-tabs-content\">\n\t\t\t\t<div id=\"e-n-tab-content-307101421\" role=\"tabpanel\" aria-labelledby=\"e-n-tab-title-307101421\" data-tab-index=\"1\" style=\"--n-tabs-title-order: 1;\" class=\"e-active elementor-element elementor-element-db4907c e-con-full e-flex e-con e-child\" data-id=\"db4907c\" data-element_type=\"container\" data-e-type=\"container\">\n\t\t\t\t<div class=\"elementor-element elementor-element-e5088e4 elementor-widget elementor-widget-text-editor\" data-id=\"e5088e4\" data-element_type=\"widget\" data-e-type=\"widget\" data-widget_type=\"text-editor.default\">\n\t\t\t\t\t\t\t\t\t<p>Ser refer\u00eancia em Gest\u00e3o do Conhecimento e Compet\u00eancias, considerando as pessoas como agentes centrais de transforma\u00e7\u00e3o cultural e digital.<\/p>\t\t\t\t\t\t\t\t<\/div>\n\t\t\t\t<\/div>\n\t\t<div id=\"e-n-tab-content-307101422\" role=\"tabpanel\" aria-labelledby=\"e-n-tab-title-307101422\" data-tab-index=\"2\" style=\"--n-tabs-title-order: 2;\" class=\" elementor-element elementor-element-aeb0b94 e-con-full e-flex e-con e-child\" data-id=\"aeb0b94\" data-element_type=\"container\" data-e-type=\"container\">\n\t\t\t\t<div class=\"elementor-element elementor-element-1267fb9 elementor-widget elementor-widget-text-editor\" data-id=\"1267fb9\" data-element_type=\"widget\" data-e-type=\"widget\" data-widget_type=\"text-editor.default\">\n\t\t\t\t\t\t\t\t\t<p>Difundir os conceitos, m\u00e9todos e pr\u00e1ticas de Gest\u00e3o do Conhecimento e Compet\u00eancias, a fim de promover a organiza\u00e7\u00e3o do conhecimento, para tomada de decis\u00e3o.<\/p>\t\t\t\t\t\t\t\t<\/div>\n\t\t\t\t<\/div>\n\t\t<div id=\"e-n-tab-content-307101423\" role=\"tabpanel\" aria-labelledby=\"e-n-tab-title-307101423\" data-tab-index=\"3\" style=\"--n-tabs-title-order: 3;\" class=\" elementor-element elementor-element-29ec807 e-con-full e-flex e-con e-child\" data-id=\"29ec807\" data-element_type=\"container\" data-e-type=\"container\">\n\t\t\t\t<div class=\"elementor-element elementor-element-a71f58e elementor-widget elementor-widget-text-editor\" data-id=\"a71f58e\" data-element_type=\"widget\" data-e-type=\"widget\" data-widget_type=\"text-editor.default\">\n\t\t\t\t\t\t\t\t\t<ul class=\"customListStyle\"><li><p>Contextualizar e difundir conceitos e pr\u00e1ticas de Gest\u00e3o do Conhecimento e Compet\u00eancias no Governo de Goi\u00e1s;<\/p><\/li><li><p>Estabelecer processos e ferramentas para o compartilhamento eficiente do conhecimento;<\/p><\/li><li><p>Tornar o conhecimento organizacional acess\u00edvel e aplic\u00e1vel;<\/p><\/li><li><p>Apoiar a organiza\u00e7\u00e3o do conhecimento para auxiliar a tomada de decis\u00e3o.<\/p><\/li><\/ul>\t\t\t\t\t\t\t\t<\/div>\n\t\t\t\t<\/div>\n\t\t\t\t\t<\/div>\n\t\t<\/div>\n\t\t\t\t\t\t<\/div>\n\t\t\t\t\t<\/div>\n\t\t\t\t<\/div>\n\t\t<div class=\"elementor-element elementor-element-3a59132 e-flex e-con-boxed e-con e-parent\" data-id=\"3a59132\" data-element_type=\"container\" data-e-type=\"container\">\n\t\t\t\t\t<div class=\"e-con-inner\">\n\t\t\t\t<div class=\"elementor-element elementor-element-484d10e elementor-widget elementor-widget-heading\" data-id=\"484d10e\" data-element_type=\"widget\" data-e-type=\"widget\" data-widget_type=\"heading.default\">\n\t\t\t\t\t<h3 class=\"elementor-heading-title elementor-size-default\">Atua\u00e7\u00e3o da G2C2<\/h3>\t\t\t\t<\/div>\n\t\t\t\t<div class=\"elementor-element elementor-element-557aa89 elementor-widget elementor-widget-text-editor\" data-id=\"557aa89\" data-element_type=\"widget\" data-e-type=\"widget\" data-widget_type=\"text-editor.default\">\n\t\t\t\t\t\t\t\t\t<p>A G2C2 vem se consolidando como uma unidade estrat\u00e9gica na promo\u00e7\u00e3o da cultura de Gest\u00e3o do Conhecimento e Compet\u00eancias no Governo de Goi\u00e1s. Suas a\u00e7\u00f5es est\u00e3o materializadas em diversas iniciativas que podem ser acessadas por meio dos links dispon\u00edveis no painel abaixo.<\/p>\t\t\t\t\t\t\t\t<\/div>\n\t\t\t\t\t<\/div>\n\t\t\t\t<\/div>\n\t\t<div class=\"elementor-element elementor-element-3b08633 e-flex e-con-boxed e-con e-parent\" data-id=\"3b08633\" data-element_type=\"container\" data-e-type=\"container\">\n\t\t\t\t\t<div class=\"e-con-inner\">\n\t\t\t\t\t<\/div>\n\t\t\t\t<\/div>\n\t\t<div class=\"elementor-element elementor-element-989753d e-flex e-con-boxed e-con e-parent\" data-id=\"989753d\" data-element_type=\"container\" data-e-type=\"container\">\n\t\t\t\t\t<div class=\"e-con-inner\">\n\t\t\t\t<div class=\"elementor-element elementor-element-9209d92 elementor-widget elementor-widget-heading\" data-id=\"9209d92\" data-element_type=\"widget\" data-e-type=\"widget\" data-widget_type=\"heading.default\">\n\t\t\t\t\t<h3 class=\"elementor-heading-title elementor-size-default\">Nosso Contato<\/h3>\t\t\t\t<\/div>\n\t\t\t\t<div class=\"elementor-element elementor-element-732b717 elementor-widget elementor-widget-text-editor\" data-id=\"732b717\" data-element_type=\"widget\" data-e-type=\"widget\" data-widget_type=\"text-editor.default\">\n\t\t\t\t\t\t\t\t\t<p><strong>Equipe:<\/strong><\/p><p>Andr\u00e9 Fonseca Pinto Os\u00f3rio<br \/>Guilherme Henrique Silva Costa<\/p><p><strong>E-mail: <\/strong><a href=\"mailto:conhecimento.sead@goias.gov.br\">conhecimento.sead@goias.gov.br<\/a><\/p><p><strong>Endere\u00e7o: <\/strong>Rua 82, 400, Setor Central, Goi\u00e2nia &#8211; GO, 74015-908. <br \/>Pal\u00e1cio Pedro Ludovico Teixeira (PPLT), 6\u00ba Andar, Ala Leste, sala 10.<\/p>\t\t\t\t\t\t\t\t<\/div>\n\t\t\t\t\t<\/div>\n\t\t\t\t<\/div>\n\t\t\t\t<\/div>\n\t\t","protected":false},"excerpt":{"rendered":"<p>A Ger\u00eancia de Gest\u00e3o do Conhecimento e Compet\u00eancias (G2C2) foi institu\u00edda pela Lei n\u00ba 21.792, de 16\/02\/2023, como unidade integrante da Secretaria de Estado da Administra\u00e7\u00e3o (SEAD), subordinada \u00e0 Superintend\u00eancia Central de Desenvolvimento Estrat\u00e9gico de Pessoal (SUCEP), no \u00e2mbito da Subsecretaria de Gest\u00e3o e Desenvolvimento de Pessoas (SGDP). Criada no contexto da Era do Conhecimento [&hellip;]<\/p>\n","protected":false},"author":704,"featured_media":0,"parent":0,"menu_order":0,"comment_status":"closed","ping_status":"closed","template":"","meta":{"footnotes":""},"class_list":["post-93135","page","type-page","status-publish","hentry"],"rttpg_featured_image_url":null,"rttpg_author":{"display_name":"andreosorio","author_link":"https:\/\/goias.gov.br\/administracao\/author\/andreosorio\/"},"rttpg_comment":0,"rttpg_category":null,"rttpg_excerpt":"A Ger\u00eancia de Gest\u00e3o do Conhecimento e Compet\u00eancias (G2C2) foi institu\u00edda pela Lei n\u00ba 21.792, de 16\/02\/2023, como unidade integrante da Secretaria de Estado da Administra\u00e7\u00e3o (SEAD), subordinada \u00e0 Superintend\u00eancia Central de Desenvolvimento Estrat\u00e9gico de Pessoal (SUCEP), no \u00e2mbito da Subsecretaria de Gest\u00e3o e Desenvolvimento de Pessoas (SGDP). Criada no contexto da Era do Conhecimento&hellip;","_links":{"self":[{"href":"https:\/\/goias.gov.br\/administracao\/wp-json\/wp\/v2\/pages\/93135","targetHints":{"allow":["GET"]}}],"collection":[{"href":"https:\/\/goias.gov.br\/administracao\/wp-json\/wp\/v2\/pages"}],"about":[{"href":"https:\/\/goias.gov.br\/administracao\/wp-json\/wp\/v2\/types\/page"}],"author":[{"embeddable":true,"href":"https:\/\/goias.gov.br\/administracao\/wp-json\/wp\/v2\/users\/704"}],"replies":[{"embeddable":true,"href":"https:\/\/goias.gov.br\/administracao\/wp-json\/wp\/v2\/comments?post=93135"}],"version-history":[{"count":2,"href":"https:\/\/goias.gov.br\/administracao\/wp-json\/wp\/v2\/pages\/93135\/revisions"}],"predecessor-version":[{"id":228439,"href":"https:\/\/goias.gov.br\/administracao\/wp-json\/wp\/v2\/pages\/93135\/revisions\/228439"}],"wp:attachment":[{"href":"https:\/\/goias.gov.br\/administracao\/wp-json\/wp\/v2\/media?parent=93135"}],"curies":[{"name":"wp","href":"https:\/\/api.w.org\/{rel}","templated":true}]}}