

{"id":18445,"date":"2023-12-20T18:58:52","date_gmt":"2023-12-20T21:58:52","guid":{"rendered":"https:\/\/goias.gov.br\/administracao\/agenda-de-autoridades\/"},"modified":"2026-04-21T21:49:56","modified_gmt":"2026-04-22T00:49:56","slug":"agenda-de-autoridades","status":"publish","type":"page","link":"https:\/\/goias.gov.br\/administracao\/agenda-de-autoridades\/","title":{"rendered":"Agenda de Autoridades"},"content":{"rendered":"<p><strong style='margin-block-end: -1.8rem'><a href='https:\/\/goias.gov.br\/administracao\/secretario-de-administracao\/'>Secret\u00e1rio de Administra\u00e7\u00e3o<\/a><\/strong><br \/>FRANCISCO SERVULO FREIRE NOGUEIRA<\/p>\n<p><strong style='margin-block-end: -1.8rem'><a href='https:\/\/goias.gov.br\/administracao\/chefe-de-gabinete\/'>Chefe de Gabinete<\/a><\/strong><br \/>JORGE LUIZ RAMOS CAIADO JUNIOR<\/p>\n<p><strong style='margin-block-end: -1.8rem'><a href='https:\/\/goias.gov.br\/administracao\/superintendencia-de-sistemas-de-informacao\/'>Superintend\u00eancia de Sistemas de Informa\u00e7\u00e3o<\/a><\/strong><br \/>RAISSA DOS SANTOS VIEIRA<\/p>\n<p><strong style='margin-block-end: -1.8rem'><a href='https:\/\/goias.gov.br\/administracao\/chefe-de-comunicacao-setorial\/'>Chefe de Comunica\u00e7\u00e3o Setorial<\/a><\/strong><br \/>KATTIA DANIEL RODRIGUES<\/p>\n<p><strong style='margin-block-end: -1.8rem'><a href='https:\/\/goias.gov.br\/administracao\/procuradoria-setorial\/'>Procuradoria Setorial<\/a><\/strong><br \/>RODRIGO CUNHA CHUEIRI<\/p>\n<p><strong style='margin-block-end: -1.8rem'><a href='https:\/\/goias.gov.br\/administracao\/superintendencia-de-gestao-integrada\/'>Superintend\u00eancia de Gest\u00e3o Integrada<\/a><\/strong><br \/>ANTONIO DE OLIVEIRA LINO<\/p>\n<p><strong style='margin-block-end: -1.8rem'><a href='https:\/\/goias.gov.br\/administracao\/superintendencia-de-gestao-do-atendimento-ao-cidadao\/'>Superintend\u00eancia de Gest\u00e3o do Atendimento ao Cidad\u00e3o<\/a><\/strong><br \/>LILIANNE LIMA DE SOUSA<\/p>\n<p><strong style='margin-block-end: -1.8rem'><a href='https:\/\/goias.gov.br\/administracao\/chefe-do-escritorio-de-projetos-setorial\/'>Chefe do Escrit\u00f3rio de Projetos Setorial<\/a><\/strong><br \/>PRISCILA TENUTA MEIRA<\/p>\n<p><strong style='margin-block-end: -1.8rem'><a href='https:\/\/goias.gov.br\/administracao\/subsecretaria-de-gestao-e-desenvolvimento-de-pessoas\/'>Subsecretaria de Gest\u00e3o e Desenvolvimento de Pessoas<\/a><\/strong><br \/>THIAGO JUNQUEIRA RODRIGUES<\/p>\n<p><strong style='margin-block-end: -1.8rem'><a href='https:\/\/goias.gov.br\/administracao\/superintendencia-central-de-desenvolvimento-estrategico-de-pessoal\/'>Superintend\u00eancia Central de Desenvolvimento Estrat\u00e9gico de Pessoal<\/a><\/strong><br \/>FABIANA DE ARAUJO FALCOMER DOS SANTOS<\/p>\n<p><strong style='margin-block-end: -1.8rem'><a href='https:\/\/goias.gov.br\/administracao\/superintendencia-central-de-gestao-de-pessoal\/'>Superintend\u00eancia Central de Gest\u00e3o de Pessoal<\/a><\/strong><br \/>LUIS QUEIROZ LIMA<\/p>\n<p><strong style='margin-block-end: -1.8rem'><a href='https:\/\/goias.gov.br\/administracao\/superintendencia-de-recrutamento-e-selecao\/'>Superintend\u00eancia de Recrutamento e Sele\u00e7\u00e3o<\/a><\/strong><br \/>ANA PAULA BRAGA FERREIRA COAN<\/p>\n<p><strong style='margin-block-end: -1.8rem'><a href='https:\/\/goias.gov.br\/administracao\/subsecretaria-de-inovacao-da-gestao-e-dos-servicos-publicos\/'>Subsecretaria de Inova\u00e7\u00e3o da Gest\u00e3o e dos Servi\u00e7os P\u00fablicos<\/a><\/strong><br \/>ROMULO MENDONCA BAILAO<\/p>\n<p><strong style='margin-block-end: -1.8rem'><a href='https:\/\/goias.gov.br\/administracao\/superintendencia-de-inovacao-da-gestao-publica\/'>Superintend\u00eancia de Inova\u00e7\u00e3o da Gest\u00e3o P\u00fablica<\/a><\/strong><br \/>DANIEL SOARES SANTANA<\/p>\n<p><strong style='margin-block-end: -1.8rem'><a href='https:\/\/goias.gov.br\/administracao\/subsecretaria-de-logistica-e-patrimonio\/'>Subsecretaria de Log\u00edstica e Patrim\u00f4nio<\/a><\/strong><br \/>ROGERIO BERNARDES CARNEIRO<\/p>\n<p><strong style='margin-block-end: -1.8rem'><a href='https:\/\/goias.gov.br\/administracao\/superintendencia-central-de-patrimonio-imobiliario\/'>Superintend\u00eancia Central de Patrim\u00f4nio Imobili\u00e1rio<\/a><\/strong><br \/>FREDERICO PIRES CORIOLANO<\/p>\n<p><strong style='margin-block-end: -1.8rem'><a href='https:\/\/goias.gov.br\/administracao\/superintendencia-central-de-logistica-e-patrimonio-mobiliario\/'>Superintend\u00eancia Central de Log\u00edstica e Patrim\u00f4nio Mobili\u00e1rio<\/a><\/strong><br \/>JUAREZ PEREIRA DE FREITAS JUNIOR<\/p>\n<p><strong style='margin-block-end: -1.8rem'><a href='https:\/\/goias.gov.br\/administracao\/superintendencia-central-de-compras-e-contratos\/'>Superintend\u00eancia Central de Compras e Contratos<\/a><\/strong><br \/>SUELLEN FRANCINE PIVETTA MENDONCA<\/p>\n<p><strong style='margin-block-end: -1.8rem'><a href='https:\/\/goias.gov.br\/administracao\/superintendencia-central-de-transformacao-publica\/'>Superintend\u00eancia Central de Transforma\u00e7\u00e3o P\u00fablica<\/a><\/strong><br \/>LUZIO DA RESSURREICAO SANTOS<\/p>\n<p><strong style='margin-block-end: -1.8rem'><a href='https:\/\/goias.gov.br\/administracao\/diretoria-executiva-de-liquidacao-de-estatais\/'>Diretoria Executiva de Liquida\u00e7\u00e3o de Estatais<\/a><\/strong><br \/>BRUNO BATISTA SILVA<\/p>\n<p><strong style='margin-block-end: -1.8rem'><a href='https:\/\/goias.gov.br\/administracao\/diretoria-executiva-da-escola-de-governo\/'>Diretoria Executiva da Escola de Governo<\/a><\/strong><br \/>ROBERTA RODRIGUES COSTA<\/p>\n<p><strong style='margin-block-end: -1.8rem'><a href='https:\/\/goias.gov.br\/administracao\/diretoria-executiva-de-saude-e-seguranca-do-servidor\/'>Diretoria Executiva de Sa\u00fade e Seguran\u00e7a do Servidor<\/a><\/strong><br \/>FABIO CHACUR PASCHOLATI<\/p>\n","protected":false},"excerpt":{"rendered":"<p>Secret\u00e1rio de Administra\u00e7\u00e3oFRANCISCO SERVULO FREIRE NOGUEIRA Chefe de GabineteJORGE LUIZ RAMOS CAIADO JUNIOR Superintend\u00eancia de Sistemas de Informa\u00e7\u00e3oRAISSA DOS SANTOS VIEIRA Chefe de Comunica\u00e7\u00e3o SetorialKATTIA DANIEL RODRIGUES Procuradoria SetorialRODRIGO CUNHA CHUEIRI Superintend\u00eancia de Gest\u00e3o IntegradaANTONIO DE OLIVEIRA LINO Superintend\u00eancia de Gest\u00e3o do Atendimento ao Cidad\u00e3oLILIANNE LIMA DE SOUSA Chefe do Escrit\u00f3rio de Projetos SetorialPRISCILA TENUTA [&hellip;]<\/p>\n","protected":false},"author":33,"featured_media":0,"parent":0,"menu_order":0,"comment_status":"closed","ping_status":"closed","template":"","meta":{"footnotes":""},"class_list":["post-18445","page","type-page","status-publish","hentry"],"rttpg_featured_image_url":null,"rttpg_author":{"display_name":"ricardocosta","author_link":"https:\/\/goias.gov.br\/administracao\/author\/ricardocosta\/"},"rttpg_comment":0,"rttpg_category":null,"rttpg_excerpt":"Secret\u00e1rio de Administra\u00e7\u00e3oFRANCISCO SERVULO FREIRE NOGUEIRA Chefe de GabineteJORGE LUIZ RAMOS CAIADO JUNIOR Superintend\u00eancia de Sistemas de Informa\u00e7\u00e3oRAISSA DOS SANTOS VIEIRA Chefe de Comunica\u00e7\u00e3o SetorialKATTIA DANIEL RODRIGUES Procuradoria SetorialRODRIGO CUNHA CHUEIRI Superintend\u00eancia de Gest\u00e3o IntegradaANTONIO DE OLIVEIRA LINO Superintend\u00eancia de Gest\u00e3o do Atendimento ao Cidad\u00e3oLILIANNE LIMA DE SOUSA Chefe do Escrit\u00f3rio de Projetos SetorialPRISCILA TENUTA&hellip;","_links":{"self":[{"href":"https:\/\/goias.gov.br\/administracao\/wp-json\/wp\/v2\/pages\/18445","targetHints":{"allow":["GET"]}}],"collection":[{"href":"https:\/\/goias.gov.br\/administracao\/wp-json\/wp\/v2\/pages"}],"about":[{"href":"https:\/\/goias.gov.br\/administracao\/wp-json\/wp\/v2\/types\/page"}],"author":[{"embeddable":true,"href":"https:\/\/goias.gov.br\/administracao\/wp-json\/wp\/v2\/users\/33"}],"replies":[{"embeddable":true,"href":"https:\/\/goias.gov.br\/administracao\/wp-json\/wp\/v2\/comments?post=18445"}],"version-history":[{"count":2,"href":"https:\/\/goias.gov.br\/administracao\/wp-json\/wp\/v2\/pages\/18445\/revisions"}],"predecessor-version":[{"id":228906,"href":"https:\/\/goias.gov.br\/administracao\/wp-json\/wp\/v2\/pages\/18445\/revisions\/228906"}],"wp:attachment":[{"href":"https:\/\/goias.gov.br\/administracao\/wp-json\/wp\/v2\/media?parent=18445"}],"curies":[{"name":"wp","href":"https:\/\/api.w.org\/{rel}","templated":true}]}}