

{"id":18432,"date":"2023-11-27T15:36:56","date_gmt":"2023-11-27T18:36:56","guid":{"rendered":"https:\/\/siteshom.goias.gov.br\/administracao\/?page_id=18432"},"modified":"2026-02-25T07:36:22","modified_gmt":"2026-02-25T10:36:22","slug":"folha-de-pagamento-para-o-servidor","status":"publish","type":"page","link":"https:\/\/goias.gov.br\/administracao\/folha-de-pagamento-para-o-servidor\/","title":{"rendered":"Folha de Pagamento &#8211; para o servidor"},"content":{"rendered":"\t\t<div data-elementor-type=\"wp-page\" data-elementor-id=\"18432\" class=\"elementor elementor-18432\">\n\t\t\t\t<div class=\"elementor-element elementor-element-907d5f0 e-flex e-con-boxed e-con e-parent\" data-id=\"907d5f0\" data-element_type=\"container\" data-e-type=\"container\">\n\t\t\t\t\t<div class=\"e-con-inner\">\n\t\t\t\t<div class=\"elementor-element elementor-element-247521a elementor-widget elementor-widget-text-editor\" data-id=\"247521a\" data-element_type=\"widget\" data-e-type=\"widget\" data-widget_type=\"text-editor.default\">\n\t\t\t\t\t\t\t\t\t<p><img decoding=\"async\" src=\"https:\/\/goias.gov.br\/wp-content\/uploads\/sites\/27\/manual-servidor\/manual\/img\/pdf.gif\" alt=\"\" \/>\u00a0<a href=\"https:\/\/goias.gov.br\/escoladegoverno\/wp-content\/uploads\/sites\/27\/files\/Manual_do_Servidor\/Folha-de-Pagamento\/Requerimento-Diversos.pdf\" target=\"_blank\" rel=\"noopener noreferrer\">Requerimento diversos<\/a><\/p><p><img decoding=\"async\" src=\"https:\/\/goias.gov.br\/wp-content\/uploads\/sites\/27\/manual-servidor\/manual\/img\/pdf.gif\" alt=\"\" \/>\u00a0<a href=\"https:\/\/goias.gov.br\/escoladegoverno\/wp-content\/uploads\/sites\/27\/files\/Manual_do_Servidor\/Folha-de-Pagamento\/Requerimento-para-Evolucao-Funcional(progressao-e-promocao).pdf\" target=\"_blank\" rel=\"noopener noreferrer\">Requerimento para Evolu\u00e7\u00e3o Funcional (progress\u00e3o e promo\u00e7\u00e3o)<\/a><\/p><p><img decoding=\"async\" src=\"https:\/\/goias.gov.br\/wp-content\/uploads\/sites\/27\/manual-servidor\/manual\/img\/pdf.gif\" alt=\"\" \/>\u00a0<a href=\"https:\/\/goias.gov.br\/escoladegoverno\/wp-content\/uploads\/sites\/27\/files\/Manual_do_Servidor\/Folha-de-Pagamento\/Gratificacao-Adicional-por-Tempo-de-Servico(quinquenio).pdf\" target=\"_blank\" rel=\"noopener noreferrer\">Requerimento para Gratifica\u00e7\u00e3o Adicional por Tempo de Servi\u00e7o (Quinqu\u00eanio)<\/a><\/p><p><img decoding=\"async\" src=\"https:\/\/goias.gov.br\/wp-content\/uploads\/sites\/27\/manual-servidor\/manual\/img\/pdf.gif\" alt=\"\" \/>\u00a0<a href=\"https:\/\/goias.gov.br\/escoladegoverno\/wp-content\/uploads\/sites\/27\/files\/Manual_do_Servidor\/Folha-de-Pagamento\/Abono-Pecuniario-de-Ferias.pdf\" target=\"_blank\" rel=\"noopener noreferrer\">Requerimento para Abono Pecuni\u00e1rio de F\u00e9rias<\/a><\/p><p><img decoding=\"async\" src=\"https:\/\/goias.gov.br\/wp-content\/uploads\/sites\/27\/manual-servidor\/manual\/img\/pdf.gif\" alt=\"\" \/>\u00a0<a href=\"https:\/\/goias.gov.br\/escoladegoverno\/wp-content\/uploads\/sites\/27\/files\/Manual_do_Servidor\/Folha-de-Pagamento\/Declaracao-de-dependentes-para-fins-de-IRRF.pdf\" target=\"_blank\" rel=\"noopener noreferrer\">Declara\u00e7\u00e3o de dependentes para fins de IRPF<\/a><\/p><p><img decoding=\"async\" src=\"https:\/\/goias.gov.br\/wp-content\/uploads\/sites\/27\/manual-servidor\/manual\/img\/doc.gif\" alt=\"\" \/>\u00a0<a href=\"https:\/\/goias.gov.br\/wp-content\/uploads\/sites\/27\/manual-servidor\/down\/Modelo_de_Declaracao_Diferencas_sobrestadas.docx\" target=\"_blank\" rel=\"noopener noreferrer\">Declara\u00e7\u00e3o de Diferen\u00e7as Sobrestadas<\/a><\/p><p>D\u00favidas:<\/p><p><strong>Liga\u00e7\u00e3o ou WhatsApp<\/strong>: (62) 3201-8710<br \/><strong>Email:<\/strong> folha-ggp.administracao@goias.gov.br\u00a0<\/p>\t\t\t\t\t\t\t\t<\/div>\n\t\t\t\t\t<\/div>\n\t\t\t\t<\/div>\n\t\t<div class=\"elementor-element elementor-element-416a449 e-flex e-con-boxed e-con e-parent\" data-id=\"416a449\" data-element_type=\"container\" data-e-type=\"container\">\n\t\t\t\t\t<div class=\"e-con-inner\">\n\t\t\t\t<div class=\"elementor-element elementor-element-4f4f52a elementor-widget elementor-widget-image\" data-id=\"4f4f52a\" data-element_type=\"widget\" data-e-type=\"widget\" data-widget_type=\"image.default\">\n\t\t\t\t\t\t\t\t\t\t\t\t\t\t\t\t<a href=\"\/administracao\/manual-do-servidor\/\">\n\t\t\t\t\t\t\t<img decoding=\"async\" src=\"https:\/\/goias.gov.br\/administracao\/wp-content\/uploads\/sites\/27\/2023\/11\/menu-inicial-oficial.png\" title=\"\" alt=\"\" loading=\"lazy\" \/>\t\t\t\t\t\t\t\t<\/a>\n\t\t\t\t\t\t\t\t\t\t\t\t\t\t\t<\/div>\n\t\t\t\t\t<\/div>\n\t\t\t\t<\/div>\n\t\t\t\t<\/div>\n\t\t","protected":false},"excerpt":{"rendered":"<p>\u00a0Requerimento diversos \u00a0Requerimento para Evolu\u00e7\u00e3o Funcional (progress\u00e3o e promo\u00e7\u00e3o) \u00a0Requerimento para Gratifica\u00e7\u00e3o Adicional por Tempo de Servi\u00e7o (Quinqu\u00eanio) \u00a0Requerimento para Abono Pecuni\u00e1rio de F\u00e9rias \u00a0Declara\u00e7\u00e3o de dependentes para fins de IRPF \u00a0Declara\u00e7\u00e3o de Diferen\u00e7as Sobrestadas D\u00favidas: Liga\u00e7\u00e3o ou WhatsApp: (62) 3201-8710Email: folha-ggp.administracao@goias.gov.br\u00a0<\/p>\n","protected":false},"author":1,"featured_media":0,"parent":0,"menu_order":0,"comment_status":"closed","ping_status":"closed","template":"","meta":{"footnotes":""},"class_list":["post-18432","page","type-page","status-publish","hentry"],"rttpg_featured_image_url":null,"rttpg_author":{"display_name":"wagner.viana","author_link":"https:\/\/goias.gov.br\/administracao\/author\/wagner-viana\/"},"rttpg_comment":0,"rttpg_category":null,"rttpg_excerpt":"\u00a0Requerimento diversos \u00a0Requerimento para Evolu\u00e7\u00e3o Funcional (progress\u00e3o e promo\u00e7\u00e3o) \u00a0Requerimento para Gratifica\u00e7\u00e3o Adicional por Tempo de Servi\u00e7o (Quinqu\u00eanio) \u00a0Requerimento para Abono Pecuni\u00e1rio de F\u00e9rias \u00a0Declara\u00e7\u00e3o de dependentes para fins de IRPF \u00a0Declara\u00e7\u00e3o de Diferen\u00e7as Sobrestadas D\u00favidas: Liga\u00e7\u00e3o ou WhatsApp: (62) 3201-8710Email: folha-ggp.administracao@goias.gov.br\u00a0","_links":{"self":[{"href":"https:\/\/goias.gov.br\/administracao\/wp-json\/wp\/v2\/pages\/18432","targetHints":{"allow":["GET"]}}],"collection":[{"href":"https:\/\/goias.gov.br\/administracao\/wp-json\/wp\/v2\/pages"}],"about":[{"href":"https:\/\/goias.gov.br\/administracao\/wp-json\/wp\/v2\/types\/page"}],"author":[{"embeddable":true,"href":"https:\/\/goias.gov.br\/administracao\/wp-json\/wp\/v2\/users\/1"}],"replies":[{"embeddable":true,"href":"https:\/\/goias.gov.br\/administracao\/wp-json\/wp\/v2\/comments?post=18432"}],"version-history":[{"count":2,"href":"https:\/\/goias.gov.br\/administracao\/wp-json\/wp\/v2\/pages\/18432\/revisions"}],"predecessor-version":[{"id":201887,"href":"https:\/\/goias.gov.br\/administracao\/wp-json\/wp\/v2\/pages\/18432\/revisions\/201887"}],"wp:attachment":[{"href":"https:\/\/goias.gov.br\/administracao\/wp-json\/wp\/v2\/media?parent=18432"}],"curies":[{"name":"wp","href":"https:\/\/api.w.org\/{rel}","templated":true}]}}