

{"id":18415,"date":"2023-11-27T15:22:17","date_gmt":"2023-11-27T18:22:17","guid":{"rendered":"https:\/\/siteshom.goias.gov.br\/administracao\/?page_id=18415"},"modified":"2026-02-25T09:20:37","modified_gmt":"2026-02-25T12:20:37","slug":"lotacao-e-movimentacao","status":"publish","type":"page","link":"https:\/\/goias.gov.br\/administracao\/lotacao-e-movimentacao\/","title":{"rendered":"Lota\u00e7\u00e3o e Movimenta\u00e7\u00e3o"},"content":{"rendered":"\t\t<div data-elementor-type=\"wp-page\" data-elementor-id=\"18415\" class=\"elementor elementor-18415\">\n\t\t\t\t<div class=\"elementor-element elementor-element-be3d3e5 e-flex e-con-boxed e-con e-parent\" data-id=\"be3d3e5\" data-element_type=\"container\" data-e-type=\"container\">\n\t\t\t\t\t<div class=\"e-con-inner\">\n\t\t\t\t<div class=\"elementor-element elementor-element-77b9d1d elementor-widget elementor-widget-shortcode\" data-id=\"77b9d1d\" data-element_type=\"widget\" data-e-type=\"widget\" data-widget_type=\"shortcode.default\">\n\t\t\t\t\t\t\t<div class=\"elementor-shortcode\"><div data-post-id=\"10878\" class=\"insert-page insert-page-10878 \"><p style=\"text-align: left;\"><strong>Servidor:<\/strong><\/p>\n<p style=\"text-align: left;\"><a href=\"https:\/\/goias.gov.br\/administracao\/wp-content\/uploads\/sites\/27\/2021\/08\/Solicitacao_de_Colaborador1-b08.xls\" id=\"\" style=\"\" target=\"_blank\" title=\"\" rel=\"noopener\">Requerimento de Solicita&ccedil;&atilde;o de Colaborador<\/a><\/p>\n<p><a href=\"https:\/\/goias.gov.br\/administracao\/wp-content\/uploads\/sites\/27\/2021\/08\/Check_list_de_documentos_para_recebimento_de_servidor-7bb.pdf\" id=\"\" style=\"\" target=\"_blank\" title=\"\" rel=\"noopener\">Check List de Documentos para Recebimento do Servidor<\/a><\/p>\n<p><a href=\"https:\/\/goias.gov.br\/wp-content\/uploads\/sites\/27\/manual-servidor\/down\/perguntas_e_respostas_movimentacao.pdf\" target=\"_blank\" rel=\"noopener\">Perguntas e Respostas &#8211; Movimenta&ccedil;&atilde;o<\/a><\/p>\n<p><a href=\"https:\/\/goias.gov.br\/administracao\/wp-content\/uploads\/sites\/27\/2021\/08\/Requerimento-de-Devolucao-Interna-SEAD-249.pdf\" id=\"\" style=\"\" target=\"_blank\" title=\"\" rel=\"noopener\">Requerimento de Devolu&ccedil;&atilde;o Interna &#8211; SEAD<\/a><\/p>\n<p><a href=\"https:\/\/goias.gov.br\/wp-content\/uploads\/sites\/27\/manual-servidor\/down\/instrucao-normativa-003-2017-gab.pdf\" target=\"_blank\" rel=\"noopener\">Instru&ccedil;&atilde;o Normativa n&ordm; 003\/2017 &#8211; GAB de 03\/03\/2017<\/a><\/p>\n<p>D&uacute;vidas:<br \/>\nGGDP\/ SEAD &#8211; 3201 8713<\/p>\n<\/div><\/div>\n\t\t\t\t\t\t<\/div>\n\t\t\t\t\t<\/div>\n\t\t\t\t<\/div>\n\t\t<div class=\"elementor-element elementor-element-121b3e9 e-flex e-con-boxed e-con e-parent\" data-id=\"121b3e9\" data-element_type=\"container\" data-e-type=\"container\">\n\t\t\t\t\t<div class=\"e-con-inner\">\n\t\t\t\t<div class=\"elementor-element elementor-element-d7d6e9f elementor-widget elementor-widget-image\" data-id=\"d7d6e9f\" data-element_type=\"widget\" data-e-type=\"widget\" data-widget_type=\"image.default\">\n\t\t\t\t\t\t\t\t\t\t\t\t\t\t\t\t<a href=\"\/administracao\/manual-do-servidor\/\">\n\t\t\t\t\t\t\t<img decoding=\"async\" src=\"https:\/\/goias.gov.br\/administracao\/wp-content\/uploads\/sites\/27\/2023\/11\/menu-inicial-oficial.png\" title=\"\" alt=\"\" loading=\"lazy\" \/>\t\t\t\t\t\t\t\t<\/a>\n\t\t\t\t\t\t\t\t\t\t\t\t\t\t\t<\/div>\n\t\t\t\t\t<\/div>\n\t\t\t\t<\/div>\n\t\t\t\t<\/div>\n\t\t","protected":false},"excerpt":{"rendered":"","protected":false},"author":1,"featured_media":0,"parent":0,"menu_order":0,"comment_status":"closed","ping_status":"closed","template":"","meta":{"footnotes":""},"class_list":["post-18415","page","type-page","status-publish","hentry"],"rttpg_featured_image_url":null,"rttpg_author":{"display_name":"wagner.viana","author_link":"https:\/\/goias.gov.br\/administracao\/author\/wagner-viana\/"},"rttpg_comment":0,"rttpg_category":"","rttpg_excerpt":null,"_links":{"self":[{"href":"https:\/\/goias.gov.br\/administracao\/wp-json\/wp\/v2\/pages\/18415","targetHints":{"allow":["GET"]}}],"collection":[{"href":"https:\/\/goias.gov.br\/administracao\/wp-json\/wp\/v2\/pages"}],"about":[{"href":"https:\/\/goias.gov.br\/administracao\/wp-json\/wp\/v2\/types\/page"}],"author":[{"embeddable":true,"href":"https:\/\/goias.gov.br\/administracao\/wp-json\/wp\/v2\/users\/1"}],"replies":[{"embeddable":true,"href":"https:\/\/goias.gov.br\/administracao\/wp-json\/wp\/v2\/comments?post=18415"}],"version-history":[{"count":2,"href":"https:\/\/goias.gov.br\/administracao\/wp-json\/wp\/v2\/pages\/18415\/revisions"}],"predecessor-version":[{"id":202816,"href":"https:\/\/goias.gov.br\/administracao\/wp-json\/wp\/v2\/pages\/18415\/revisions\/202816"}],"wp:attachment":[{"href":"https:\/\/goias.gov.br\/administracao\/wp-json\/wp\/v2\/media?parent=18415"}],"curies":[{"name":"wp","href":"https:\/\/api.w.org\/{rel}","templated":true}]}}