

{"id":171977,"date":"2025-10-09T10:12:31","date_gmt":"2025-10-09T13:12:31","guid":{"rendered":"https:\/\/goias.gov.br\/administracao\/?page_id=171977"},"modified":"2025-10-21T08:34:54","modified_gmt":"2025-10-21T11:34:54","slug":"compliance-sead-elementor","status":"publish","type":"page","link":"https:\/\/goias.gov.br\/administracao\/compliance-sead-elementor\/","title":{"rendered":"Compliance \u2013 SEAD"},"content":{"rendered":"\t\t<div data-elementor-type=\"wp-page\" data-elementor-id=\"171977\" class=\"elementor elementor-171977\">\n\t\t\t\t<div class=\"elementor-element elementor-element-2b9e52d e-con-full e-flex e-con e-parent\" data-id=\"2b9e52d\" data-element_type=\"container\" data-e-type=\"container\">\n\t\t<div class=\"elementor-element elementor-element-7e69ba6 e-con-full e-flex e-con e-child\" data-id=\"7e69ba6\" data-element_type=\"container\" data-e-type=\"container\">\n\t\t\t\t<div class=\"elementor-element elementor-element-1c3ef7f elementor-widget__width-initial elementor-widget elementor-widget-image\" data-id=\"1c3ef7f\" data-element_type=\"widget\" data-e-type=\"widget\" data-widget_type=\"image.default\">\n\t\t\t\t\t\t\t\t\t\t\t\t\t\t\t<img fetchpriority=\"high\" decoding=\"async\" width=\"1140\" height=\"214\" src=\"https:\/\/goias.gov.br\/administracao\/wp-content\/uploads\/sites\/27\/2025\/10\/banner-programa-de-compliance-publico-SEAD.png\" class=\"attachment-2048x2048 size-2048x2048 wp-image-173876\" alt=\"\" srcset=\"https:\/\/goias.gov.br\/administracao\/wp-content\/uploads\/sites\/27\/2025\/10\/banner-programa-de-compliance-publico-SEAD.png 1140w, https:\/\/goias.gov.br\/administracao\/wp-content\/uploads\/sites\/27\/2025\/10\/banner-programa-de-compliance-publico-SEAD-300x56.png 300w, https:\/\/goias.gov.br\/administracao\/wp-content\/uploads\/sites\/27\/2025\/10\/banner-programa-de-compliance-publico-SEAD-1024x192.png 1024w, https:\/\/goias.gov.br\/administracao\/wp-content\/uploads\/sites\/27\/2025\/10\/banner-programa-de-compliance-publico-SEAD-768x144.png 768w\" sizes=\"(max-width: 1140px) 100vw, 1140px\" \/>\t\t\t\t\t\t\t\t\t\t\t\t\t\t\t<\/div>\n\t\t\t\t<\/div>\n\t\t\t\t<\/div>\n\t\t<div class=\"elementor-element elementor-element-ef6e4d8 e-flex e-con-boxed e-con e-parent\" data-id=\"ef6e4d8\" data-element_type=\"container\" data-e-type=\"container\">\n\t\t\t\t\t<div class=\"e-con-inner\">\n\t\t<div class=\"elementor-element elementor-element-74a647d e-con-full e-flex e-con e-child\" data-id=\"74a647d\" data-element_type=\"container\" data-e-type=\"container\">\n\t\t\t\t<\/div>\n\t\t<div class=\"elementor-element elementor-element-3c74bc3 e-con-full e-flex e-con e-child\" data-id=\"3c74bc3\" data-element_type=\"container\" data-e-type=\"container\">\n\t\t\t\t<\/div>\n\t\t\t\t\t<\/div>\n\t\t\t\t<\/div>\n\t\t<div class=\"elementor-element elementor-element-cf4f984 e-flex e-con-boxed e-con e-parent\" data-id=\"cf4f984\" data-element_type=\"container\" data-e-type=\"container\">\n\t\t\t\t\t<div class=\"e-con-inner\">\n\t\t<div class=\"elementor-element elementor-element-c8a0aea e-con-full e-flex e-con e-child\" data-id=\"c8a0aea\" data-element_type=\"container\" data-e-type=\"container\">\n\t\t\t\t<div class=\"elementor-element elementor-element-c1a1421 elementor-widget elementor-widget-text-editor\" data-id=\"c1a1421\" data-element_type=\"widget\" data-e-type=\"widget\" data-widget_type=\"text-editor.default\">\n\t\t\t\t\t\t\t\t\t<h4>O\u00a0<em>Programa de Compliance P\u00fablico do Poder Executivo (PCP)\u00a0<\/em>foi institu\u00eddo pelo Governador Ronaldo Caiado, por meio do Decreto N\u00b0 9.406\/19, e se determina por ser um conjunto de procedimentos e estruturas destinados a assegurar a conformidade dos atos de gest\u00e3o com padr\u00f5es morais e legais, bem como garantir o alcance dos resultados das pol\u00edticas p\u00fablicas e a satisfa\u00e7\u00e3o dos cidad\u00e3os, fomentando a \u00e9tica, a transpar\u00eancia, a responsabiliza\u00e7\u00e3o e a gest\u00e3o de riscos.<\/h4>\t\t\t\t\t\t\t\t<\/div>\n\t\t\t\t<\/div>\n\t\t\t\t\t<\/div>\n\t\t\t\t<\/div>\n\t\t<div class=\"elementor-element elementor-element-4cce74a e-flex e-con-boxed e-con e-parent\" data-id=\"4cce74a\" data-element_type=\"container\" data-e-type=\"container\">\n\t\t\t\t\t<div class=\"e-con-inner\">\n\t\t<div class=\"elementor-element elementor-element-f17d686 e-con-full e-flex e-con e-child\" data-id=\"f17d686\" data-element_type=\"container\" data-e-type=\"container\">\n\t\t\t\t<div class=\"elementor-element elementor-element-e476f76 elementor-widget elementor-widget-text-editor\" data-id=\"e476f76\" data-element_type=\"widget\" data-e-type=\"widget\" data-widget_type=\"text-editor.default\">\n\t\t\t\t\t\t\t\t\t<p><span style=\"font-size: 24pt;\"><strong>Os principais eixos que norteiam a implementa\u00e7\u00e3o deste<\/strong><\/span><span style=\"font-size: 24pt;\"><strong> programa \u00e9:<\/strong><\/span><\/p><ul><li>\u00c9tica;<\/li><li>Transpar\u00eancia;<\/li><li>A responsabiliza\u00e7\u00e3o; e\u00a0<\/li><li>Gest\u00e3o de riscos\u00a0<\/li><\/ul>\t\t\t\t\t\t\t\t<\/div>\n\t\t\t\t<\/div>\n\t\t\t\t\t<\/div>\n\t\t\t\t<\/div>\n\t\t<div class=\"elementor-element elementor-element-7987879 e-flex e-con-boxed e-con e-parent\" data-id=\"7987879\" data-element_type=\"container\" data-e-type=\"container\">\n\t\t\t\t\t<div class=\"e-con-inner\">\n\t\t<div class=\"elementor-element elementor-element-5645aa8 e-con-full e-flex e-con e-child\" data-id=\"5645aa8\" data-element_type=\"container\" data-e-type=\"container\">\n\t\t\t\t<div class=\"elementor-element elementor-element-7115808 elementor-widget elementor-widget-text-editor\" data-id=\"7115808\" data-element_type=\"widget\" data-e-type=\"widget\" data-widget_type=\"text-editor.default\">\n\t\t\t\t\t\t\t\t\t<h4>Escolhido como o primeiro eixo a ser implementado, a Gest\u00e3o de Risco se caracteriza, basicamente, por reunir um conjunto de atividades coordenadas para dirigir e controlar uma organiza\u00e7\u00e3o no que se refere aos riscos, tendo como prop\u00f3sito a cria\u00e7\u00e3o e prote\u00e7\u00e3o de valor, melhorando o desempenho e apoiando o alcance de objetivos.<\/h4><h4>\u00c9 um processo sistem\u00e1tico para identificar, analisar, avaliar e tratar riscos de qualquer natureza, com o objetivo de minimizar os riscos sobre uma organiza\u00e7\u00e3o. Tal metodologia possibilita aos gestores diminuir as incertezas na tomada de decis\u00f5es, mitigando os riscos a elas associadas, a fim de controlar o impacto, obter qualidade no gasto p\u00fablico e melhorar a capacidade de gerar valor.<\/h4><h4>Para a Controladoria Geral de Estado, a implanta\u00e7\u00e3o da gest\u00e3o de risco implica na moderniza\u00e7\u00e3o das t\u00e9cnicas de auditoria, com base nas boas pr\u00e1ticas de governan\u00e7a corporativa, cujo foco \u00e9 agregar valor \u00e0 gest\u00e3o, aperfei\u00e7oando os controles das 1\u00aa e 2\u00aa linhas de defesa (Modelo das Tr\u00eas Linhas de Defesa \u2013 IIA) sob a responsabilidade dos \u00f3rg\u00e3os gestores e, por consequ\u00eancia, combater a improbidade, os desvios e a corrup\u00e7\u00e3o.<\/h4>\t\t\t\t\t\t\t\t<\/div>\n\t\t\t\t<\/div>\n\t\t\t\t\t<\/div>\n\t\t\t\t<\/div>\n\t\t<div class=\"elementor-element elementor-element-9484ca3 e-flex e-con-boxed e-con e-parent\" data-id=\"9484ca3\" data-element_type=\"container\" data-e-type=\"container\">\n\t\t\t\t\t<div class=\"e-con-inner\">\n\t\t<div class=\"elementor-element elementor-element-703e704 e-con-full e-flex e-con e-child\" data-id=\"703e704\" data-element_type=\"container\" data-e-type=\"container\">\n\t\t\t\t<div class=\"elementor-element elementor-element-72fd5ef elementor-widget elementor-widget-image\" data-id=\"72fd5ef\" data-element_type=\"widget\" data-e-type=\"widget\" data-widget_type=\"image.default\">\n\t\t\t\t\t\t\t\t\t\t\t\t\t\t\t<img decoding=\"async\" width=\"255\" height=\"130\" src=\"https:\/\/goias.gov.br\/administracao\/wp-content\/uploads\/sites\/27\/2025\/10\/Perguntas-e-respostas001-png.png\" class=\"attachment-full size-full wp-image-177115\" alt=\"\" \/>\t\t\t\t\t\t\t\t\t\t\t\t\t\t\t<\/div>\n\t\t\t\t<\/div>\n\t\t<div class=\"elementor-element elementor-element-16afcbb e-con-full e-flex e-con e-child\" data-id=\"16afcbb\" data-element_type=\"container\" data-e-type=\"container\">\n\t\t\t\t<div class=\"elementor-element elementor-element-0e48da7 elementor-widget elementor-widget-image\" data-id=\"0e48da7\" data-element_type=\"widget\" data-e-type=\"widget\" data-widget_type=\"image.default\">\n\t\t\t\t\t\t\t\t\t\t\t\t\t\t\t\t<a href=\"https:\/\/goias.gov.br\/administracao\/artigos-compliance\/\" target=\"_blank\">\n\t\t\t\t\t\t\t<img decoding=\"async\" width=\"255\" height=\"130\" src=\"https:\/\/goias.gov.br\/administracao\/wp-content\/uploads\/sites\/27\/2025\/10\/artigos.png\" class=\"attachment-large size-large wp-image-173875\" alt=\"\" \/>\t\t\t\t\t\t\t\t<\/a>\n\t\t\t\t\t\t\t\t\t\t\t\t\t\t\t<\/div>\n\t\t\t\t<\/div>\n\t\t<div class=\"elementor-element elementor-element-c935849 e-con-full e-flex e-con e-child\" data-id=\"c935849\" data-element_type=\"container\" data-e-type=\"container\">\n\t\t\t\t<div class=\"elementor-element elementor-element-6be2482 elementor-widget elementor-widget-image\" data-id=\"6be2482\" data-element_type=\"widget\" data-e-type=\"widget\" data-widget_type=\"image.default\">\n\t\t\t\t\t\t\t\t\t\t\t\t\t\t\t\t<a href=\"https:\/\/goias.gov.br\/administracao\/escritorio-de-compliance-sead\/\">\n\t\t\t\t\t\t\t<img loading=\"lazy\" decoding=\"async\" width=\"285\" height=\"130\" src=\"https:\/\/goias.gov.br\/administracao\/wp-content\/uploads\/sites\/27\/2025\/10\/leis-e-portaria.png\" class=\"attachment-large size-large wp-image-173878\" alt=\"\" \/>\t\t\t\t\t\t\t\t<\/a>\n\t\t\t\t\t\t\t\t\t\t\t\t\t\t\t<\/div>\n\t\t\t\t<\/div>\n\t\t<div class=\"elementor-element elementor-element-1bb7c57 e-con-full e-flex e-con e-child\" data-id=\"1bb7c57\" data-element_type=\"container\" data-e-type=\"container\">\n\t\t\t\t<div class=\"elementor-element elementor-element-82e267c elementor-widget elementor-widget-image\" data-id=\"82e267c\" data-element_type=\"widget\" data-e-type=\"widget\" data-widget_type=\"image.default\">\n\t\t\t\t\t\t\t\t\t\t\t\t\t\t\t<img loading=\"lazy\" decoding=\"async\" width=\"255\" height=\"130\" src=\"https:\/\/goias.gov.br\/administracao\/wp-content\/uploads\/sites\/27\/2025\/10\/compliance-na-SEAD-1.png\" class=\"attachment-large size-large wp-image-174632\" alt=\"\" \/>\t\t\t\t\t\t\t\t\t\t\t\t\t\t\t<\/div>\n\t\t\t\t<\/div>\n\t\t\t\t\t<\/div>\n\t\t\t\t<\/div>\n\t\t<div class=\"elementor-element elementor-element-6368f2f e-flex e-con-boxed e-con e-parent\" data-id=\"6368f2f\" data-element_type=\"container\" data-e-type=\"container\">\n\t\t\t\t\t<div class=\"e-con-inner\">\n\t\t\t\t\t<\/div>\n\t\t\t\t<\/div>\n\t\t\t\t<\/div>\n\t\t","protected":false},"excerpt":{"rendered":"<p>O\u00a0Programa de Compliance P\u00fablico do Poder Executivo (PCP)\u00a0foi institu\u00eddo pelo Governador Ronaldo Caiado, por meio do Decreto N\u00b0 9.406\/19, e se determina por ser um conjunto de procedimentos e estruturas destinados a assegurar a conformidade dos atos de gest\u00e3o com padr\u00f5es morais e legais, bem como garantir o alcance dos resultados das pol\u00edticas p\u00fablicas e [&hellip;]<\/p>\n","protected":false},"author":727,"featured_media":0,"parent":0,"menu_order":0,"comment_status":"closed","ping_status":"closed","template":"","meta":{"footnotes":""},"class_list":["post-171977","page","type-page","status-publish","hentry"],"rttpg_featured_image_url":null,"rttpg_author":{"display_name":"moisesmendonca","author_link":"https:\/\/goias.gov.br\/administracao\/author\/moisesmendonca\/"},"rttpg_comment":0,"rttpg_category":null,"rttpg_excerpt":"O\u00a0Programa de Compliance P\u00fablico do Poder Executivo (PCP)\u00a0foi institu\u00eddo pelo Governador Ronaldo Caiado, por meio do Decreto N\u00b0 9.406\/19, e se determina por ser um conjunto de procedimentos e estruturas destinados a assegurar a conformidade dos atos de gest\u00e3o com padr\u00f5es morais e legais, bem como garantir o alcance dos resultados das pol\u00edticas p\u00fablicas e&hellip;","_links":{"self":[{"href":"https:\/\/goias.gov.br\/administracao\/wp-json\/wp\/v2\/pages\/171977","targetHints":{"allow":["GET"]}}],"collection":[{"href":"https:\/\/goias.gov.br\/administracao\/wp-json\/wp\/v2\/pages"}],"about":[{"href":"https:\/\/goias.gov.br\/administracao\/wp-json\/wp\/v2\/types\/page"}],"author":[{"embeddable":true,"href":"https:\/\/goias.gov.br\/administracao\/wp-json\/wp\/v2\/users\/727"}],"replies":[{"embeddable":true,"href":"https:\/\/goias.gov.br\/administracao\/wp-json\/wp\/v2\/comments?post=171977"}],"version-history":[{"count":2,"href":"https:\/\/goias.gov.br\/administracao\/wp-json\/wp\/v2\/pages\/171977\/revisions"}],"predecessor-version":[{"id":178051,"href":"https:\/\/goias.gov.br\/administracao\/wp-json\/wp\/v2\/pages\/171977\/revisions\/178051"}],"wp:attachment":[{"href":"https:\/\/goias.gov.br\/administracao\/wp-json\/wp\/v2\/media?parent=171977"}],"curies":[{"name":"wp","href":"https:\/\/api.w.org\/{rel}","templated":true}]}}