

{"id":6746,"date":"2023-10-16T16:54:52","date_gmt":"2023-10-16T19:54:52","guid":{"rendered":"https:\/\/siteshom.goias.gov.br\/abc\/?page_id=6746"},"modified":"2025-11-28T14:08:18","modified_gmt":"2025-11-28T17:08:18","slug":"institucional","status":"publish","type":"page","link":"https:\/\/goias.gov.br\/abc\/institucional\/","title":{"rendered":"Institucional"},"content":{"rendered":"\t\t<div data-elementor-type=\"wp-page\" data-elementor-id=\"6746\" class=\"elementor elementor-6746\">\n\t\t\t\t<div class=\"elementor-element elementor-element-d41bad3 e-flex e-con-boxed e-con e-parent\" data-id=\"d41bad3\" data-element_type=\"container\" data-e-type=\"container\">\n\t\t\t\t\t<div class=\"e-con-inner\">\n\t\t<div class=\"elementor-element elementor-element-de67b4c e-con-full e-flex e-con e-child\" data-id=\"de67b4c\" data-element_type=\"container\" data-e-type=\"container\">\n\t\t\t\t<div class=\"elementor-element elementor-element-5af670a elementor-widget elementor-widget-shortcode\" data-id=\"5af670a\" data-element_type=\"widget\" data-e-type=\"widget\" data-widget_type=\"shortcode.default\">\n\t\t\t\t\t\t\t<div class=\"elementor-shortcode\"><div data-post-id=\"14345\" class=\"insert-page insert-page-14345 \"><h1 class='insert-page-title'>Compet\u00eancias<\/h1><p>Segundo o estabelecido na\u00a0<a href=\"https:\/\/legisla.casacivil.go.gov.br\/pesquisa_legislacao\/106749\/lei-21792\" target=\"_blank\" rel=\"noopener\">Lei n\u00ba 21.792, de 16 de fevereiro de 2023,<\/a> e seus incisos:<\/p>\n<h4><span style=\"color: #008000;\">Art. 53. \u00c0 ABC competem <\/span><\/h4>\n<p>A execu\u00e7\u00e3o dos servi\u00e7os p\u00fablicos de radiodifus\u00e3o de sons e imagens das emissoras de propriedade do Estado, bem como a administra\u00e7\u00e3o da imprensa oficial do Estado e do seu sistema digital.<\/p>\n<h4><span style=\"color: revert; font-size: revert; font-weight: revert;\"><br \/>\n<span style=\"color: #008000;\">Mais Informa\u00e7\u00f5es<\/span><\/span><\/h4>\n<ul>\n<li><a href=\"https:\/\/goias.gov.br\/abc\/faq-abc\/\">Sobre a ABC<\/a><\/li>\n<li><a href=\"https:\/\/legisla.casacivil.go.gov.br\/api\/v2\/pesquisa\/legislacoes\/107799\/pdf\">Regulamento ABC<\/a><\/li>\n<\/ul>\n<ul class='post-meta'>\n<li><span class='post-meta-key'>rank_math_internal_links_processed:<\/span> 1<\/li>\n<li><span class='post-meta-key'>tpg-post-view-count:<\/span> 1307<\/li>\n<li><span class='post-meta-key'>footnotes:<\/span> <\/li>\n<li><span class='post-meta-key'>rank_math_seo_score:<\/span> 17<\/li>\n<li><span class='post-meta-key'>rank_math_primary_category:<\/span> 38<\/li>\n<\/ul>\n<\/div>\n\n<div data-post-id=\"14339\" class=\"insert-page insert-page-14339 \"><h1 class='insert-page-title'>Endere\u00e7os, Telefones, e-mails e Hor\u00e1rios de Atendimento<\/h1>\n<p>Av. Dep. Jamel Cec\u00edlio, Km 01 <br>Centro Cultural Oscar Niemeyer, 2\u00ba Andar<br>Ch\u00e1caras Alto da Gl\u00f3ria, Goi\u00e2nia\/GO \u2013 CEP: 74891-135<br>Atendimento: 08h \u00e0s 12h e 14h \u00e0s 18h<\/p>\n\n\n\n<p><strong>Atendimento ao Cidad\u00e3o<\/strong><br>E-mail:&nbsp;<a href=\"mailto:%20protocolo.ser@goias.gov.br\">protocolo.ser@goias.gov.br<\/a><br>Telefone: (62) 3235-3350<\/p>\n\n\n\n<p><strong>Ouvidoria Setorial<\/strong><br>E-mail:&nbsp;<a href=\"mailto:ouvidoria.abc@goias.gov.br\">ouvidoria.abc@goias.gov.br<\/a><br>Fone: (62) 99252-5383<\/p>\n\n\n\n<p><strong>Imprensa<\/strong><br>E-mail:&nbsp;<a href=\"maito: comunicacao.abc@goias.gov.br\">comunicacao.abc@goias.gov.br<\/a><br>Telefone: (62) 3201-7655<\/p>\n\n\n\n<h4 class=\"wp-block-heading\"><strong><span style=\"color: #008000;\"><br>Ag\u00eancia Brasil Central<\/span><\/strong><\/h4>\n\n\n\n<p><strong>Presid\u00eancia<br><\/strong>Telefone: (62) 3235-3376<br>Email:&nbsp;<a href=\"mailto:presidencia.abc@goias.gov.br\">presidencia.abc@goias.gov.br<\/a><\/p>\n\n\n\n<p><strong>Diretoria de Telerradiodifus\u00e3o, Imprensa Oficial e Site<br><\/strong>Telefone: (62) 3235-3360<br>Email:\u00a0<a href=\"mailto:mardem.costa@goias.gov.br\">mardem.costa@goias.gov.br<\/a><\/p>\n\n\n\n<p><strong>Diretoria de Gest\u00e3o Integrada<\/strong><br>Telefone: (62) 3235-3395<br>Email:&nbsp;<a href=\"mailto:gestao.abc@goias.gov.br\">gestao.abc@goias.gov.br<\/a><\/p>\n\n\n\n<p><strong>Procuradoria Setorial<br><\/strong>Telefone: (62) 3235-3355<br>Email:&nbsp;<a href=\"mailto:rogerio.soares@pge.go.gov.br\">rogerio.soares@pge.go.gov.br<\/a><\/p>\n\n\n\n<p><strong>Departamento Comercial<br><\/strong>Telefone: (62) 3235-3380<br>Email:&nbsp;<a href=\"mailto:comercial.abc@goias.gov.br\">comercial.abc@goias.gov.br<\/a><br><strong><br>ABC Digital<br><\/strong>Telefone: (62) 3235-3396<br>E-mail: <a href=\"mailto:abcdigital@goias.gov.br\">abcdigital@goias.gov.br<\/a><\/p>\n\n\n\n<h4 class=\"wp-block-heading\"><strong><span style=\"color: #008000;\"><br>TV Brasil Central<\/span><\/strong><\/h4>\n\n\n\n<p>Telefone: (62) 3235-3356 \/ 3235-3387 &#8211; <strong>Jornalismo<\/strong><br>Telefone: (62) 3201-7704 &#8211; <strong>Entretenimento<\/strong><br>E-mail: <a href=\"mailto:tvbrasilcentral@goias.gov.br\">tvbrasilcentral@goias.gov.br<\/a><br>Redes sociais: <a href=\"https:\/\/www.youtube.com\/tvbrasilcentral\" target=\"_blank\" rel=\"noopener\">Youtube<\/a>&nbsp;&#8211;&nbsp;<a href=\"https:\/\/www.instagram.com\/tvbrasilcentral\" target=\"_blank\" rel=\"noopener\">Instagram<\/a>&nbsp;&#8211;&nbsp;<a href=\"https:\/\/www.facebook.com\/tvbrasilcentral\" target=\"_blank\" rel=\"noopener\">Facebook<\/a>&nbsp;&#8211;&nbsp;<a href=\"https:\/\/www.twitter.com\/tvbrasilcentral\" target=\"_blank\" rel=\"noopener\">X<\/a><\/p>\n\n\n\n<h4 class=\"wp-block-heading\"><strong><span style=\"color: #008000;\"><br>R\u00e1dio Brasil Central AM &nbsp;<\/span><\/strong><\/h4>\n\n\n\n<p>Telefone: (62) 3235-3361<br>E-mail: <a href=\"mailto:radiobrasilcentral@goias.gov.br\">radiobrasilcentral@goias.gov.br<\/a><br>Redes sociais: <a href=\"https:\/\/www.instagram.com\/radiobrasilcentralam\" target=\"_blank\" rel=\"noopener\">Instagram<\/a>&nbsp;&#8211;&nbsp;<a href=\"https:\/\/www.facebook.com\/radiobrasilcentralam\" target=\"_blank\" rel=\"noopener\">Facebook<\/a><br><span style=\"color: #008000;\"><strong><br><\/strong><\/span><\/p>\n\n\n\n<h4 class=\"wp-block-heading\"><strong><span style=\"color: #008000;\">RBC FM&nbsp;<\/span><\/strong><\/h4>\n\n\n\n<p>Telefone: (62) 3282-8780<br>E-mail: <a href=\"mailto:rbcfm@goias.gov.br\">rbcfm@goias.gov.br<\/a><br>Redes sociais: <a href=\"https:\/\/www.instagram.com\/rbcfm90.1\" target=\"_blank\" rel=\"noopener\">Instagram<\/a>&nbsp;&#8211;&nbsp;<a href=\"https:\/\/www.facebook.com\/rbcfm90.1\" target=\"_blank\" rel=\"noopener\">Facebook<\/a><\/p>\n\n\n\n<h4 class=\"wp-block-heading\"><strong><span style=\"color: #008000;\"><br>Imprensa Oficial<\/span><\/strong><\/h4>\n\n\n\n<p>Telefone: (62) 3235-3358 \/ 3235-3359<br>E-mail:&nbsp;<a href=\"mailto:diariooficial@goias.gov.br\">diariooficial@goias.gov.br<\/a><br>Site: <a href=\"https:\/\/www.diariooficial.abc.go.gov.br\" target=\"_blank\" rel=\"noopener\">Di\u00e1rio Oficial do Estado de Goi\u00e1s<\/a><\/p>\n<ul class='post-meta'>\n<li><span class='post-meta-key'>rank_math_internal_links_processed:<\/span> 1<\/li>\n<li><span class='post-meta-key'>tpg-post-view-count:<\/span> 1178<\/li>\n<li><span class='post-meta-key'>footnotes:<\/span> <\/li>\n<li><span class='post-meta-key'>rank_math_seo_score:<\/span> 13<\/li>\n<li><span class='post-meta-key'>rank_math_primary_category:<\/span> 38<\/li>\n<\/ul>\n<\/div><\/div>\n\t\t\t\t\t\t<\/div>\n\t\t\t\t<\/div>\n\t\t<div class=\"elementor-element elementor-element-9136d42 e-con-full e-flex e-con e-child\" data-id=\"9136d42\" data-element_type=\"container\" data-e-type=\"container\">\n\t\t\t\t<div class=\"elementor-element elementor-element-c0a9b61 elementor-widget elementor-widget-heading\" data-id=\"c0a9b61\" data-element_type=\"widget\" data-e-type=\"widget\" data-widget_type=\"heading.default\">\n\t\t\t\t\t<h3 class=\"elementor-heading-title elementor-size-default\">Presidente<\/h3>\t\t\t\t<\/div>\n\t\t\t\t<div class=\"elementor-element elementor-element-b4a129c elementor-widget elementor-widget-shortcode\" data-id=\"b4a129c\" data-element_type=\"widget\" data-e-type=\"widget\" data-widget_type=\"shortcode.default\">\n\t\t\t\t\t\t\t<div class=\"elementor-shortcode\"><div data-post-id=\"55073\" class=\"insert-page insert-page-55073 \">\n<figure class=\"wp-block-image \\&quot;wp-block-image\\&quot;\"><img decoding=\"async\" src=\"https:\/\/goias.gov.br\/abc\/wp-content\/uploads\/sites\/23\/2018\/07\/REGINALDO_JR-541.png\" alt=\"\\&quot;\\&quot;\" title=\"\\&quot;\\&quot;\/\"\/><\/figure>\n\n\n\n<p><strong>REGINALDO ALVES DA N\u00d3BREGA J\u00daNIOR<br>Presidente da Ag\u00eancia Brasil Central<\/strong><\/p>\n\n\n\n<p>Natural de Goi\u00e2nia, 45 anos, Reginaldo Alves da N\u00f3brega Junior ocupa o cargo de presidente da Ag\u00eancia Brasil Central desde 13 de agosto de 2020, por indica\u00e7\u00e3o do Exmo. Sr. Governador Ronaldo Caiado.<\/p>\n\n\n\n<p><strong>CURR\u00cdCULO PROFISSIONAL<\/strong><\/p>\n\n\n\n<p>Reginaldo Junior atua na \u00e1rea de comunica\u00e7\u00e3o desde o in\u00edcio dos 2000, quando iniciou sua trajet\u00f3ria na TV Brasil Central como produtor de est\u00fadio do jornalista Paulo Beringhs, que foi apresentador da TBC e diretor de Telerradiodifus\u00e3o da ent\u00e3o Ag\u00eancia Goiana de Comunica\u00e7\u00e3o \u2013 hoje Ag\u00eancia Brasil Central &#8211; de 2001 a 2002.<\/p>\n\n\n\n<p>Em seguida ajudou a fundar e foi diretor da produtora Conceito Produ\u00e7\u00f5es e Eventos Jornal\u00edsticos, respons\u00e1vel pela realiza\u00e7\u00e3o dos programas independentes apresentados por Paulo Beringhs nas TVs Brasil Central, Goi\u00e2nia e Record ao longo de duas d\u00e9cadas.<\/p>\n\n\n\n<p>Ap\u00f3s anos fora do meio p\u00fablico, atuou como secret\u00e1rio de Televis\u00e3o da Assembleia Legislativa de Goi\u00e1s (Alego) de 2019 a 2020, a convite de Lissauer Vieira, ex-deputado estadual e ent\u00e3o presidente da Alego.<\/p>\n\n\n\n<p><a href=\"https:\/\/goias.gov.br\/abc\/historico-de-presidentes\/\" data-type=\"post\" data-id=\"14348\">Conhe\u00e7a tamb\u00e9m o hist\u00f3rico de presidentes da Ag\u00eancia Brasil Central<\/a><\/p>\n\n\n\n<p><\/p>\n<\/div>\n\n<div data-post-id=\"14347\" class=\"insert-page insert-page-14347 \"><h1 class='insert-page-title'>Estrutura Organizacional<\/h1>\n<figure class=\"wp-block-image size-full\"><a href=\"https:\/\/goias.gov.br\/administracao\/wp-content\/uploads\/sites\/27\/files\/\/GMO\/ABC.pdf\"><img fetchpriority=\"high\" fetchpriority=\"high\" decoding=\"async\" width=\"3308\" height=\"2339\" src=\"https:\/\/goias.gov.br\/abc\/wp-content\/uploads\/sites\/23\/2018\/07\/ABC-1.png\" alt=\"\" class=\"wp-image-23490\"\/><\/a><\/figure>\n\n\n<p><span style=\"font-size: revert; color: initial;\">Fonte: \u00a0<\/span><a style=\"font-size: revert;\" href=\"https:\/\/legisla.casacivil.go.gov.br\/pesquisa_legislacao\/106749\/lei-21792\" target=\"_blank\" rel=\"noopener\">Lei n\u00ba 21.792, de 16 de fevereiro de 2023<\/a><\/p>\n<p>Saiba quem s\u00e3o nossos servidores e as fun\u00e7\u00f5es que exercem:<\/p>\n<ul>\n<li><a href=\"\/abc\/cargos-e-seus-ocupantes\/\">Cargos e seus ocupantes<\/a><\/li>\n<\/ul>\n<h4 class=\"nomarginbottom\"><span style=\"color: #008000;\">A Ag\u00eancia Brasil Central \u00e9 jurisdicionada a Secretaria de Estado de Comunica\u00e7\u00e3o (Secom):<br \/><br \/><\/span><\/h4>\n<ul>\n<li class=\"nomarginbottom\"><a href=\"https:\/\/www.goias.gov.br\/comunicacao\">Secretaria de Estado de Comunica\u00e7\u00e3o<\/a><\/li>\n<\/ul><ul class='post-meta'>\n<li><span class='post-meta-key'>rank_math_internal_links_processed:<\/span> 1<\/li>\n<li><span class='post-meta-key'>tpg-post-view-count:<\/span> 229<\/li>\n<li><span class='post-meta-key'>rank_math_seo_score:<\/span> 18<\/li>\n<li><span class='post-meta-key'>rank_math_primary_category:<\/span> 38<\/li>\n<li><span class='post-meta-key'>rank_math_og_content_image:<\/span> a:2:{s:5:\"check\";s:32:\"ef93bf5eb3703a138459724fce3935c3\";s:6:\"images\";a:1:{i:0;i:23490;}}<\/li>\n<\/ul>\n<\/div>\n\n<\/div>\n\t\t\t\t\t\t<\/div>\n\t\t\t\t<\/div>\n\t\t\t\t\t<\/div>\n\t\t\t\t<\/div>\n\t\t\t\t<\/div>\n\t\t","protected":false},"excerpt":{"rendered":"<p>Presidente<\/p>\n","protected":false},"author":222,"featured_media":0,"parent":0,"menu_order":0,"comment_status":"closed","ping_status":"closed","template":"wppb_theme_template","meta":{"footnotes":""},"class_list":["post-6746","page","type-page","status-publish","hentry"],"rttpg_featured_image_url":null,"rttpg_author":{"display_name":"diegomsilva","author_link":"https:\/\/goias.gov.br\/abc\/author\/diegomsilva\/"},"rttpg_comment":0,"rttpg_category":"","rttpg_excerpt":"Presidente","_links":{"self":[{"href":"https:\/\/goias.gov.br\/abc\/wp-json\/wp\/v2\/pages\/6746","targetHints":{"allow":["GET"]}}],"collection":[{"href":"https:\/\/goias.gov.br\/abc\/wp-json\/wp\/v2\/pages"}],"about":[{"href":"https:\/\/goias.gov.br\/abc\/wp-json\/wp\/v2\/types\/page"}],"author":[{"embeddable":true,"href":"https:\/\/goias.gov.br\/abc\/wp-json\/wp\/v2\/users\/222"}],"replies":[{"embeddable":true,"href":"https:\/\/goias.gov.br\/abc\/wp-json\/wp\/v2\/comments?post=6746"}],"version-history":[{"count":2,"href":"https:\/\/goias.gov.br\/abc\/wp-json\/wp\/v2\/pages\/6746\/revisions"}],"predecessor-version":[{"id":124716,"href":"https:\/\/goias.gov.br\/abc\/wp-json\/wp\/v2\/pages\/6746\/revisions\/124716"}],"wp:attachment":[{"href":"https:\/\/goias.gov.br\/abc\/wp-json\/wp\/v2\/media?parent=6746"}],"curies":[{"name":"wp","href":"https:\/\/api.w.org\/{rel}","templated":true}]}}