

{"id":39786,"date":"2024-10-28T16:09:34","date_gmt":"2024-10-28T19:09:34","guid":{"rendered":"https:\/\/goias.gov.br\/abc\/?page_id=39786"},"modified":"2025-02-20T10:16:45","modified_gmt":"2025-02-20T13:16:45","slug":"manuais-sobre-rotinas-administrativas","status":"publish","type":"page","link":"https:\/\/goias.gov.br\/abc\/manuais-sobre-rotinas-administrativas\/","title":{"rendered":"Manuais sobre rotinas administrativas"},"content":{"rendered":"\n<ol class=\"wp-block-list\">\n<li><a href=\"https:\/\/goias.gov.br\/abc\/wp-content\/uploads\/sites\/23\/2024\/10\/1._GRG_e_FCRG___Manual_da_Rede_Padrao.pdf\" target=\"_blank\" rel=\"noreferrer noopener\">GRG e FCRG<\/a><\/li>\n\n\n\n<li><a href=\"https:\/\/goias.gov.br\/abc\/wp-content\/uploads\/sites\/23\/2024\/10\/2._Assistencia_Pre_escolar___Manual_da_Rede_Padrao.pdf\" target=\"_blank\" rel=\"noreferrer noopener\">Assist\u00eancia pr\u00e9-escolar<\/a><\/li>\n\n\n\n<li><a href=\"https:\/\/goias.gov.br\/abc\/wp-content\/uploads\/sites\/23\/2024\/10\/3._Licenca_Premio___Manual_da_Rede_Padrao-2024.pdf\" target=\"_blank\" rel=\"noreferrer noopener\">Licen\u00e7a pr\u00eamio<\/a><\/li>\n\n\n\n<li><a href=\"https:\/\/goias.gov.br\/abc\/wp-content\/uploads\/sites\/23\/2024\/10\/4._Auxilio_funeral___Manual_da_Rede_Padrao.pdf\" target=\"_blank\" rel=\"noreferrer noopener\">Aux\u00edlio funeral<\/a><\/li>\n\n\n\n<li><a href=\"https:\/\/goias.gov.br\/abc\/wp-content\/uploads\/sites\/23\/2024\/10\/5._Licenca_capacitacao___Manual_da_Rede_Padrao-2024.pdf\" target=\"_blank\" rel=\"noreferrer noopener\">Licen\u00e7a para capacita\u00e7\u00e3o<\/a><\/li>\n\n\n\n<li><a href=\"https:\/\/goias.gov.br\/abc\/wp-content\/uploads\/sites\/23\/2024\/10\/6._Licenca_para_tratar_de_interesses_particulares___Manual_da_Rede_Padrao.pdf\" target=\"_blank\" rel=\"noreferrer noopener\">Licen\u00e7a para tratar de interesses particulares<\/a><\/li>\n\n\n\n<li><a href=\"https:\/\/goias.gov.br\/abc\/wp-content\/uploads\/sites\/23\/2024\/10\/7._Reducao_de_jornada_de_trabalho_com_redutor_de_remuneracao___Manual_da_Rede_Padrao.pdf\" target=\"_blank\" rel=\"noreferrer noopener\">Redu\u00e7\u00e3o de jornada de trabalho com redutor de remunera\u00e7\u00e3o<\/a><\/li>\n\n\n\n<li><a href=\"https:\/\/goias.gov.br\/abc\/wp-content\/uploads\/sites\/23\/2024\/10\/8._Vacancia_para_assumir_cargo_inacumulavel___Manual_da_Rede_Padrao.pdf\" target=\"_blank\" rel=\"noreferrer noopener\">Vac\u00e2ncia para assumir cargo inacumul\u00e1vel<br><\/a>8.1 <a href=\"https:\/\/goias.gov.br\/abc\/wp-content\/uploads\/sites\/23\/2024\/10\/8.1_Vacancia_para_assumir_cargo_inacumulavel_2__edicao___Manual_da_Rede_Padrao.pdf\" target=\"_blank\" rel=\"noreferrer noopener\">Vac\u00e2ncia para assumir cargo inacumul\u00e1vel (2\u00aa Edi\u00e7\u00e3o)<\/a><\/li>\n\n\n\n<li><a href=\"https:\/\/goias.gov.br\/abc\/wp-content\/uploads\/sites\/23\/2024\/10\/09._Desincompatibilizacao_e_Licenca_por_atividade_politica___Manual_da_Rede_Padrao.pdf\" target=\"_blank\" rel=\"noreferrer noopener\">Desincompatibiliza\u00e7\u00e3o e licen\u00e7a por atividade pol\u00edtica<\/a><\/li>\n\n\n\n<li><a href=\"https:\/\/goias.gov.br\/abc\/wp-content\/uploads\/sites\/23\/2024\/10\/10._Licenca_paternidade___Manual_da_Rede_Padrao.pdf\" target=\"_blank\" rel=\"noreferrer noopener\">Licen\u00e7a paternidade<\/a><\/li>\n\n\n\n<li><a href=\"https:\/\/goias.gov.br\/abc\/wp-content\/uploads\/sites\/23\/2024\/10\/11._Estagio_nao_obrigatorio_Livre_selecao_Processo_Seletivo_SEAD___Manual_da_Rede_Padrao.pdf\" target=\"_blank\" rel=\"noreferrer noopener\">Est\u00e1gio n\u00e3o obrigat\u00f3rio, Livre Sele\u00e7\u00e3o, Processo Seletivo SEAD<\/a><\/li>\n\n\n\n<li><a href=\"https:\/\/goias.gov.br\/abc\/wp-content\/uploads\/sites\/23\/2024\/10\/12._Ferias___Manual_da_Rede_Padrao.pdf\" target=\"_blank\" rel=\"noreferrer noopener\">F\u00e9rias<\/a><\/li>\n\n\n\n<li><a href=\"https:\/\/goias.gov.br\/abc\/wp-content\/uploads\/sites\/23\/2024\/10\/13._Licenca_por_motivo_de_afastamento_do_conjuge___Manual_da_Rede_Padrao.pdf\" target=\"_blank\" rel=\"noreferrer noopener\">Licen\u00e7a por motivo de afastamento do c\u00f4njuge<\/a><\/li>\n\n\n\n<li><a href=\"https:\/\/goias.gov.br\/abc\/wp-content\/uploads\/sites\/23\/2024\/10\/14._Inclusao_e_Encerramento_nos_Sistemas_de_Frequencia___Manual_da_Rede_Padrao.pdf\" target=\"_blank\" rel=\"noreferrer noopener\">Inclus\u00e3o e encerramento de cadastro nos Sistemas de Frequ\u00eancia<\/a><\/li>\n\n\n\n<li><a href=\"https:\/\/goias.gov.br\/abc\/wp-content\/uploads\/sites\/23\/2024\/10\/15._Lotacao_de_servidor___Manual_da_Rede_Padrao.pdf\">Lota\u00e7\u00e3o de servidor<br><\/a>15.1 <a href=\"https:\/\/goias.gov.br\/abc\/wp-content\/uploads\/sites\/23\/2024\/10\/15.1_Lotacao_de_servidor_2__edicao___Manual_da_Rede_Padrao.pdf\">Lota\u00e7\u00e3o de servidor (2\u00aa edi\u00e7\u00e3o)<\/a><\/li>\n\n\n\n<li><a href=\"https:\/\/goias.gov.br\/abc\/wp-content\/uploads\/sites\/23\/2024\/10\/16._Indenizacao_de_ferias_cargos_da_estrutura_basica_e_complementar.pdf\">Indeniza\u00e7\u00e3o de excedente de f\u00e9rias de ocupantes de cargo da estrutura b\u00e1sica ou complementar<\/a><\/li>\n\n\n\n<li><a href=\"https:\/\/goias.gov.br\/abc\/wp-content\/uploads\/sites\/23\/2024\/10\/17._Licenca_Maternidade___Manual_da_Rede_Padrao.pdf\" target=\"_blank\" rel=\"noreferrer noopener\">Licen\u00e7a-maternidade<\/a><\/li>\n\n\n\n<li><a href=\"https:\/\/goias.gov.br\/abc\/wp-content\/uploads\/sites\/23\/2024\/10\/18._Averbacao_e_Desaverbacao_de_tempo_de_contribuicao_Modelo_Rede_Padrao.pdf\" target=\"_blank\" rel=\"noreferrer noopener\">Averba\u00e7\u00e3o e Desaverba\u00e7\u00e3o de tempo de contribui\u00e7\u00e3o<\/a><\/li>\n\n\n\n<li><a href=\"https:\/\/goias.gov.br\/abc\/wp-content\/uploads\/sites\/23\/2024\/10\/19._Vale_transporte_Celetista___Manual_da_Rede_Padrao.pdf\" target=\"_blank\" rel=\"noreferrer noopener\">Vale-transporte para celetista<\/a><\/li>\n\n\n\n<li><a href=\"https:\/\/goias.gov.br\/abc\/wp-content\/uploads\/sites\/23\/2025\/02\/20._Tratamento_continuo___Modelo_da_Rede_Padrao.pdf\" target=\"_blank\" data-type=\"link\" data-id=\"https:\/\/goias.gov.br\/abc\/wp-content\/uploads\/sites\/23\/2025\/02\/20._Tratamento_continuo___Modelo_da_Rede_Padrao.pdf\" rel=\"noreferrer noopener\">Tratamento de\u00a0sa\u00fade\u00a0cont\u00ednuo<\/a><\/li>\n<\/ol>\n\n\n\n<p><\/p>\n","protected":false},"excerpt":{"rendered":"","protected":false},"author":376,"featured_media":0,"parent":0,"menu_order":0,"comment_status":"closed","ping_status":"closed","template":"","meta":{"footnotes":""},"class_list":["post-39786","page","type-page","status-publish","hentry"],"rttpg_featured_image_url":null,"rttpg_author":{"display_name":"jorgeluiznascimento","author_link":"https:\/\/goias.gov.br\/abc\/author\/jorgeluiznascimento\/"},"rttpg_comment":0,"rttpg_category":null,"rttpg_excerpt":null,"_links":{"self":[{"href":"https:\/\/goias.gov.br\/abc\/wp-json\/wp\/v2\/pages\/39786","targetHints":{"allow":["GET"]}}],"collection":[{"href":"https:\/\/goias.gov.br\/abc\/wp-json\/wp\/v2\/pages"}],"about":[{"href":"https:\/\/goias.gov.br\/abc\/wp-json\/wp\/v2\/types\/page"}],"author":[{"embeddable":true,"href":"https:\/\/goias.gov.br\/abc\/wp-json\/wp\/v2\/users\/376"}],"replies":[{"embeddable":true,"href":"https:\/\/goias.gov.br\/abc\/wp-json\/wp\/v2\/comments?post=39786"}],"version-history":[{"count":2,"href":"https:\/\/goias.gov.br\/abc\/wp-json\/wp\/v2\/pages\/39786\/revisions"}],"predecessor-version":[{"id":59162,"href":"https:\/\/goias.gov.br\/abc\/wp-json\/wp\/v2\/pages\/39786\/revisions\/59162"}],"wp:attachment":[{"href":"https:\/\/goias.gov.br\/abc\/wp-json\/wp\/v2\/media?parent=39786"}],"curies":[{"name":"wp","href":"https:\/\/api.w.org\/{rel}","templated":true}]}}

<ol class="wp-block-list">
<li><a href="https://goias.gov.br/abc/wp-content/uploads/sites/23/2024/10/1._GRG_e_FCRG___Manual_da_Rede_Padrao.pdf" target="_blank" rel="noreferrer noopener">GRG e FCRG</a></li>



<li><a href="https://goias.gov.br/abc/wp-content/uploads/sites/23/2024/10/2._Assistencia_Pre_escolar___Manual_da_Rede_Padrao.pdf" target="_blank" rel="noreferrer noopener">Assistência pré-escolar</a></li>



<li><a href="https://goias.gov.br/abc/wp-content/uploads/sites/23/2024/10/3._Licenca_Premio___Manual_da_Rede_Padrao-2024.pdf" target="_blank" rel="noreferrer noopener">Licença prêmio</a></li>



<li><a href="https://goias.gov.br/abc/wp-content/uploads/sites/23/2024/10/4._Auxilio_funeral___Manual_da_Rede_Padrao.pdf" target="_blank" rel="noreferrer noopener">Auxílio funeral</a></li>



<li><a href="https://goias.gov.br/abc/wp-content/uploads/sites/23/2024/10/5._Licenca_capacitacao___Manual_da_Rede_Padrao-2024.pdf" target="_blank" rel="noreferrer noopener">Licença para capacitação</a></li>



<li><a href="https://goias.gov.br/abc/wp-content/uploads/sites/23/2024/10/6._Licenca_para_tratar_de_interesses_particulares___Manual_da_Rede_Padrao.pdf" target="_blank" rel="noreferrer noopener">Licença para tratar de interesses particulares</a></li>



<li><a href="https://goias.gov.br/abc/wp-content/uploads/sites/23/2024/10/7._Reducao_de_jornada_de_trabalho_com_redutor_de_remuneracao___Manual_da_Rede_Padrao.pdf" target="_blank" rel="noreferrer noopener">Redução de jornada de trabalho com redutor de remuneração</a></li>



<li><a href="https://goias.gov.br/abc/wp-content/uploads/sites/23/2024/10/8._Vacancia_para_assumir_cargo_inacumulavel___Manual_da_Rede_Padrao.pdf" target="_blank" rel="noreferrer noopener">Vacância para assumir cargo inacumulável<br></a>8.1 <a href="https://goias.gov.br/abc/wp-content/uploads/sites/23/2024/10/8.1_Vacancia_para_assumir_cargo_inacumulavel_2__edicao___Manual_da_Rede_Padrao.pdf" target="_blank" rel="noreferrer noopener">Vacância para assumir cargo inacumulável (2ª Edição)</a></li>



<li><a href="https://goias.gov.br/abc/wp-content/uploads/sites/23/2024/10/09._Desincompatibilizacao_e_Licenca_por_atividade_politica___Manual_da_Rede_Padrao.pdf" target="_blank" rel="noreferrer noopener">Desincompatibilização e licença por atividade política</a></li>



<li><a href="https://goias.gov.br/abc/wp-content/uploads/sites/23/2024/10/10._Licenca_paternidade___Manual_da_Rede_Padrao.pdf" target="_blank" rel="noreferrer noopener">Licença paternidade</a></li>



<li><a href="https://goias.gov.br/abc/wp-content/uploads/sites/23/2024/10/11._Estagio_nao_obrigatorio_Livre_selecao_Processo_Seletivo_SEAD___Manual_da_Rede_Padrao.pdf" target="_blank" rel="noreferrer noopener">Estágio não obrigatório, Livre Seleção, Processo Seletivo SEAD</a></li>



<li><a href="https://goias.gov.br/abc/wp-content/uploads/sites/23/2024/10/12._Ferias___Manual_da_Rede_Padrao.pdf" target="_blank" rel="noreferrer noopener">Férias</a></li>



<li><a href="https://goias.gov.br/abc/wp-content/uploads/sites/23/2024/10/13._Licenca_por_motivo_de_afastamento_do_conjuge___Manual_da_Rede_Padrao.pdf" target="_blank" rel="noreferrer noopener">Licença por motivo de afastamento do cônjuge</a></li>



<li><a href="https://goias.gov.br/abc/wp-content/uploads/sites/23/2024/10/14._Inclusao_e_Encerramento_nos_Sistemas_de_Frequencia___Manual_da_Rede_Padrao.pdf" target="_blank" rel="noreferrer noopener">Inclusão e encerramento de cadastro nos Sistemas de Frequência</a></li>



<li><a href="https://goias.gov.br/abc/wp-content/uploads/sites/23/2024/10/15._Lotacao_de_servidor___Manual_da_Rede_Padrao.pdf">Lotação de servidor<br></a>15.1 <a href="https://goias.gov.br/abc/wp-content/uploads/sites/23/2024/10/15.1_Lotacao_de_servidor_2__edicao___Manual_da_Rede_Padrao.pdf">Lotação de servidor (2ª edição)</a></li>



<li><a href="https://goias.gov.br/abc/wp-content/uploads/sites/23/2024/10/16._Indenizacao_de_ferias_cargos_da_estrutura_basica_e_complementar.pdf">Indenização de excedente de férias de ocupantes de cargo da estrutura básica ou complementar</a></li>



<li><a href="https://goias.gov.br/abc/wp-content/uploads/sites/23/2024/10/17._Licenca_Maternidade___Manual_da_Rede_Padrao.pdf" target="_blank" rel="noreferrer noopener">Licença-maternidade</a></li>



<li><a href="https://goias.gov.br/abc/wp-content/uploads/sites/23/2024/10/18._Averbacao_e_Desaverbacao_de_tempo_de_contribuicao_Modelo_Rede_Padrao.pdf" target="_blank" rel="noreferrer noopener">Averbação e Desaverbação de tempo de contribuição</a></li>



<li><a href="https://goias.gov.br/abc/wp-content/uploads/sites/23/2024/10/19._Vale_transporte_Celetista___Manual_da_Rede_Padrao.pdf" target="_blank" rel="noreferrer noopener">Vale-transporte para celetista</a></li>



<li><a href="https://goias.gov.br/abc/wp-content/uploads/sites/23/2025/02/20._Tratamento_continuo___Modelo_da_Rede_Padrao.pdf" target="_blank" data-type="link" data-id="https://goias.gov.br/abc/wp-content/uploads/sites/23/2025/02/20._Tratamento_continuo___Modelo_da_Rede_Padrao.pdf" rel="noreferrer noopener">Tratamento de saúde contínuo</a></li>
</ol>



<p></p>
